000
CXUS55 KRIW 011010
CF6BPI
PRELIMINARY LOCAL CLIMATOLOGICAL DATA (WS FORM: F-6)
STATION: BIG PINEY WY
MONTH: MAY
YEAR: 2021
LATITUDE: 42 34 N
LONGITUDE: 110 6 W
TEMPERATURE IN F: :PCPN: SNOW: WIND :SUNSHINE: SKY :PK WND
================================================================================
1 2 3 4 5 6A 6B 7 8 9 10 11 12 13 14 15 16 17 18
12Z AVG MX 2MIN
DY MAX MIN AVG DEP HDD CDD WTR SNW DPTH SPD SPD DIR MIN PSBL S-S WX SPD DR
================================================================================
1 67 40 54 14 11 0 T M M 13.6 32 320 M M 5 44 320
2 58 32 45 4 20 0 T M M 10.8 26 350 M M 6 3 33 350
3 47 32 40 -1 25 0 0.09 M M 7.2 20 270 M M 10 1 26 270
4 53 32 43 2 22 0 T M M 7.9 25 290 M M 8 1 35 310
5 59 26 43 1 22 0 0.01 M M 8.7 20 340 M M 1 1 30 320
6 73 20 47 5 18 0 0.00 M M 6.2 21 310 M M 1 31 280
7 76 29 53 11 12 0 T M M 11.7 30 330 M M 3 50 340
8 49 20 35 -8 30 0 0.00 M M 13.6 28 310 M M 3 37 300
9 49 14 32 -11 33 0 0.00 M M 7.7 22 340 M M 3 27 340
10 48 29 39 -4 26 0 0.05 M M 6.4 20 290 M M 9 123 24 300
11 48 27 38 -6 27 0 0.02 M M 6.7 25 290 M M 5 1 34 320
12 61 21 41 -3 24 0 0.00 M M 4.7 15 310 M M 2 24 300
13 68 27 48 4 17 0 0.00 M M 8.7 23 340 M M 3 37 330
14 69 33 51 6 14 0 0.00 M M 9.5 20 270 M M 3 32 270
15 64 36 50 5 15 0 0.09 M M 7.3 23 340 M M 5 1 40 30
16 68 31 50 4 15 0 0.04 M M 8.8 38 180 M M 2 3 55 190
17 70 34 52 6 13 0 T M M 6.0 17 290 M M 2 33 200
18 72 35 54 8 11 0 0.00 M M 10.9 21 330 M M 1 40 350
19 73 32 53 7 12 0 0.02 M M 8.1 43 260 M M 2 3 55 260
20 72 32 52 5 13 0 T M M 9.5 25 200 M M 2 37 220
21 59 39 49 2 16 0 0.04 M M 15.3 36 140 M M 8 46 130
22 63 36 50 3 15 0 0.05 M M 14.2 36 170 M M 5 13 50 200
23 51 32 42 -6 23 0 0.01 M M 14.3 33 270 M M 6 1 44 260
24 54 33 44 -4 21 0 T M M 12.3 26 280 M M 7 40 290
25 63 30 47 -1 18 0 T M M 6.3 35 230 M M 6 44 230
26 60 34 47 -2 18 0 0.02 M M 10.5 29 260 M M 5 1 41 260
27 68 28 48 -1 17 0 0.00 M M 6.2 16 260 M M 0 22 250
28 70 30 50 1 15 0 0.00 M M 9.1 35 260 M M 2 45 260
29 70 24 47 -3 18 0 0.00 M M 7.2 20 360 M M 0 28 300
30 69 32 51 1 14 0 T M M 5.2 28 140 M M 1 3 41 140
31 73 31 52 2 13 0 0.00 M M 6.7 23 300 M M 1 29 290
================================================================================
SM 1944 931 568 0 0.44 M 281.3 M 117
================================================================================
AV 62.7 30.0 9.1 FASTST M M 4 MAX(MPH)
MISC ----> 43 260 # 55 190
================================================================================
NOTES:
# LAST OF SEVERAL OCCURRENCES
COLUMN 17 PEAK WIND IN M.P.H.
PRELIMINARY LOCAL CLIMATOLOGICAL DATA (WS FORM: F-6) , PAGE 2
STATION: BIG PINEY WY
MONTH: MAY
YEAR: 2021
LATITUDE: 42 34 N
LONGITUDE: 110 6 W
[TEMPERATURE DATA] [PRECIPITATION DATA] SYMBOLS USED IN COLUMN 16
AVERAGE MONTHLY: 46.4 TOTAL FOR MONTH: 0.44 1 = FOG OR MIST
DPTR FM NORMAL: 1.1 DPTR FM NORMAL: -0.78 2 = FOG REDUCING VISIBILITY
HIGHEST: 76 ON 7 GRTST 24HR 0.09 ON 3- 3 TO 1/4 MILE OR LESS
LOWEST: 14 ON 9 3 = THUNDER
SNOW, ICE PELLETS, HAIL 4 = ICE PELLETS
TOTAL MONTH: M 5 = HAIL
GRTST 24HR M ON M 6 = FREEZING RAIN OR DRIZZLE
GRTST DEPTH: M ON M 7 = DUSTSTORM OR SANDSTORM:
VSBY 1/2 MILE OR LESS
8 = SMOKE OR HAZE
[NO. OF DAYS WITH] [WEATHER - DAYS WITH] 9 = BLOWING SNOW
X = TORNADO
MAX 32 OR BELOW: 0 0.01 INCH OR MORE: 11
MAX 90 OR ABOVE: 0 0.10 INCH OR MORE: 0
MIN 32 OR BELOW: 22 0.50 INCH OR MORE: 0
MIN 0 OR BELOW: 0 1.00 INCH OR MORE: 0
[HDD (BASE 65) ]
TOTAL THIS MO. 568 CLEAR (SCALE 0-3) 16
DPTR FM NORMAL -41 PTCLDY (SCALE 4-7) 12
TOTAL FM JUL 1 9561 CLOUDY (SCALE 8-10) 3
DPTR FM NORMAL -519
[CDD (BASE 65) ]
TOTAL THIS MO. 0
DPTR FM NORMAL 0 [PRESSURE DATA]
TOTAL FM JAN 1 0 HIGHEST SLP 30.30 ON 12
DPTR FM NORMAL 0 LOWEST SLP 29.42 ON 20
[REMARKS]
#FINAL-05-21#