000
CXUS54 KLZK 011130
CF6BPK
PRELIMINARY LOCAL CLIMATOLOGICAL DATA (WS FORM: F-6)
STATION: MOUNTAIN HOME AIRPORT
MONTH: JUNE
YEAR: 2021
LATITUDE: 36 22 N
LONGITUDE: 92 28 W
TEMPERATURE IN F: :PCPN: SNOW: WIND :SUNSHINE: SKY :PK WND
================================================================================
1 2 3 4 5 6A 6B 7 8 9 10 11 12 13 14 15 16 17 18
12Z AVG MX 2MIN
DY MAX MIN AVG DEP HDD CDD WTR SNW DPTH SPD SPD DIR MIN PSBL S-S WX SPD DR
================================================================================
1 63 57 60 -12 5 0 1.36 M M 6.1 13 120 M M 10 1 18 130
2 68 61 65 -7 0 0 0.06 M M 1.1 7 340 M M 9 1 11 350
3 78 60 69 -3 0 4 0.00 M M 1.8 7 260 M M 6 1 11 20
4 83 57 70 -2 0 5 0.00 M M 1.7 8 180 M M 1 12 10 170
5 82 60 71 -2 0 6 0.06 M M 3.3 10 210 M M 3 1 17 190
6 81 66 74 1 0 9 0.09 M M 6.1 16 160 M M 6 13 20 190
7 80 65 73 0 0 8 T M M 5.4 15 150 M M 6 3 20 150
8 79 66 73 -1 0 8 0.00 M M 3.8 9 140 M M 6 1 13 200
9 88 66 77 3 0 12 0.02 M M 1.3 7 210 M M 4 123 M M
10 91 71 81 7 0 16 0.00 0.0 0 0.9 8 120 M M 4 12 10 130
11 91 68 80 6 0 15 0.21 0.0 0 2.6 18 210 M M 3 13 36 360
12 94 67 81 7 0 16 0.00 0.0 0 2.3 9 300 M M 1 17 330
13 89 68 79 4 0 14 0.00 0.0 0 2.4 13 80 M M 1 16 70
14 90 63 77 2 0 12 0.00 0.0 0 0.7 7 300 M M 0 10 310
15 90 67 79 4 0 14 0.00 0.0 0 2.8 7 90 M M 1 M M
16 91 67 79 3 0 14 0.00 M M 2.3 9 180 M M 2 11 200
17 93 71 82 6 0 17 T M M 3.4 9 220 M M 1 13 220
18 92 73 83 7 0 18 0.00 M M 5.9 13 210 M M 0 17 200
19 88 68 78 2 0 13 0.00 M M 4.2 10 200 M M 0 15 220
20 90 67 79 3 0 14 0.00 0.0 0 6.1 17 220 M M 0 24 210
21 78 56 67 -10 0 2 0.55 0.0 0 2.7 15 10 M M 4 13 28 10
22 78 51 65 -12 0 0 0.00 0.0 0 2.3 10 180 M M 2 12 14 170
23 83 56 70 -7 0 5 0.00 0.0 0 6.1 13 190 M M 0 18 190
24 89 66 78 1 0 13 0.00 0.0 0 7.1 14 190 M M 2 19 210
25 92 76 84 7 0 19 0.00 0.0 0 9.0 14 210 M M 2 23 210
26 90 76 83 5 0 18 0.00 0.0 0 9.6 18 220 M M 3 25 220
27 89 72 81 3 0 16 T 0.0 0 5.4 12 200 M M 4 3 16 200
28 89 69 79 1 0 14 T 0.0 0 4.5 15 170 M M 2 20 190
29 92 70 81 3 0 16 0.00 M M 3.4 10 150 M M 1 12 210
30 88 70 79 1 0 14 0.89 M M 2.4 15 280 M M 1 123 22 300
================================================================================
SM 2569 1970 5 332 3.24 0.0 116.7 M 85
================================================================================
AV 85.6 65.7 3.9 FASTST M M 3 MAX(MPH)
MISC ----> # 18 210 36 360
================================================================================
NOTES:
# LAST OF SEVERAL OCCURRENCES
COLUMN 17 PEAK WIND IN M.P.H.
PRELIMINARY LOCAL CLIMATOLOGICAL DATA (WS FORM: F-6) , PAGE 2
STATION: MOUNTAIN HOME AIRPORT
MONTH: JUNE
YEAR: 2021
LATITUDE: 36 22 N
LONGITUDE: 92 28 W
[TEMPERATURE DATA] [PRECIPITATION DATA] SYMBOLS USED IN COLUMN 16
AVERAGE MONTHLY: 75.6 TOTAL FOR MONTH: 3.24 1 = FOG OR MIST
DPTR FM NORMAL: 0.5 DPTR FM NORMAL: -0.28 2 = FOG REDUCING VISIBILITY
HIGHEST: 94 ON 12 GRTST 24HR 1.36 ON 1- 1 TO 1/4 MILE OR LESS
LOWEST: 51 ON 22 3 = THUNDER
SNOW, ICE PELLETS, HAIL 4 = ICE PELLETS
TOTAL MONTH: 0.0 INCH 5 = HAIL
GRTST 24HR 0.0 6 = FREEZING RAIN OR DRIZZLE
GRTST DEPTH: 0 7 = DUSTSTORM OR SANDSTORM:
VSBY 1/2 MILE OR LESS
8 = SMOKE OR HAZE
[NO. OF DAYS WITH] [WEATHER - DAYS WITH] 9 = BLOWING SNOW
X = TORNADO
MAX 32 OR BELOW: 0 0.01 INCH OR MORE: 8
MAX 90 OR ABOVE: 12 0.10 INCH OR MORE: 4
MIN 32 OR BELOW: 0 0.50 INCH OR MORE: 3
MIN 0 OR BELOW: 0 1.00 INCH OR MORE: 1
[HDD (BASE 65) ]
TOTAL THIS MO. 5 CLEAR (SCALE 0-3) 20
DPTR FM NORMAL 3 PTCLDY (SCALE 4-7) 8
TOTAL FM JUL 1 3874 CLOUDY (SCALE 8-10) 2
DPTR FM NORMAL 63
[CDD (BASE 65) ]
TOTAL THIS MO. 332
DPTR FM NORMAL 25 [PRESSURE DATA]
TOTAL FM JAN 1 440 HIGHEST SLP 30.15 ON 29
DPTR FM NORMAL -42 LOWEST SLP 29.68 ON 20
[REMARKS]
#FINAL-06-21#