000
CXUS55 KDVN 011000
CF6BRL
PRELIMINARY LOCAL CLIMATOLOGICAL DATA (WS FORM: F-6)
STATION: BURLINGTON IA
MONTH: JULY
YEAR: 2020
LATITUDE: 40 46 N
LONGITUDE: 91 7 W
TEMPERATURE IN F: :PCPN: SNOW: WIND :SUNSHINE: SKY :PK WND
================================================================================
1 2 3 4 5 6A 6B 7 8 9 10 11 12 13 14 15 16 17 18
12Z AVG MX 2MIN
DY MAX MIN AVG DEP HDD CDD WTR SNW DPTH SPD SPD DIR MIN PSBL S-S WX SPD DR
================================================================================
1 80 69 75 -2 0 10 0.97 M M 3.1 13 110 M M 7 13 17 110
2 89 72 81 4 0 16 T M M 5.7 13 50 M M 3 1 18 60
3 88 73 81 4 0 16 0.00 M M 5.4 10 120 M M 4 14 70
4 90 71 81 4 0 16 0.00 M M 4.1 10 30 M M 1 18 14 100
5 91 67 79 2 0 14 0.00 M M 2.1 7 160 M M 0 1 11 170
6 91 69 80 3 0 15 0.00 M M 1.0 9 20 M M 1 12 13 50
7 92 71 82 5 0 17 0.00 M M 3.0 9 190 M M 1 18 15 160
8 92 74 83 6 0 18 0.00 M M 5.1 10 180 M M 0 15 200
9 91 69 80 3 0 15 0.02 M M 8.9 23 320 M M 2 13 34 330
10 87 65 76 -1 0 11 0.00 M M 7.2 15 310 M M 1 8 26 300
11 91 66 79 2 0 14 0.02 M M 5.4 25 350 M M 2 138 39 330
12 86 63 75 -2 0 10 0.00 M M 6.9 17 20 M M 2 23 350
13 86 63 75 -2 0 10 0.00 M M 5.9 12 150 M M 0 18 17 120
14 86 69 78 1 0 13 0.00 M M 9.4 20 130 M M 0 8 26 140
15 77 64 71 -6 0 6 0.50 M M 7.5 22 360 M M 6 13 29 360
16 85 61 73 -4 0 8 0.00 M M 3.0 7 190 M M 2 12 11 340
17 89 67 78 1 0 13 0.00 M M 7.6 16 150 M M 1 128 23 140
18 92 73 83 6 0 18 0.00 M M 12.4 18 190 M M 0 32 200
19 86 70 78 1 0 13 0.10 M M 5.3 31 280 M M 1 13 47 320
20 83 66 75 -2 0 10 0.04 M M 4.6 13 30 M M 4 18 15 20
21 82 72 77 0 0 12 0.04 M M 4.9 16 200 M M 7 13 24 200
22 84 65 75 -2 0 10 0.00 M M 5.2 12 330 M M 2 18 18 290
23 85 63 74 -3 0 9 0.00 M M 4.7 12 40 M M 0 8 16 20
24 89 65 77 0 0 12 0.00 M M 6.0 10 130 M M 1 15 150
25 91 71 81 4 0 16 0.00 M M 6.9 14 170 M M 1 18 170
26 93 74 84 8 0 19 0.80 M M 8.2 17 300 M M 2 13 25 210
27 85 66 76 0 0 11 0.14 M M 5.4 13 340 M M 5 1 20 320
28 86 61 74 -2 0 9 0.00 M M 5.5 14 190 M M 0 19 170
29 89 65 77 1 0 12 0.17 M M 5.6 24 190 M M 1 13 33 210
30 80 68 74 -2 0 9 0.01 M M 7.1 17 50 M M 5 24 50
31 82 66 74 -2 0 9 0.00 M M 9.7 16 30 M M 1 8 23 360
================================================================================
SM 2698 2098 0 391 2.81 M 182.8 M 63
================================================================================
AV 87.0 67.7 5.9 FASTST M M 2 MAX(MPH)
MISC ----> 31 280 47 320
================================================================================
NOTES:
# LAST OF SEVERAL OCCURRENCES
COLUMN 17 PEAK WIND IN M.P.H.
PRELIMINARY LOCAL CLIMATOLOGICAL DATA (WS FORM: F-6) , PAGE 2
STATION: BURLINGTON IA
MONTH: JULY
YEAR: 2020
LATITUDE: 40 46 N
LONGITUDE: 91 7 W
[TEMPERATURE DATA] [PRECIPITATION DATA] SYMBOLS USED IN COLUMN 16
AVERAGE MONTHLY: 77.4 TOTAL FOR MONTH: 2.81 1 = FOG OR MIST
DPTR FM NORMAL: 0.6 DPTR FM NORMAL: -1.44 2 = FOG REDUCING VISIBILITY
HIGHEST: 93 ON 26 GRTST 24HR 0.97 ON 1- 1 TO 1/4 MILE OR LESS
LOWEST: 61 ON 28,16 3 = THUNDER
SNOW, ICE PELLETS, HAIL 4 = ICE PELLETS
TOTAL MONTH: M 5 = HAIL
GRTST 24HR M ON M 6 = FREEZING RAIN OR DRIZZLE
GRTST DEPTH: M ON M 7 = DUSTSTORM OR SANDSTORM:
VSBY 1/2 MILE OR LESS
8 = SMOKE OR HAZE
[NO. OF DAYS WITH] [WEATHER - DAYS WITH] 9 = BLOWING SNOW
X = TORNADO
MAX 32 OR BELOW: 0 0.01 INCH OR MORE: 11
MAX 90 OR ABOVE: 10 0.10 INCH OR MORE: 6
MIN 32 OR BELOW: 0 0.50 INCH OR MORE: 3
MIN 0 OR BELOW: 0 1.00 INCH OR MORE: 0
[HDD (BASE 65) ]
TOTAL THIS MO. 0 CLEAR (SCALE 0-3) 24
DPTR FM NORMAL -1 PTCLDY (SCALE 4-7) 7
TOTAL FM JUL 1 0 CLOUDY (SCALE 8-10) 0
DPTR FM NORMAL 0
[CDD (BASE 65) ]
TOTAL THIS MO. 391
DPTR FM NORMAL 25 [PRESSURE DATA]
TOTAL FM JAN 1 719 HIGHEST SLP 30.15 ON 24
DPTR FM NORMAL -10 LOWEST SLP 29.68 ON 9
[REMARKS]
#FINAL-07-20#