000
CXUS55 KDVN 011100
CF6BRL
PRELIMINARY LOCAL CLIMATOLOGICAL DATA (WS FORM: F-6)
STATION: BURLINGTON IA
MONTH: FEBRUARY
YEAR: 2020
LATITUDE: 40 46 N
LONGITUDE: 91 7 W
TEMPERATURE IN F: :PCPN: SNOW: WIND :SUNSHINE: SKY :PK WND
================================================================================
1 2 3 4 5 6A 6B 7 8 9 10 11 12 13 14 15 16 17 18
12Z AVG MX 2MIN
DY MAX MIN AVG DEP HDD CDD WTR SNW DPTH SPD SPD DIR MIN PSBL S-S WX SPD DR
================================================================================
1 37 34 36 9 29 0 0.00 M M 10.1 17 210 M M 8 1 24 240
2 60 32 46 19 19 0 0.00 M M 7.7 14 240 M M 0 22 270
3 47 34 41 14 24 0 0.00 M M 10.6 17 20 M M 0 24 30
4 37 30 34 7 31 0 0.00 M M 15.8 24 20 M M 8 32 10
5 30 26 28 0 37 0 T M M 12.5 20 20 M M 10 18 25 30
6 34 20 27 -1 38 0 0.01 M M 6.3 14 10 M M 6 18 19 360
7 34 19 27 -1 38 0 T M M 4.1 16 210 M M 6 18 21 210
8 34 23 29 1 36 0 0.00 M M 8.1 14 180 M M 7 1 21 180
9 39 27 33 5 32 0 0.01 M M 11.2 23 180 M M 10 18 32 170
10 39 26 33 5 32 0 0.00 M M 4.6 15 340 M M 5 8 22 340
11 39 24 32 3 33 0 0.00 M M 6.3 16 310 M M 1 26 320
12 35 24 30 1 35 0 0.20 M M 5.2 20 310 M M 6 18 34 310
13 25 -3 11 -18 54 0 T M M 13.6 24 310 M M 5 18 39 320
14 18 -9 5 -25 60 0 0.00 M M 7.6 18 170 M M 0 32 170
15 38 18 28 -2 37 0 0.00 M M 11.3 21 210 M M 7 1 27 200
16 41 18 30 0 35 0 0.00 M M 3.8 9 110 M M 3 128 13 150
17 42 32 37 7 28 0 0.01 M M 6.2 21 290 M M 10 12 32 300
18 38 25 32 1 33 0 0.00 M M 12.6 26 320 M M 3 41 320
19 32 17 25 -6 40 0 0.00 M M 8.5 15 360 M M 4 19 350
20 25 10 18 -14 47 0 0.00 M M 8.4 16 350 M M 2 8 22 340
21 39 12 26 -6 39 0 0.00 M M 11.6 22 200 M M 0 8 31 200
22 53 26 40 8 25 0 0.00 M M 12.0 21 190 M M 0 28 190
23 60 34 47 14 18 0 0.00 M M 8.0 14 240 M M 0 19 240
24 46 36 41 8 24 0 0.03 M M 13.2 21 30 M M 7 1 28 40
25 41 30 36 3 29 0 0.02 M M 15.7 23 10 M M 9 1 30 20
26 36 23 30 -4 35 0 T M M 13.0 26 350 M M 7 18 37 360
27 41 22 32 -2 33 0 0.00 M M 7.3 17 330 M M 4 25 330
28 36 20 28 -7 37 0 T M M 8.1 20 330 M M 7 8 27 320
29 43 15 29 -6 36 0 0.00 M M 8.8 17 170 M M 0 8 25 180
================================================================================
SM 1119 645 994 0 0.28 M 272.2 M 135
================================================================================
AV 38.6 22.2 9.4 FASTST M M 5 MAX(MPH)
MISC ----> # 26 320 # 41 320
================================================================================
NOTES:
# LAST OF SEVERAL OCCURRENCES
COLUMN 17 PEAK WIND IN M.P.H.
PRELIMINARY LOCAL CLIMATOLOGICAL DATA (WS FORM: F-6) , PAGE 2
STATION: BURLINGTON IA
MONTH: FEBRUARY
YEAR: 2020
LATITUDE: 40 46 N
LONGITUDE: 91 7 W
[TEMPERATURE DATA] [PRECIPITATION DATA] SYMBOLS USED IN COLUMN 16
AVERAGE MONTHLY: 30.4 TOTAL FOR MONTH: 0.28 1 = FOG OR MIST
DPTR FM NORMAL: 0.3 DPTR FM NORMAL: -1.34 2 = FOG REDUCING VISIBILITY
HIGHEST: 60 ON 23, 2 GRTST 24HR 0.20 ON 12-12 TO 1/4 MILE OR LESS
LOWEST: -9 ON 14 3 = THUNDER
SNOW, ICE PELLETS, HAIL 4 = ICE PELLETS
TOTAL MONTH: M 5 = HAIL
GRTST 24HR M ON M 6 = FREEZING RAIN OR DRIZZLE
GRTST DEPTH: M ON M 7 = DUSTSTORM OR SANDSTORM:
VSBY 1/2 MILE OR LESS
8 = SMOKE OR HAZE
[NO. OF DAYS WITH] [WEATHER - DAYS WITH] 9 = BLOWING SNOW
X = TORNADO
MAX 32 OR BELOW: 5 0.01 INCH OR MORE: 6
MAX 90 OR ABOVE: 0 0.10 INCH OR MORE: 1
MIN 32 OR BELOW: 25 0.50 INCH OR MORE: 0
MIN 0 OR BELOW: 2 1.00 INCH OR MORE: 0
[HDD (BASE 65) ]
TOTAL THIS MO. 994 CLEAR (SCALE 0-3) 11
DPTR FM NORMAL 17 PTCLDY (SCALE 4-7) 13
TOTAL FM JUL 1 4367 CLOUDY (SCALE 8-10) 5
DPTR FM NORMAL -41
[CDD (BASE 65) ]
TOTAL THIS MO. 0
DPTR FM NORMAL 0 [PRESSURE DATA]
TOTAL FM JAN 1 0 HIGHEST SLP 30.81 ON 20
DPTR FM NORMAL 0 LOWEST SLP 29.59 ON 3
[REMARKS]
#FINAL-02-20#