000
CXUS53 KDVN 011016
CLSBRL
CLIMATE REPORT
NATIONAL WEATHER SERVICE QUAD CITIES IA IL
516 AM CDT THU SEP 01 2022
...................................
...THE BURLINGTON IA CLIMATE SUMMARY FOR THE SEASON, FROM
6/1/2022 TO 8/31/2022...
CLIMATE NORMAL PERIOD 1991 TO 2020
CLIMATE RECORD PERIOD 1897 TO 2022
WEATHER OBSERVED NORMAL DEPART LAST YEAR`S
VALUE DATE(S) VALUE FROM VALUE
NORMAL
..............................................................
TEMPERATURE (F)
RECORD
HIGH 111 07/15/1936
07/14/1936
LOW 39 06/08/1913
HIGHEST 97 07/05 87 10
LOWEST 53 06/04 58 -5
08/18
08/31
AVG. MAXIMUM 84.2 83.7 0.5
AVG. MINIMUM 64.0 64.2 -0.2
MEAN 74.1 73.9 0.2
DAYS MAX >= 90 14
DAYS MAX <= 32 0
DAYS MIN <= 32 0
DAYS MIN <= 0 0
PRECIPITATION (INCHES)
TOTALS 5.95 12.66 -6.71
DAILY AVG. 0.06 0.14 -0.08
DAYS >= .01 21
DAYS >= .10 15
DAYS >= .50 3
DAYS >= 1.00 1
GREATEST
24 HR. TOTAL 1.64 06/15 TO 06/15
DEGREE DAYS
HEATING TOTAL 0 20 -20
SINCE 7/1 0 2 -2
COOLING TOTAL 859 843 16
SINCE 1/1 1000 936 64
..............................................................
WIND (MPH)
AVERAGE WIND SPEED 6.8
HIGHEST WIND SPEED/DIRECTION 35/330 DATE 07/05
HIGHEST GUST SPEED/DIRECTION 51/330 DATE 07/05
SKY COVER
POSSIBLE SUNSHINE (PERCENT) MM
AVERAGE SKY COVER 0.24
NUMBER OF DAYS FAIR 67
NUMBER OF DAYS PC 21
NUMBER OF DAYS CLOUDY 3
AVERAGE RH (PERCENT) 72
WEATHER CONDITIONS. NUMBER OF DAYS WITH
THUNDERSTORM 18 HAIL 0
SLEET 0 FOG 49
FOG W/VIS <= 1/4 MILE 4 HAZE 29
- INDICATES NEGATIVE NUMBERS.
R INDICATES RECORD WAS SET OR TIED.
MM INDICATES DATA IS MISSING.
T INDICATES TRACE AMOUNT.
$$