305
CXUS54 KBRO 010900
CF6BRO
PRELIMINARY LOCAL CLIMATOLOGICAL DATA (WS FORM: F-6)
STATION: BROWNSVILLE
MONTH: JULY
YEAR: 2020
LATITUDE: 25 53 N
LONGITUDE: 97 26 W
TEMPERATURE IN F: :PCPN: SNOW: WIND :SUNSHINE: SKY :PK WND
================================================================================
1 2 3 4 5 6A 6B 7 8 9 10 11 12 13 14 15 16 17 18
12Z AVG MX 2MIN
DY MAX MIN AVG DEP HDD CDD WTR SNW DPTH SPD SPD DIR MIN PSBL S-S WX SPD DR
================================================================================
1 93 79 86 2 0 21 0.00 0.0 0 14.5 24 140 M M 6 29 140
2 93 78 86 2 0 21 0.00 0.0 0 12.0 21 130 M M 3 25 140
3 94 76 85 0 0 20 0.00 0.0 0 9.0 17 140 M M 2 23 120
4 95 76 86 1 0 21 0.00 0.0 0 9.4 20 140 M M 1 25 130
5 95 77 86 1 0 21 0.00 0.0 0 14.0 23 160 M M 1 29 160
6 94 79 87 2 0 22 0.00 0.0 0 14.7 25 150 M M 3 32 170
7 95 77 86 1 0 21 0.00 0.0 0 14.0 25 150 M M 5 32 140
8 94 78 86 1 0 21 0.00 0.0 0 15.8 28 150 M M 5 37 140
9 96 79 88 3 0 23 0.00 0.0 0 17.1 28 140 M M 2 36 140
10 96 79 88 3 0 23 0.00 0.0 0 13.4 23 160 M M 3 30 140
11 97 78 88 3 0 23 0.00 0.0 0 11.2 18 140 M M 1 25 150
12 99 79 89 4 0 24 0.00 0.0 0 12.3 21 150 M M 1 25 160
13 99 79 89 4 0 24 0.00 0.0 0 14.9 26 150 M M 1 34 150
14 96 77 87 2 0 22 0.00 0.0 0 15.0 25 160 M M 1 32 140
15 96 79 88 3 0 23 0.00 0.0 0 15.2 28 160 M M 1 35 160
16 97 79 88 3 0 23 T 0.0 0 13.1 22 130 M M 2 32 130
17 94 80 87 2 0 22 0.00 0.0 0 11.5 20 110 M M 2 24 110
18 92 77 85 0 0 20 0.09 0.0 0 8.0 23 150 M M 1 3 31 140
19 95 74 85 0 0 20 0.00 0.0 0 6.4 17 80 M M 1 23 80
20 96 76 86 1 0 21 0.00 0.0 0 5.9 20 100 M M 1 26 110
21 97 77 87 2 0 22 0.00 0.0 0 7.9 20 140 M M 1 27 130
22 97 78 88 3 0 23 T 0.0 0 7.8 18 110 M M 2 23 100
23 97 78 88 3 0 23 0.46 0.0 0 5.3 25 80 M M 2 3 28 80
24 98 78 88 3 0 23 0.00 0.0 0 7.0 17 50 M M 3 24 40
25 85 77 81 -4 0 16 0.86 0.0 0 19.3 35 160 M M 8 13 44 180
26 86 75 81 -4 0 16 3.46 0.0 0 15.9 37 140 M M 9 138 48 190
27 94 80 87 2 0 22 0.00 0.0 0 8.9 17 120 M M 2 23 120
28 85 77 81 -4 0 16 0.01 0.0 0 6.0 22 160 M M 0 3 25 160
29 86 78 82 -3 0 17 0.05 0.0 0 7.4 23 190 M M 2 3 27 190
30 94 78 86 1 0 21 0.00 0.0 0 11.5 22 160 M M 2 28 160
31 94 80 87 1 0 22 0.00 0.0 0 10.4 20 150 M M 2 25 160
================================================================================
SM 2919 2412 0 657 4.93 0.0 354.8 M 76
================================================================================
AV 94.2 77.8 11.4 FASTST M M 2 MAX(MPH)
MISC ----> # 37 140 # 48 190
================================================================================
NOTES:
# LAST OF SEVERAL OCCURRENCES
COLUMN 17 PEAK WIND IN M.P.H.
PRELIMINARY LOCAL CLIMATOLOGICAL DATA (WS FORM: F-6) , PAGE 2
STATION: BROWNSVILLE
MONTH: JULY
YEAR: 2020
LATITUDE: 25 53 N
LONGITUDE: 97 26 W
[TEMPERATURE DATA] [PRECIPITATION DATA] SYMBOLS USED IN COLUMN 16
AVERAGE MONTHLY: 86.0 TOTAL FOR MONTH: 4.93 1 = FOG OR MIST
DPTR FM NORMAL: 1.1 DPTR FM NORMAL: 2.89 2 = FOG REDUCING VISIBILITY
HIGHEST: 99 ON 13,12 GRTST 24HR 3.46 ON 26-26 TO 1/4 MILE OR LESS
LOWEST: 74 ON 19 3 = THUNDER
SNOW, ICE PELLETS, HAIL 4 = ICE PELLETS
TOTAL MONTH: 0.0 INCH 5 = HAIL
GRTST 24HR 0.0 6 = FREEZING RAIN OR DRIZZLE
GRTST DEPTH: 0 7 = DUSTSTORM OR SANDSTORM:
VSBY 1/2 MILE OR LESS
8 = SMOKE OR HAZE
[NO. OF DAYS WITH] [WEATHER - DAYS WITH] 9 = BLOWING SNOW
X = TORNADO
MAX 32 OR BELOW: 0 0.01 INCH OR MORE: 6
MAX 90 OR ABOVE: 27 0.10 INCH OR MORE: 3
MIN 32 OR BELOW: 0 0.50 INCH OR MORE: 2
MIN 0 OR BELOW: 0 1.00 INCH OR MORE: 1
[HDD (BASE 65) ]
TOTAL THIS MO. 0 CLEAR (SCALE 0-3) 26
DPTR FM NORMAL 0 PTCLDY (SCALE 4-7) 4
TOTAL FM JUL 1 0 CLOUDY (SCALE 8-10) 1
DPTR FM NORMAL 0
[CDD (BASE 65) ]
TOTAL THIS MO. 657
DPTR FM NORMAL 39 [PRESSURE DATA]
TOTAL FM JAN 1 2858 HIGHEST SLP 30.02 ON 16
DPTR FM NORMAL 580 LOWEST SLP 29.52 ON 25
[REMARKS]
#FINAL-07-20#