000
CXUS53 KGRR 021125
CF6BTL
PRELIMINARY LOCAL CLIMATOLOGICAL DATA (WS FORM: F-6)
STATION: BATTLE CREEK
MONTH: JULY
YEAR: 2020
LATITUDE: 42 17 N
LONGITUDE: 85 14 W
TEMPERATURE IN F: :PCPN: SNOW: WIND :SUNSHINE: SKY :PK WND
================================================================================
1 2 3 4 5 6A 6B 7 8 9 10 11 12 13 14 15 16 17 18
12Z AVG MX 2MIN
DY MAX MIN AVG DEP HDD CDD WTR SNW DPTH SPD SPD DIR MIN PSBL S-S WX SPD DR
================================================================================
1 88 63 76 5 0 11 0.00 M M 5.6 15 120 M M 1 20 100
2 91 65 78 7 0 13 0.00 M M 4.7 12 10 M M 1 16 40
3 91 68 80 9 0 15 0.00 M M 5.8 14 300 M M 0 19 350
4 89 69 79 8 0 14 0.00 M M 4.8 14 40 M M 1 8 18 120
5 90 68 79 8 0 14 0.00 M M 3.1 14 300 M M 2 18 18 300
6 91 63 77 6 0 12 0.00 M M 1.8 10 230 M M 0 13 240
7 93 68 81 10 0 16 0.00 M M 4.9 14 200 M M 1 19 280
8 93 70 82 11 0 17 0.00 M M 4.2 12 260 M M 1 16 250
9 93 70 82 11 0 17 0.00 M M 6.6 16 230 M M 1 3 22 240
10 81 69 75 4 0 10 0.49 M M 9.0 21 280 M M 5 13 30 320
11 85 65 75 4 0 10 0.00 M M 9.8 22 290 M M 1 30 270
12 81 64 73 2 0 8 0.00 M M 5.6 16 290 M M 3 23 300
13 81 58 70 -1 0 5 0.00 M M 4.4 13 320 M M 2 18 20
14 83 58 71 0 0 6 0.00 M M 4.9 13 180 M M 0 16 190
15 87 66 77 6 0 12 0.02 M M 5.9 15 180 M M 1 20 170
16 81 66 74 3 0 9 0.46 M M 6.4 13 270 M M 8 18 17 80
17 85 63 74 3 0 9 0.00 M M 6.0 15 190 M M 1 1 23 190
18 91 66 79 8 0 14 0.00 M M 9.9 21 190 M M 1 28 190
19 81 69 75 4 0 10 0.51 M M 10.4 33 220 M M 3 13 64 220
20 83 65 74 3 0 9 0.00 M M 7.5 16 290 M M 1 23 300
21 83 64 74 3 0 9 T M M 3.9 10 170 M M 3 16 180
22 84 69 77 6 0 12 T M M 8.1 16 260 M M 7 22 250
23 84 67 76 5 0 11 0.00 M M 5.9 13 50 M M 5 17 40
24 85 65 75 4 0 10 0.00 M M 5.8 9 40 M M 4 13 50
25 88 62 75 4 0 10 0.00 M M 5.0 12 190 M M 1 16 180
26 94 65 80 9 0 15 T M M 10.2 18 210 M M 2 24 200
27 87 63 75 4 0 10 0.13 M M 9.6 18 290 M M 5 26 260
28 87 63 75 5 0 10 0.00 M M 9.4 22 270 M M 2 28 290
29 88 71 80 10 0 15 0.00 M M 9.8 20 250 M M 6 26 250
30 82 65 74 4 0 9 0.00 M M 5.9 13 40 M M 2 18 30
31 84 58 71 1 0 6 0.00 M M 5.8 14 10 M M 0 19 10
================================================================================
SM 2684 2025 0 348 1.61 M 200.7 M 71
================================================================================
AV 86.6 65.3 6.5 FASTST M M 2 MAX(MPH)
MISC ----> # 33 220 # 64 220
================================================================================
NOTES:
# LAST OF SEVERAL OCCURRENCES
COLUMN 17 PEAK WIND IN M.P.H.
PRELIMINARY LOCAL CLIMATOLOGICAL DATA (WS FORM: F-6) , PAGE 2
STATION: BATTLE CREEK
MONTH: JULY
YEAR: 2020
LATITUDE: 42 17 N
LONGITUDE: 85 14 W
[TEMPERATURE DATA] [PRECIPITATION DATA] SYMBOLS USED IN COLUMN 16
AVERAGE MONTHLY: 76.0 TOTAL FOR MONTH: 1.61 1 = FOG OR MIST
DPTR FM NORMAL: 5.1 DPTR FM NORMAL: -1.75 2 = FOG REDUCING VISIBILITY
HIGHEST: 94 ON 26 GRTST 24HR 0.51 ON 19-19 TO 1/4 MILE OR LESS
LOWEST: 58 ON 31,14 3 = THUNDER
SNOW, ICE PELLETS, HAIL 4 = ICE PELLETS
TOTAL MONTH: M 5 = HAIL
GRTST 24HR M ON M 6 = FREEZING RAIN OR DRIZZLE
GRTST DEPTH: M ON M 7 = DUSTSTORM OR SANDSTORM:
VSBY 1/2 MILE OR LESS
8 = SMOKE OR HAZE
[NO. OF DAYS WITH] [WEATHER - DAYS WITH] 9 = BLOWING SNOW
X = TORNADO
MAX 32 OR BELOW: 0 0.01 INCH OR MORE: 5
MAX 90 OR ABOVE: 9 0.10 INCH OR MORE: 4
MIN 32 OR BELOW: 0 0.50 INCH OR MORE: 1
MIN 0 OR BELOW: 0 1.00 INCH OR MORE: 0
[HDD (BASE 65) ]
TOTAL THIS MO. 0 CLEAR (SCALE 0-3) 24
DPTR FM NORMAL -15 PTCLDY (SCALE 4-7) 7
TOTAL FM JUL 1 0 CLOUDY (SCALE 8-10) 0
DPTR FM NORMAL -15
[CDD (BASE 65) ]
TOTAL THIS MO. 348
DPTR FM NORMAL 151 [PRESSURE DATA]
TOTAL FM JAN 1 587 HIGHEST SLP 30.19 ON 24
DPTR FM NORMAL 226 LOWEST SLP 29.73 ON 10
[REMARKS]
#FINAL-07-20#