000
CXUS53 KGRR 010921
CLMBTL
CLIMATE REPORT
NATIONAL WEATHER SERVICE GRAND RAPIDS, MICHIGAN
421 AM EST MON JAN 01 2024
...................................
...THE BATTLE CREEK CLIMATE SUMMARY FOR THE MONTH OF DECEMBER 2023...
CLIMATE NORMAL PERIOD: 1991 TO 2020
CLIMATE RECORD PERIOD: 1895 TO 2023
WEATHER OBSERVED NORMAL DEPART LAST YEAR`S
VALUE DATE(S) VALUE FROM VALUE DATE(S)
NORMAL
................................................................
TEMPERATURE (F)
RECORD
HIGH 68 12/05/2001
LOW -18 12/22/1989
HIGHEST 59 12/09 MM MM 55 12/30
LOWEST 22 12/13 MM MM 2 12/24
AVG. MAXIMUM 44.5 36.3 8.2 36.0
AVG. MINIMUM 33.7 23.6 10.1 25.9
MEAN 39.1 30.0 9.1 31.0
DAYS MAX >= 90 0 0.0 0.0 0
DAYS MAX <= 32 1 11.9 -10.9 9
DAYS MIN <= 32 13 25.6 -12.6 22
DAYS MIN <= 0 0 0.8 -0.8 0
PRECIPITATION (INCHES)
RECORD
MAXIMUM 7.16 1895
MINIMUM 0.28 1943
TOTALS 1.86 1.43 0.43 1.34
DAILY AVG. 0.06 0.05 0.01 0.04
DAYS >= .01 18 11.0 7.0 9
DAYS >= .10 5 4.1 0.9 5
DAYS >= .50 1 0.7 0.3 1
DAYS >= 1.00 0 0.0 0.0 0
GREATEST
24 HR. TOTAL 0.73 12/01 TO 12/02
DEGREE DAYS
HEATING TOTAL 796 1086 -290 1047
SINCE 7/1 1945 2405 -460 2242
COOLING TOTAL 0 0 0 0
SINCE 1/1 730 715 15 882
................................................................
WIND (MPH)
AVERAGE WIND SPEED 7.9
RESULTANT WIND SPEED/DIRECTION 3/230
HIGHEST WIND SPEED/DIRECTION 31/230 DATE 12/09
HIGHEST GUST SPEED/DIRECTION 43/220 DATE 12/09
SKY COVER
POSSIBLE SUNSHINE (PERCENT) MM
AVERAGE SKY COVER 0.73
NUMBER OF DAYS FAIR 6
NUMBER OF DAYS PC 7
NUMBER OF DAYS CLOUDY 18
AVERAGE RH (PERCENT) 80
WEATHER CONDITIONS. NUMBER OF DAYS WITH
THUNDERSTORM 0 MIXED PRECIP 0
HEAVY RAIN 0 RAIN 2
LIGHT RAIN 18 FREEZING RAIN 0
LT FREEZING RAIN 0 HAIL 0
HEAVY SNOW 1 SNOW 1
LIGHT SNOW 5 SLEET 0
FOG 19 FOG W/VIS <= 1/4 MILE 2
HAZE 1
- INDICATES NEGATIVE NUMBERS.
R INDICATES RECORD WAS SET OR TIED.
MM INDICATES DATA IS MISSING.
T INDICATES TRACE AMOUNT.
$$