000
CXUS51 KBTV 010700
CF6BTV
PRELIMINARY LOCAL CLIMATOLOGICAL DATA (WS FORM: F-6)
STATION: BURLINGTON VT
MONTH: MARCH
YEAR: 2020
LATITUDE: 44 28 N
LONGITUDE: 73 9 W
TEMPERATURE IN F: :PCPN: SNOW: WIND :SUNSHINE: SKY :PK WND
================================================================================
1 2 3 4 5 6A 6B 7 8 9 10 11 12 13 14 15 16 17 18
12Z AVG MX 2MIN
DY MAX MIN AVG DEP HDD CDD WTR SNW DPTH SPD SPD DIR MIN PSBL S-S WX SPD DR
================================================================================
1 28 11 20 -5 45 0 0.01 0.2 7 4.3 13 310 M M 6 18 17 280
2 46 18 32 6 33 0 T 0.2 7 10.2 24 170 M M 9 36 180
3 53 35 44 18 21 0 0.11 0.0 7 4.5 16 200 M M 8 1 19 200
4 46 37 42 16 23 0 T 0.0 5 11.1 23 270 M M 9 34 270
5 44 30 37 10 28 0 0.00 0.0 3 7.2 16 330 M M 5 20 300
6 41 28 35 8 30 0 T 0.3 2 10.4 22 320 M M 8 9 27 330
7 33 19 26 -1 39 0 T T 2 9.8 21 360 M M 2 29 350
8 48 23 36 8 29 0 0.00 0.0 2 4.9 16 170 M M 7 21 170
9 65 41 53 25 12 0 0.00 0.0 1 8.0 16 320 M M 7 23 180
10 57 37 47 19 18 0 0.12 0.0 0 10.7 22 340 M M 10 1 31 190
11 36 27 32 3 33 0 0.00 0.0 0 6.5 16 360 M M 8 20 350
12 49 29 39 10 26 0 T T 0 6.2 17 190 M M 9 23 190
13 53 39 46 16 19 0 0.21 0.0 0 13.4 28 270 M M 8 1 42 250
14 48 33 41 11 24 0 0.00 0.0 0 14.1 31 270 M M 4 42 260
15 34 19 27 -3 38 0 T T M 9.4 21 330 M M 2 26 330
16 41 16 29 -2 36 0 0.00 0.0 0 5.9 20 180 M M 4 27 200
17 44 34 39 8 26 0 T T 0 15.9 29 190 M M 9 40 180
18 47 31 39 7 26 0 0.00 0.0 M 4.8 13 280 M M 6 17 190
19 51 34 43 11 22 0 T T 0 8.3 17 190 M M 8 22 180
20 66 37 52 20 13 0 0.14 0.0 0 17.0 28 180 M M 9 44 190
21 36 23 30 -3 35 0 T T 0 13.5 26 320 M M 4 33 330
22 34 18 26 -7 39 0 0.00 0.0 0 6.2 14 310 M M 1 17 300
23 39 19 29 -5 36 0 0.45 5.5 0 7.3 24 170 M M 8 12 31 170
24 40 27 34 0 31 0 T 0.3 6 5.0 13 10 M M 7 1 16 340
25 47 23 35 0 30 0 0.00 0.0 3 5.4 13 200 M M 5 25 160
26 56 32 44 9 21 0 0.04 0.0 0 8.7 23 190 M M 7 30 200
27 52 30 41 5 24 0 0.00 0.0 0 7.9 17 340 M M 4 22 340
28 55 25 40 4 25 0 0.00 0.0 0 4.6 15 190 M M 6 20 200
29 49 39 44 7 21 0 0.56 0.0 0 12.2 30 140 M M 10 1 43 140
30 46 37 42 5 23 0 0.36 0.0 0 7.7 16 190 M M 8 1 21 190
31 50 30 40 2 25 0 0.01 0.0 0 7.0 23 320 M M 5 27 320
================================================================================
SM 1434 881 851 0 2.01 6.5 268.1 M 203
================================================================================
AV 46.3 28.4 8.6 FASTST M M 7 MAX(MPH)
MISC ----> 31 270 44 190
================================================================================
NOTES:
# LAST OF SEVERAL OCCURRENCES
COLUMN 17 PEAK WIND IN M.P.H.
PRELIMINARY LOCAL CLIMATOLOGICAL DATA (WS FORM: F-6) , PAGE 2
STATION: BURLINGTON VT
MONTH: MARCH
YEAR: 2020
LATITUDE: 44 28 N
LONGITUDE: 73 9 W
[TEMPERATURE DATA] [PRECIPITATION DATA] SYMBOLS USED IN COLUMN 16
AVERAGE MONTHLY: 37.3 TOTAL FOR MONTH: 2.01 1 = FOG OR MIST
DPTR FM NORMAL: 6.3 DPTR FM NORMAL: -0.21 2 = FOG REDUCING VISIBILITY
HIGHEST: 66 ON 20 GRTST 24HR 0.56 ON 29-29 TO 1/4 MILE OR LESS
LOWEST: 11 ON 1 3 = THUNDER
SNOW, ICE PELLETS, HAIL 4 = ICE PELLETS
TOTAL MONTH: 7.1 INCHES 5 = HAIL
GRTST 24HR 5.5 ON 23-23 6 = FREEZING RAIN OR DRIZZLE
GRTST DEPTH: 7 ON 3, 2 7 = DUSTSTORM OR SANDSTORM:
VSBY 1/2 MILE OR LESS
8 = SMOKE OR HAZE
[NO. OF DAYS WITH] [WEATHER - DAYS WITH] 9 = BLOWING SNOW
X = TORNADO
MAX 32 OR BELOW: 1 0.01 INCH OR MORE: 10
MAX 90 OR ABOVE: 0 0.10 INCH OR MORE: 7
MIN 32 OR BELOW: 20 0.50 INCH OR MORE: 1
MIN 0 OR BELOW: 0 1.00 INCH OR MORE: 0
[HDD (BASE 65) ]
TOTAL THIS MO. 851 CLEAR (SCALE 0-3) 3
DPTR FM NORMAL -203 PTCLDY (SCALE 4-7) 18
TOTAL FM JUL 1 5825 CLOUDY (SCALE 8-10) 10
DPTR FM NORMAL -638
[CDD (BASE 65) ]
TOTAL THIS MO. 0
DPTR FM NORMAL 0 [PRESSURE DATA]
TOTAL FM JAN 1 0 HIGHEST SLP M ON M
DPTR FM NORMAL 0 LOWEST SLP 29.23 ON 3
[REMARKS]
#FINAL-03-20#