000
CXUS54 KLZK 011230
CF6BVX
PRELIMINARY LOCAL CLIMATOLOGICAL DATA (WS FORM: F-6)
STATION: BATESVILLE REGIONAL AIRPORT
MONTH: APRIL
YEAR: 2023
LATITUDE: 35 43 N
LONGITUDE: 91 39 W
TEMPERATURE IN F: :PCPN: SNOW: WIND :SUNSHINE: SKY :PK WND
================================================================================
1 2 3 4 5 6A 6B 7 8 9 10 11 12 13 14 15 16 17 18
12Z AVG MX 2MIN
DY MAX MIN AVG DEP HDD CDD WTR SNW DPTH SPD SPD DIR MIN PSBL S-S WX SPD DR
================================================================================
1 67 46 57 3 8 0 0.00 M M 9.7 17 280 M M 0 36 290
2 75 38 57 2 8 0 T M M 6.9 17 200 M M 0 8 31 170
3 75 59 67 12 0 2 0.00 M M 7.4 12 180 M M 8 21 190
4 83 69 76 21 0 11 T M M 8.8 17 190 M M 7 31 200
5 76 53 65 9 0 0 0.47 M M 10.3 33 270 M M 7 13 43 290
6 60 49 55 -1 10 0 0.00 M M 7.7 10 90 M M 5 17 40
7 64 45 55 -1 10 0 0.00 M M 8.2 14 70 M M 0 18 70
8 69 42 56 -1 9 0 0.00 M M 6.3 10 70 M M 1 M M
9 65 48 57 0 8 0 0.00 M M 3.7 8 110 M M 8 M M
10 73 48 61 4 4 0 0.00 M M 3.5 12 110 M M 4 8 M M
11 77 44 61 3 4 0 0.00 M M 3.7 10 110 M M 0 18 140
12 79 43 61 3 4 0 0.02 M M 2.7 9 130 M M 0 8 M M
13 80 49 65 7 0 0 0.00 M M 3.6 12 60 M M 2 M M
14 81 50 66 8 0 1 0.00 M M 4.7 9 120 M M 1 8 M M
15 80 52 66 7 0 1 0.65 M M 7.2 22 280 M M 7 138 39 260
16 66 43 55 -4 10 0 0.00 M M 10.5 17 300 M M 1 32 260
17 76 42 59 0 6 0 0.00 M M 6.2 12 210 M M 0 18 290
18 81 52 67 7 0 2 0.00 M M 8.4 16 180 M M 0 22 240
19 83 58 71 11 0 6 0.00 M M 8.5 16 230 M M 0 26 230
20 77 62 70 10 0 5 0.23 M M 7.0 13 210 M M 6 13 26 190
21 69 47 58 -3 7 0 0.87 M M 4.6 16 10 M M 4 1 25 99
22 65 41 53 -8 12 0 0.00 M M 6.1 14 290 M M 1 21 290
23 62 42 52 -9 13 0 0.00 M M 4.7 10 270 M M 1 M M
24 64 36 50 -12 15 0 0.00 M M 4.6 12 120 M M 0 8 18 90
25 66 51 59 -3 6 0 T M M 3.0 9 190 M M 6 M M
26 69 50 60 -2 5 0 T M M 3.7 16 80 M M 7 M M
27 58 53 56 -6 9 0 0.07 M M 3.5 8 40 M M 10 1 M M
28 70 55 63 0 2 0 0.05 M M 2.9 8 30 M M 9 1 M M
29 70 52 61 -2 4 0 0.31 M M 3.6 9 290 M M 6 1 17 300
30 67 44 56 -7 9 0 0.00 M M 8.3 20 290 M M 1 25 280
================================================================================
SM 2147 1463 163 28 2.67 M 180.1 M 102
================================================================================
AV 71.6 48.8 6.0 FASTST M M 3 MAX(MPH)
MISC ----> 33 270 43 290
================================================================================
NOTES:
# LAST OF SEVERAL OCCURRENCES
COLUMN 17 PEAK WIND IN M.P.H.
PRELIMINARY LOCAL CLIMATOLOGICAL DATA (WS FORM: F-6) , PAGE 2
STATION: BATESVILLE REGIONAL AIRPORT
MONTH: APRIL
YEAR: 2023
LATITUDE: 35 43 N
LONGITUDE: 91 39 W
[TEMPERATURE DATA] [PRECIPITATION DATA] SYMBOLS USED IN COLUMN 16
AVERAGE MONTHLY: 60.2 TOTAL FOR MONTH: 2.67 1 = FOG OR MIST
DPTR FM NORMAL: 1.3 DPTR FM NORMAL: -2.01 2 = FOG REDUCING VISIBILITY
HIGHEST: 83 ON 19, 4 GRTST 24HR 1.96 ON 20-21 TO 1/4 MILE OR LESS
LOWEST: 36 ON 24 3 = THUNDER
SNOW, ICE PELLETS, HAIL 4 = ICE PELLETS
TOTAL MONTH: M 5 = HAIL
GRTST 24HR M ON M 6 = FREEZING RAIN OR DRIZZLE
GRTST DEPTH: M ON M 7 = DUSTSTORM OR SANDSTORM:
VSBY 1/2 MILE OR LESS
8 = SMOKE OR HAZE
[NO. OF DAYS WITH] [WEATHER - DAYS WITH] 9 = BLOWING SNOW
X = TORNADO
MAX 32 OR BELOW: 0 0.01 INCH OR MORE: 8
MAX 90 OR ABOVE: 0 0.10 INCH OR MORE: 5
MIN 32 OR BELOW: 0 0.50 INCH OR MORE: 2
MIN 0 OR BELOW: 0 1.00 INCH OR MORE: 0
[HDD (BASE 65) ]
TOTAL THIS MO. 163 CLEAR (SCALE 0-3) 16
DPTR FM NORMAL -51 PTCLDY (SCALE 4-7) 10
TOTAL FM JUL 1 2553 CLOUDY (SCALE 8-10) 4
DPTR FM NORMAL -1188
[CDD (BASE 65) ]
TOTAL THIS MO. 28
DPTR FM NORMAL -5 [PRESSURE DATA]
TOTAL FM JAN 1 38 HIGHEST SLP 30.12 ON 26
DPTR FM NORMAL 0 LOWEST SLP 29.72 ON 27
[REMARKS]
#FINAL-04-23#