000
CXUS54 KLZK 011230
CF6BVX
PRELIMINARY LOCAL CLIMATOLOGICAL DATA (WS FORM: F-6)
STATION: BATESVILLE REGIONAL AIRPORT
MONTH: OCTOBER
YEAR: 2022
LATITUDE: 35 43 N
LONGITUDE: 91 39 W
TEMPERATURE IN F: :PCPN: SNOW: WIND :SUNSHINE: SKY :PK WND
================================================================================
1 2 3 4 5 6A 6B 7 8 9 10 11 12 13 14 15 16 17 18
12Z AVG MX 2MIN
DY MAX MIN AVG DEP HDD CDD WTR SNW DPTH SPD SPD DIR MIN PSBL S-S WX SPD DR
================================================================================
1 79 46 63 -2 2 0 0.00 M M 4.5 9 30 M M 0 8 M M
2 83 48 66 1 0 1 0.00 M M 3.8 8 40 M M 0 M M
3 80 50 65 0 0 0 0.00 M M 3.8 8 70 M M 0 M M
4 78 47 63 -1 2 0 0.00 M M 3.2 7 80 M M 0 M M
5 82 44 63 -1 2 0 T M M 3.5 8 120 M M 0 M M
6 84 56 70 6 0 5 0.00 M M 4.1 9 290 M M 0 M M
7 78 55 67 4 0 2 0.00 M M 4.4 8 20 M M 1 M M
8 70 45 58 -5 7 0 0.00 M M 2.6 8 110 M M 0 8 M M
9 79 44 62 0 3 0 0.00 M M 1.7 8 230 M M 4 M M
10 85 50 68 6 0 3 0.00 M M 2.1 7 170 M M 2 M M
11 84 61 73 11 0 8 T M M 7.1 16 200 M M 1 21 200
12 81 58 70 8 0 5 0.09 M M 6.2 18 220 M M 3 13 24 220
13 74 47 61 0 4 0 0.00 M M 5.7 16 280 M M 0 26 300
14 83 41 62 1 3 0 0.00 M M 8.1 21 250 M M 0 32 260
15 80 55 68 7 0 3 0.16 M M 4.9 9 270 M M 1 138 M M
16 74 55 65 5 0 0 0.82 M M 5.6 14 140 M M 5 13 M M
17 61 41 51 -9 14 0 0.00 M M 6.6 14 310 M M 0 24 320
18 53 31 42 -18 23 0 0.00 M M 5.6 9 300 M M 0 17 300
19 58 29 44 -15 21 0 0.00 M M 4.3 10 230 M M 0 M M
20 73 31 52 -7 13 0 0.00 M M 3.8 13 210 M M 0 16 200
21 79 47 63 4 2 0 0.00 M M 5.8 12 180 M M 0 17 220
22 79 61 70 12 0 5 0.00 M M 10.6 16 200 M M 2 25 99
23 80 65 73 15 0 8 0.00 M M 10.1 21 190 M M 5 26 200
24 81 66 74 16 0 9 T M M 10.5 15 150 M M 5 24 190
25 74 42 58 1 7 0 0.28 M M 10.3 21 230 M M 7 1 36 210
26 69 42 56 -1 9 0 0.00 M M 4.0 8 20 M M 0 8 M M
27 66 36 51 -6 14 0 0.00 M M 3.9 9 50 M M 0 8 M M
28 71 40 56 0 9 0 0.00 M M 4.8 9 60 M M 0 8 M M
29 62 55 59 3 6 0 0.84 M M 6.9 17 100 M M 7 1 22 60
30 63 59 61 5 4 0 0.38 M M 3.8 9 200 M M 10 18 M M
31 74 51 63 8 2 0 0.00 M M 3.6 8 280 M M 3 M M
================================================================================
SM 2317 1498 147 49 2.57 M 166.0 M 56
================================================================================
AV 74.7 48.3 5.4 FASTST M M 2 MAX(MPH)
MISC ----> # 21 190 36 210
================================================================================
NOTES:
# LAST OF SEVERAL OCCURRENCES
COLUMN 17 PEAK WIND IN M.P.H.
PRELIMINARY LOCAL CLIMATOLOGICAL DATA (WS FORM: F-6) , PAGE 2
STATION: BATESVILLE REGIONAL AIRPORT
MONTH: OCTOBER
YEAR: 2022
LATITUDE: 35 43 N
LONGITUDE: 91 39 W
[TEMPERATURE DATA] [PRECIPITATION DATA] SYMBOLS USED IN COLUMN 16
AVERAGE MONTHLY: 61.5 TOTAL FOR MONTH: 2.57 1 = FOG OR MIST
DPTR FM NORMAL: 1.2 DPTR FM NORMAL: -1.75 2 = FOG REDUCING VISIBILITY
HIGHEST: 85 ON 10 GRTST 24HR 1.13 ON 29-30 TO 1/4 MILE OR LESS
LOWEST: 29 ON 19 3 = THUNDER
SNOW, ICE PELLETS, HAIL 4 = ICE PELLETS
TOTAL MONTH: M 5 = HAIL
GRTST 24HR M ON M 6 = FREEZING RAIN OR DRIZZLE
GRTST DEPTH: M ON M 7 = DUSTSTORM OR SANDSTORM:
VSBY 1/2 MILE OR LESS
8 = SMOKE OR HAZE
[NO. OF DAYS WITH] [WEATHER - DAYS WITH] 9 = BLOWING SNOW
X = TORNADO
MAX 32 OR BELOW: 0 0.01 INCH OR MORE: 6
MAX 90 OR ABOVE: 0 0.10 INCH OR MORE: 5
MIN 32 OR BELOW: 3 0.50 INCH OR MORE: 2
MIN 0 OR BELOW: 0 1.00 INCH OR MORE: 0
[HDD (BASE 65) ]
TOTAL THIS MO. 147 CLEAR (SCALE 0-3) 23
DPTR FM NORMAL -43 PTCLDY (SCALE 4-7) 7
TOTAL FM JUL 1 159 CLOUDY (SCALE 8-10) 1
DPTR FM NORMAL -57
[CDD (BASE 65) ]
TOTAL THIS MO. 49
DPTR FM NORMAL 5 [PRESSURE DATA]
TOTAL FM JAN 1 2038 HIGHEST SLP 30.48 ON 8
DPTR FM NORMAL 300 LOWEST SLP 29.54 ON 25
[REMARKS]
#FINAL-10-22#