282
CXUS54 KLZK 011130
CF6BVX
PRELIMINARY LOCAL CLIMATOLOGICAL DATA (WS FORM: F-6)
STATION: Batesville Regional Airport
MONTH: JUNE
YEAR: 2020
LATITUDE: 35 43 N
LONGITUDE: 91 39 W
TEMPERATURE IN F: :PCPN: SNOW: WIND :SUNSHINE: SKY :PK WND
================================================================================
1 2 3 4 5 6A 6B 7 8 9 10 11 12 13 14 15 16 17 18
12Z AVG MX 2MIN
DY MAX MIN AVG DEP HDD CDD WTR SNW DPTH SPD SPD DIR MIN PSBL S-S WX SPD DR
================================================================================
1 83 57 70 -3 0 5 0.00 M M 3.2 8 120 M M 0 M M
2 87 57 72 -1 0 7 0.00 M M 3.0 9 170 M M 0 1 M M
3 87 69 78 5 0 13 0.58 M M 4.9 12 230 M M 3 13 M M
4 86 70 78 4 0 13 T M M 4.1 9 260 M M 3 M M
5 94 70 82 8 0 17 T M M 4.1 8 80 M M 3 1 M M
6 92 68 80 6 0 15 0.00 M M 3.9 9 100 M M 1 12 M M
7 94 68 81 7 0 16 0.00 M M 6.9 15 90 M M 1 1 18 60
8 80 73 77 2 0 12 3.11 M M 8.6 18 80 M M 6 12 23 50
9 88 72 80 5 0 15 0.32 M M 10.3 15 200 M M 7 13 24 220
10 75 61 68 -7 0 3 M M M 9.0 20 250 M M 4 32 250
11 84 56 70 -6 0 5 M M M 3.5 7 330 M M 0 8 M M
12 88 59 74 -2 0 9 M M M 2.6 5 320 M M 0 M M
13 91 64 78 2 0 13 M M M 1.2 7 270 M M 1 3 M M
14 90 64 77 1 0 12 M M M 2.3 7 90 M M 1 8 M M
15 87 64 76 -1 0 11 M M M 4.5 9 70 M M 1 18 M M
16 84 60 72 -5 0 7 M M M 2.4 9 70 M M 1 M M
17 87 58 73 -4 0 8 M M M 2.4 7 80 M M 2 M M
18 88 61 75 -2 0 10 M M M 1.9 7 210 M M 1 1 M M
19 90 62 76 -2 0 11 M M M 3.8 9 200 M M 1 M M
20 89 69 79 1 0 14 0.14 M M 5.1 13 210 M M 4 1 18 210
21 88 68 78 0 0 13 0.12 M M 3.5 9 170 M M 6 1 M M
22 82 70 76 -2 0 11 0.20 M M 5.6 10 240 M M 7 1 M M
23 83 69 76 -2 0 11 0.45 M M 1.7 8 180 M M 2 13 M M
24 86 64 75 -4 0 10 T M M 3.3 8 50 M M 3 M M
25 88 61 75 -4 0 10 0.00 M M 3.3 8 190 M M 0 M M
26 85 72 79 0 0 14 0.00 M M 7.3 13 200 M M 6 20 220
27 89 71 80 1 0 15 0.04 M M 6.5 13 220 M M 5 138 20 220
28 90 73 82 3 0 17 0.33 M M 7.3 14 230 M M 4 13 18 250
29 80 73 77 -2 0 12 0.11 M M 5.0 8 180 M M 5 1 M M
30 90 75 83 3 0 18 0.00 M M 7.6 16 190 M M 6 22 190
================================================================================
SM 2605 1978 0 347 5.40 M 138.8 M 84
================================================================================
AV 86.8 65.9 4.6 FASTST M M 3 MAX(MPH)
MISC ----> # 20 250 # 32 250
================================================================================
NOTES:
# LAST OF SEVERAL OCCURRENCES
COLUMN 17 PEAK WIND IN M.P.H.
PRELIMINARY LOCAL CLIMATOLOGICAL DATA (WS FORM: F-6) , PAGE 2
STATION: Batesville Regional Airport
MONTH: JUNE
YEAR: 2020
LATITUDE: 35 43 N
LONGITUDE: 91 39 W
[TEMPERATURE DATA] [PRECIPITATION DATA] SYMBOLS USED IN COLUMN 16
AVERAGE MONTHLY: 76.4 TOTAL FOR MONTH: 5.40 1 = FOG OR MIST
DPTR FM NORMAL: -0.2 DPTR FM NORMAL: 1.85 2 = FOG REDUCING VISIBILITY
HIGHEST: 94 ON 7, 5 GRTST 24HR 3.11 ON 8- 8 TO 1/4 MILE OR LESS
LOWEST: 56 ON 11 3 = THUNDER
SNOW, ICE PELLETS, HAIL 4 = ICE PELLETS
TOTAL MONTH: M 5 = HAIL
GRTST 24HR M ON M 6 = FREEZING RAIN OR DRIZZLE
GRTST DEPTH: M ON M 7 = DUSTSTORM OR SANDSTORM:
VSBY 1/2 MILE OR LESS
8 = SMOKE OR HAZE
[NO. OF DAYS WITH] [WEATHER - DAYS WITH] 9 = BLOWING SNOW
X = TORNADO
MAX 32 OR BELOW: 0 0.01 INCH OR MORE: 10
MAX 90 OR ABOVE: 8 0.10 INCH OR MORE: 9
MIN 32 OR BELOW: 0 0.50 INCH OR MORE: 2
MIN 0 OR BELOW: 0 1.00 INCH OR MORE: 1
[HDD (BASE 65) ]
TOTAL THIS MO. 0 CLEAR (SCALE 0-3) 19
DPTR FM NORMAL -2 PTCLDY (SCALE 4-7) 11
TOTAL FM JUL 1 2666 CLOUDY (SCALE 8-10) 0
DPTR FM NORMAL -1124
[CDD (BASE 65) ]
TOTAL THIS MO. 347
DPTR FM NORMAL -1 [PRESSURE DATA]
TOTAL FM JAN 1 499 HIGHEST SLP 30.33 ON 12
DPTR FM NORMAL -32 LOWEST SLP 29.41 ON 9
[REMARKS]
#FINAL-06-20#