000
CXUS51 KLWX 011109
CF6BWI
PRELIMINARY LOCAL CLIMATOLOGICAL DATA (WS FORM: F-6)
STATION: BALTIMORE MD
MONTH: JULY
YEAR: 2022
LATITUDE: 39 10 N
LONGITUDE: 76 40 W
TEMPERATURE IN F: :PCPN: SNOW: WIND :SUNSHINE: SKY :PK WND
================================================================================
1 2 3 4 5 6A 6B 7 8 9 10 11 12 13 14 15 16 17 18
12Z AVG MX 2MIN
DY MAX MIN AVG DEP HDD CDD WTR SNW DPTH SPD SPD DIR MIN PSBL S-S WX SPD DR
================================================================================
1 96 72 84 6 0 19 T 0.0 0 5.4 14 230 M M 5 3 20 220
2 94 73 84 6 0 19 0.13 0.0 0 5.8 15 320 M M 7 3 20 180
3 91 68 80 2 0 15 0.01 0.0 0 4.2 13 310 M M 6 3 24 10
4 89 66 78 0 0 13 0.00 0.0 0 4.2 13 80 M M 3 18 60
5 88 68 78 0 0 13 1.06 0.0 0 4.7 15 170 M M 7 13 23 180
6 93 73 83 5 0 18 0.49 0.0 0 7.2 14 40 M M 7 138 25 20
7 82 72 77 -1 0 12 2.46 0.0 0 6.4 15 50 M M 9 123 20 20
8 88 70 79 1 0 14 T 0.0 0 2.9 10 160 M M 7 13 170
9 76 70 73 -5 0 8 1.36 0.0 0 6.9 20 80 M M 10 1 25 70
10 83 65 74 -4 0 9 0.00 0.0 0 4.3 12 130 M M 6 17 20
11 86 61 74 -4 0 9 0.00 0.0 0 3.6 13 150 M M 1 1 19 150
12 92 67 80 1 0 15 0.02 0.0 0 7.9 28 260 M M 4 3 45 260
13 92 69 81 2 0 16 0.00 0.0 0 4.6 14 250 M M 7 22 280
14 90 69 80 1 0 15 0.00 0.0 0 6.5 15 270 M M 4 23 250
15 89 68 79 0 0 14 0.00 0.0 0 3.5 10 90 M M 4 16 50
16 87 68 78 -1 0 13 0.08 0.0 0 4.0 14 120 M M 7 138 21 120
17 85 70 78 -1 0 13 T 0.0 0 3.5 10 130 M M 8 1238 14 130
18 94 74 84 5 0 19 0.37 0.0 0 5.6 24 290 M M 8 13 36 280
19 92 73 83 5 0 18 0.00 0.0 0 5.0 13 260 M M 5 18 250
20 95 72 84 6 0 19 0.00 0.0 0 5.3 13 160 M M 2 19 150
21 94 79 87 9 0 22 0.00 0.0 0 7.3 18 280 M M 5 25 240
22 96 74 85 7 0 20 0.00 0.0 0 6.0 14 260 M M 4 21 270
23 98 76 87 9 0 22 T 0.0 0 4.7 26 290 M M 3 41 290
24 97 69 83 5 0 18 0.00 0.0 0 5.0 13 150 M M 4 18 150
25 92 75 84 6 0 19 T 0.0 0 7.2 16 210 M M 7 3 25 200
26 81 73 77 -1 0 12 T 0.0 0 4.1 10 60 M M 9 18 10
27 91 71 81 3 0 16 0.00 0.0 0 4.3 13 280 M M 7 18 240
28 95 73 84 6 0 19 0.15 0.0 0 6.4 22 290 M M 6 3 29 300
29 89 70 80 2 0 15 T 0.0 0 2.9 15 350 M M 7 22 350
30 91 71 81 3 0 16 0.00 0.0 0 6.3 15 290 M M 6 24 330
31 89 68 79 1 0 14 0.12 0.0 0 3.7 13 150 M M 8 1 22 150
================================================================================
SM 2795 2187 0 484 6.25 0.0 159.4 M 183
================================================================================
AV 90.2 70.5 5.1 FASTST M M 6 MAX(MPH)
MISC ----> 28 260 45 260
================================================================================
NOTES:
# LAST OF SEVERAL OCCURRENCES
COLUMN 17 PEAK WIND IN M.P.H.
PRELIMINARY LOCAL CLIMATOLOGICAL DATA (WS FORM: F-6) , PAGE 2
STATION: BALTIMORE MD
MONTH: JULY
YEAR: 2022
LATITUDE: 39 10 N
LONGITUDE: 76 40 W
[TEMPERATURE DATA] [PRECIPITATION DATA] SYMBOLS USED IN COLUMN 16
AVERAGE MONTHLY: 80.4 TOTAL FOR MONTH: 6.25 1 = FOG OR MIST
DPTR FM NORMAL: 2.1 DPTR FM NORMAL: 1.77 2 = FOG REDUCING VISIBILITY
HIGHEST: 98 ON 23 GRTST 24HR 2.95 ON 6- 7 TO 1/4 MILE OR LESS
LOWEST: 61 ON 11 3 = THUNDER
SNOW, ICE PELLETS, HAIL 4 = ICE PELLETS
TOTAL MONTH: 0.0 INCH 5 = HAIL
GRTST 24HR 0.0 6 = FREEZING RAIN OR DRIZZLE
GRTST DEPTH: 0 7 = DUSTSTORM OR SANDSTORM:
VSBY 1/2 MILE OR LESS
8 = SMOKE OR HAZE
[NO. OF DAYS WITH] [WEATHER - DAYS WITH] 9 = BLOWING SNOW
X = TORNADO
MAX 32 OR BELOW: 0 0.01 INCH OR MORE: 11
MAX 90 OR ABOVE: 18 0.10 INCH OR MORE: 8
MIN 32 OR BELOW: 0 0.50 INCH OR MORE: 3
MIN 0 OR BELOW: 0 1.00 INCH OR MORE: 3
[HDD (BASE 65) ]
TOTAL THIS MO. 0 CLEAR (SCALE 0-3) 2
DPTR FM NORMAL 0 PTCLDY (SCALE 4-7) 26
TOTAL FM JUL 1 0 CLOUDY (SCALE 8-10) 3
DPTR FM NORMAL 0
[CDD (BASE 65) ]
TOTAL THIS MO. 484
DPTR FM NORMAL 73 [PRESSURE DATA]
TOTAL FM JAN 1 906 HIGHEST SLP 30.20 ON 4
DPTR FM NORMAL 118 LOWEST SLP 29.65 ON 21
[REMARKS]
#FINAL-07-22#