000
CXUS55 KGJT 010910
CF6CAG
PRELIMINARY LOCAL CLIMATOLOGICAL DATA (WS FORM: F-6)
STATION: CRAIG CO
MONTH: AUGUST
YEAR: 2021
LATITUDE: 40 30 N
LONGITUDE: 107 32 W
TEMPERATURE IN F: :PCPN: SNOW: WIND :SUNSHINE: SKY :PK WND
================================================================================
1 2 3 4 5 6A 6B 7 8 9 10 11 12 13 14 15 16 17 18
12Z AVG MX 2MIN
DY MAX MIN AVG DEP HDD CDD WTR SNW DPTH SPD SPD DIR MIN PSBL S-S WX SPD DR
================================================================================
1 87 52 70 1 0 5 0.00 M M 3.7 26 200 M M 2 3 33 200
2 79 56 68 -1 0 3 0.06 M M 3.8 17 210 M M 7 1 22 210
3 77 57 67 -2 0 2 0.02 M M 6.2 20 330 M M 4 138 29 340
4 84 49 67 -2 0 2 0.00 M M 2.6 14 340 M M 2 1 19 310
5 92 44 68 -1 0 3 0.00 M M 4.5 16 260 M M 0 26 280
6 92 46 69 1 0 4 T M M 10.4 46 250 M M 2 38 65 250
7 78 44 61 -7 4 0 0.00 M M 2.2 13 290 M M 1 8 16 290
8 89 40 65 -3 0 0 0.00 M M 6.4 21 250 M M 0 18 29 260
9 91 43 67 -1 0 2 0.00 M M 6.8 28 270 M M 0 8 36 260
10 89 43 66 -2 0 1 0.00 M M 4.2 18 280 M M 0 8 30 300
11 89 39 64 -4 1 0 0.00 M M 4.0 16 290 M M 0 23 290
12 94 38 66 -1 0 1 0.00 M M 2.7 13 270 M M 0 19 270
13 95 46 71 4 0 6 0.00 M M 3.6 17 20 M M 0 23 350
14 96 48 72 5 0 7 0.00 M M 4.1 16 280 M M 0 23 290
15 92 50 71 4 0 6 0.00 M M 5.5 23 80 M M 0 3 33 70
16 90 47 69 3 0 4 0.00 M M 4.5 13 160 M M 0 19 270
17 93 47 70 4 0 5 0.03 M M 5.2 38 220 M M 0 38 48 210
18 86 55 71 5 0 6 0.23 M M 6.9 31 240 M M 5 13 40 250
19 68 49 59 -7 6 0 0.24 M M 11.1 35 240 M M 9 1 46 220
20 72 44 58 -8 7 0 T M M 8.5 20 220 M M 4 8 28 230
21 81 38 60 -5 5 0 T M M 7.5 29 230 M M 2 1 38 220
22 85 45 65 0 0 0 0.00 M M 6.4 25 260 M M 2 38 240
23 86 41 64 -1 1 0 T M M 9.2 29 230 M M 2 3 39 210
24 88 39 64 0 1 0 0.00 M M 5.9 24 220 M M 0 37 230
25 89 37 63 -1 2 0 0.00 M M 7.4 25 220 M M 0 39 230
26 85 48 67 3 0 2 0.29 M M 9.7 37 180 M M 3 38 50 190
27 88 44 66 2 0 1 0.00 M M 6.9 23 290 M M 0 35 290
28 89 40 65 2 0 0 0.00 M M 5.4 22 280 M M 0 38 260
29 87 39 63 0 2 0 0.00 M M 3.1 15 300 M M 0 21 280
30 91 39 65 2 0 0 0.00 M M 4.7 21 260 M M 0 31 280
31 90 39 65 3 0 0 0.00 M M 6.8 21 220 M M 0 28 230
================================================================================
SM 2692 1386 29 60 0.87 M 179.9 M 45
================================================================================
AV 86.8 44.7 5.8 FASTST M M 1 MAX(MPH)
MISC ----> 46 250 65 250
================================================================================
NOTES:
# LAST OF SEVERAL OCCURRENCES
COLUMN 17 PEAK WIND IN M.P.H.
PRELIMINARY LOCAL CLIMATOLOGICAL DATA (WS FORM: F-6) , PAGE 2
STATION: CRAIG CO
MONTH: AUGUST
YEAR: 2021
LATITUDE: 40 30 N
LONGITUDE: 107 32 W
[TEMPERATURE DATA] [PRECIPITATION DATA] SYMBOLS USED IN COLUMN 16
AVERAGE MONTHLY: 65.8 TOTAL FOR MONTH: 0.87 1 = FOG OR MIST
DPTR FM NORMAL: -0.5 DPTR FM NORMAL: -0.10 2 = FOG REDUCING VISIBILITY
HIGHEST: 96 ON 14 GRTST 24HR 0.46 ON 18-19 TO 1/4 MILE OR LESS
LOWEST: 37 ON 25 3 = THUNDER
SNOW, ICE PELLETS, HAIL 4 = ICE PELLETS
TOTAL MONTH: M 5 = HAIL
GRTST 24HR M ON M 6 = FREEZING RAIN OR DRIZZLE
GRTST DEPTH: M ON M 7 = DUSTSTORM OR SANDSTORM:
VSBY 1/2 MILE OR LESS
8 = SMOKE OR HAZE
[NO. OF DAYS WITH] [WEATHER - DAYS WITH] 9 = BLOWING SNOW
X = TORNADO
MAX 32 OR BELOW: 0 0.01 INCH OR MORE: 6
MAX 90 OR ABOVE: 11 0.10 INCH OR MORE: 3
MIN 32 OR BELOW: 0 0.50 INCH OR MORE: 0
MIN 0 OR BELOW: 0 1.00 INCH OR MORE: 0
[HDD (BASE 65) ]
TOTAL THIS MO. 29 CLEAR (SCALE 0-3) 25
DPTR FM NORMAL -7 PTCLDY (SCALE 4-7) 5
TOTAL FM JUL 1 29 CLOUDY (SCALE 8-10) 1
DPTR FM NORMAL -19
[CDD (BASE 65) ]
TOTAL THIS MO. 60
DPTR FM NORMAL -14 [PRESSURE DATA]
TOTAL FM JAN 1 337 HIGHEST SLP M ON M
DPTR FM NORMAL 126 LOWEST SLP 29.67 ON 17
[REMARKS]
#FINAL-08-21#