000
CXUS55 KABQ 011010
CF6CAO
PRELIMINARY LOCAL CLIMATOLOGICAL DATA (WS FORM: F-6)
STATION: CLAYTON NM
MONTH: JULY
YEAR: 2023
LATITUDE: 36 27 N
LONGITUDE: 103 9 W
TEMPERATURE IN F: :PCPN: SNOW: WIND :SUNSHINE: SKY :PK WND
================================================================================
1 2 3 4 5 6A 6B 7 8 9 10 11 12 13 14 15 16 17 18
12Z AVG MX 2MIN
DY MAX MIN AVG DEP HDD CDD WTR SNW DPTH SPD SPD DIR MIN PSBL S-S WX SPD DR
================================================================================
1 83 55 69 -6 0 4 0.03 0.0 0 5.5 22 210 M M 2 3 29 230
2 87 56 72 -3 0 7 0.39 0.0 0 11.6 35 330 M M 1 13 50 340
3 87 59 73 -2 0 8 0.00 0.0 0 10.0 20 270 M M 0 28 270
4 91 60 76 1 0 11 0.00 0.0 0 13.1 26 200 M M 0 36 210
5 78 60 69 -6 0 4 T 0.0 0 12.4 30 100 M M 4 3 40 110
6 83 59 71 -4 0 6 T 0.0 0 18.0 30 180 M M 5 123 42 170
7 88 59 74 -1 0 9 0.58 0.0 0 11.4 35 30 M M 3 123 48 20
8 83 58 71 -4 0 6 0.00 0.0 0 13.1 28 180 M M 3 1 36 190
9 79 57 68 -8 0 3 0.00 0.0 0 10.4 22 170 M M 5 12 28 170
10 93 63 78 2 0 13 0.00 0.0 0 13.5 25 180 M M 4 13 34 210
11 98 64 81 5 0 16 0.00 0.0 0 9.0 20 110 M M 0 27 80
12 96 61 79 3 0 14 0.00 0.0 0 9.6 23 30 M M 0 32 20
13 89 59 74 -2 0 9 0.89 0.0 0 10.5 37 320 M M 3 138 52 320
14 92 61 77 1 0 12 0.05 0.0 0 11.7 32 100 M M 1 13 41 100
15 81 61 71 -5 0 6 0.03 0.0 0 11.2 29 150 M M 5 3 40 150
16 92 61 77 1 0 12 T 0.0 0 8.1 23 240 M M 1 32 240
17 96 65 81 5 0 16 0.00 0.0 0 11.0 24 200 M M 0 34 190
18 98 66 82 6 0 17 0.00 0.0 0 11.7 22 30 M M 0 28 30
19 90 65 78 2 0 13 0.02 0.0 0 10.7 29 310 M M 2 3 40 260
20 91 63 77 1 0 12 0.00 0.0 0 10.6 25 150 M M 0 32 150
21 81 59 70 -6 0 5 T 0.0 0 9.8 23 40 M M 6 1 32 50
22 89 59 74 -2 0 9 0.00 0.0 0 8.9 21 120 M M 0 1 32 170
23 97 62 80 4 0 15 0.00 0.0 0 10.4 23 200 M M 0 30 200
24 101 72 87 11 0 22 0.00 0.0 0 9.9 21 240 M M 0 28 240
25 100 67 84 8 0 19 0.02 0.0 0 9.3 23 150 M M 1 3 29 260
26 101 68 85 10 0 20 0.05 0.0 0 6.7 20 210 M M 0 3 28 190
27 97 66 82 7 0 17 0.11 0.0 0 10.4 35 10 M M 2 3 46 10
28 97 64 81 6 0 16 0.00 0.0 0 11.2 20 210 M M 1 32 220
29 96 66 81 6 0 16 0.00 0.0 0 8.3 17 270 M M 1 25 80
30 95 67 81 6 0 16 0.00 0.0 0 11.6 23 180 M M 0 32 180
31 96 64 80 5 0 15 0.00 0.0 0 12.0 23 190 M M 0 33 190
================================================================================
SM 2825 1926 0 368 2.17 0.0 331.6 M 50
================================================================================
AV 91.1 62.1 10.7 FASTST M M 2 MAX(MPH)
MISC ----> 37 320 52 320
================================================================================
NOTES:
# LAST OF SEVERAL OCCURRENCES
COLUMN 17 PEAK WIND IN M.P.H.
PRELIMINARY LOCAL CLIMATOLOGICAL DATA (WS FORM: F-6) , PAGE 2
STATION: CLAYTON NM
MONTH: JULY
YEAR: 2023
LATITUDE: 36 27 N
LONGITUDE: 103 9 W
[TEMPERATURE DATA] [PRECIPITATION DATA] SYMBOLS USED IN COLUMN 16
AVERAGE MONTHLY: 76.6 TOTAL FOR MONTH: 2.17 1 = FOG OR MIST
DPTR FM NORMAL: 1.2 DPTR FM NORMAL: -0.64 2 = FOG REDUCING VISIBILITY
HIGHEST: 101 ON 26,24 GRTST 24HR 0.94 ON 13-14 TO 1/4 MILE OR LESS
LOWEST: 55 ON 1 3 = THUNDER
SNOW, ICE PELLETS, HAIL 4 = ICE PELLETS
TOTAL MONTH: 0.0 INCH 5 = HAIL
GRTST 24HR 0.0 6 = FREEZING RAIN OR DRIZZLE
GRTST DEPTH: 0 7 = DUSTSTORM OR SANDSTORM:
VSBY 1/2 MILE OR LESS
8 = SMOKE OR HAZE
[NO. OF DAYS WITH] [WEATHER - DAYS WITH] 9 = BLOWING SNOW
X = TORNADO
MAX 32 OR BELOW: 0 0.01 INCH OR MORE: 10
MAX 90 OR ABOVE: 19 0.10 INCH OR MORE: 4
MIN 32 OR BELOW: 0 0.50 INCH OR MORE: 2
MIN 0 OR BELOW: 0 1.00 INCH OR MORE: 0
[HDD (BASE 65) ]
TOTAL THIS MO. 0 CLEAR (SCALE 0-3) 24
DPTR FM NORMAL -2 PTCLDY (SCALE 4-7) 7
TOTAL FM JUL 1 0 CLOUDY (SCALE 8-10) 0
DPTR FM NORMAL 0
[CDD (BASE 65) ]
TOTAL THIS MO. 368
DPTR FM NORMAL 44 [PRESSURE DATA]
TOTAL FM JAN 1 518 HIGHEST SLP M ON M
DPTR FM NORMAL -70 LOWEST SLP 29.70 ON 7
[REMARKS]
#FINAL-07-23#