000
CXUS55 KABQ 011000
CF6CAO
PRELIMINARY LOCAL CLIMATOLOGICAL DATA (WS FORM: F-6)
STATION: CLAYTON NM
MONTH: JUNE
YEAR: 2020
LATITUDE: 36 27 N
LONGITUDE: 103 9 W
TEMPERATURE IN F: :PCPN: SNOW: WIND :SUNSHINE: SKY :PK WND
================================================================================
1 2 3 4 5 6A 6B 7 8 9 10 11 12 13 14 15 16 17 18
12Z AVG MX 2MIN
DY MAX MIN AVG DEP HDD CDD WTR SNW DPTH SPD SPD DIR MIN PSBL S-S WX SPD DR
================================================================================
1 91 57 74 8 0 9 0.00 0.0 0 15.8 30 150 M M 0 37 140
2 91 58 75 9 0 10 T 0.0 0 12.8 36 310 M M 2 45 320
3 91 58 75 8 0 10 T 0.0 0 7.0 37 300 M M 1 38 47 300
4 95 61 78 11 0 13 T 0.0 0 9.0 25 210 M M 0 3 30 260
5 97 54 76 9 0 11 0.00 0.0 0 14.7 29 160 M M 0 38 170
6 95 64 80 12 0 15 0.00 0.0 0 23.7 40 150 M M 0 51 170
7 95 63 79 11 0 14 0.00 0.0 0 26.8 41 180 M M 0 51 190
8 93 60 77 9 0 12 0.00 0.0 0 18.7 37 200 M M 0 45 200
9 69 47 58 -11 7 0 0.00 0.0 0 23.8 54 320 M M 0 8 67 320
10 81 47 64 -5 1 0 0.00 0.0 0 11.7 23 190 M M 0 31 190
11 92 52 72 3 0 7 0.00 0.0 0 14.2 33 180 M M 0 3 42 190
12 94 58 76 6 0 11 0.00 0.0 0 14.8 37 350 M M 0 3 45 350
13 92 59 76 6 0 11 0.00 0.0 0 20.0 38 180 M M 0 46 190
14 92 61 77 7 0 12 T 0.0 0 20.8 37 180 M M 1 46 180
15 93 61 77 7 0 12 0.00 0.0 0 20.5 31 170 M M 0 38 170
16 90 58 74 3 0 9 0.04 0.0 0 20.6 45 190 M M 1 3 58 180
17 97 57 77 6 0 12 0.00 0.0 0 19.0 33 190 M M 0 44 200
18 85 60 73 2 0 8 0.00 0.0 0 18.2 32 340 M M 0 43 330
19 78 56 67 -5 0 2 T 0.0 0 14.9 26 20 M M 6 13 35 100
20 84 56 70 -2 0 5 0.32 0.0 0 13.8 29 100 M M 3 13 36 100
21 95 53 74 2 0 9 T 0.0 0 11.2 31 50 M M 0 35 50
22 90 56 73 1 0 8 0.03 0.0 0 9.4 29 50 M M 3 13 38 40
23 84 54 69 -3 0 4 0.22 0.0 0 M M M 0 0 0 3 0 0
24 91 52 72 -1 0 7 0.07 0.0 0 20.6 38 190 M M 3 3 53 190
25 95 61 78 5 0 13 0.00 0.0 0 15.6 30 200 M M 0 48 190
26 95 60 78 5 0 13 0.39 0.0 0 10.4 37 220 M M 0 3 48 220
27 96 59 78 5 0 13 0.00 0.0 0 11.8 31 190 M M 0 8 38 180
28 98 62 80 6 0 15 0.00 0.0 0 14.8 28 170 M M 0 33 260
29 97 62 80 6 0 15 0.00 0.0 0 14.0 29 200 M M 0 38 200
30 93 65 79 5 0 14 0.00 0.0 0 13.3 25 260 M M 0 33 260
================================================================================
SM 2729 1731 8 294 1.07 0.0 461.9 0 20
================================================================================
AV 91.0 57.7 15.9 FASTST 0 0 1 MAX(MPH)
MISC ----> # 54 320 # 67 320
================================================================================
NOTES:
# LAST OF SEVERAL OCCURRENCES
COLUMN 17 PEAK WIND IN M.P.H.
PRELIMINARY LOCAL CLIMATOLOGICAL DATA (WS FORM: F-6) , PAGE 2
STATION: CLAYTON NM
MONTH: JUNE
YEAR: 2020
LATITUDE: 36 27 N
LONGITUDE: 103 9 W
[TEMPERATURE DATA] [PRECIPITATION DATA] SYMBOLS USED IN COLUMN 16
AVERAGE MONTHLY: 74.3 TOTAL FOR MONTH: 1.07 1 = FOG OR MIST
DPTR FM NORMAL: 3.9 DPTR FM NORMAL: -1.06 2 = FOG REDUCING VISIBILITY
HIGHEST: 98 ON 28 GRTST 24HR 0.39 ON 26-26 TO 1/4 MILE OR LESS
LOWEST: 47 ON 10, 9 3 = THUNDER
SNOW, ICE PELLETS, HAIL 4 = ICE PELLETS
TOTAL MONTH: 0.0 INCH 5 = HAIL
GRTST 24HR 0.0 6 = FREEZING RAIN OR DRIZZLE
GRTST DEPTH: 0 7 = DUSTSTORM OR SANDSTORM:
VSBY 1/2 MILE OR LESS
8 = SMOKE OR HAZE
[NO. OF DAYS WITH] [WEATHER - DAYS WITH] 9 = BLOWING SNOW
X = TORNADO
MAX 32 OR BELOW: 0 0.01 INCH OR MORE: 6
MAX 90 OR ABOVE: 24 0.10 INCH OR MORE: 3
MIN 32 OR BELOW: 0 0.50 INCH OR MORE: 0
MIN 0 OR BELOW: 0 1.00 INCH OR MORE: 0
[HDD (BASE 65) ]
TOTAL THIS MO. 8 CLEAR (SCALE 0-3) 28
DPTR FM NORMAL -15 PTCLDY (SCALE 4-7) 2
TOTAL FM JUL 1 4737 CLOUDY (SCALE 8-10) 0
DPTR FM NORMAL -147
[CDD (BASE 65) ]
TOTAL THIS MO. 294
DPTR FM NORMAL 111 [PRESSURE DATA]
TOTAL FM JAN 1 376 HIGHEST SLP 0.00 ON 23
DPTR FM NORMAL 142 LOWEST SLP 29.46 ON 28
[REMARKS]
#FINAL-06-20#