193
CXUS51 KCAR 010600
CF6CAR
PRELIMINARY LOCAL CLIMATOLOGICAL DATA (WS FORM: F-6)
STATION: CARIBOU ME
MONTH: JANUARY
YEAR: 2021
LATITUDE: 46 52 N
LONGITUDE: 68 1 W
TEMPERATURE IN F: :PCPN: SNOW: WIND :SUNSHINE: SKY :PK WND
================================================================================
1 2 3 4 5 6A 6B 7 8 9 10 11 12 13 14 15 16 17 18
12Z AVG MX 2MIN
DY MAX MIN AVG DEP HDD CDD WTR SNW DPTH SPD SPD DIR MIN PSBL S-S WX SPD DR
================================================================================
1 23 8 16 4 49 0 0.00 0.0 5 4.0 13 250 M M 0 17 250
2 22 12 17 5 48 0 0.33 4.0 5 5.7 12 340 M M 8 1 14 330
3 25 7 16 4 49 0 0.00 0.0 9 3.7 12 180 M M 9 18 16 180
4 26 21 24 13 41 0 0.00 0.0 9 3.5 12 170 M M 10 15 150
5 29 22 26 15 39 0 T T 8 10.1 17 10 M M 10 1 22 360
6 30 19 25 14 40 0 0.04 0.3 7 11.8 21 330 M M 8 6 28 340
7 29 21 25 14 40 0 0.00 0.0 7 15.4 25 330 M M 6 35 330
8 24 21 23 12 42 0 0.02 0.2 6 12.1 24 330 M M 10 18 35 320
9 31 20 26 16 39 0 T T 6 10.7 17 360 M M 9 1 24 350
10 28 7 18 8 47 0 0.00 0.0 6 7.2 16 350 M M 4 23 360
11 27 7 17 7 48 0 T T 6 3.6 12 250 M M 3 15 250
12 32 23 28 18 37 0 0.04 0.6 6 1.8 8 330 M M 8 1 10 350
13 32 24 28 18 37 0 T 0.1 7 4.3 9 220 M M 10 13 200
14 33 26 30 20 35 0 T T 7 2.9 7 170 M M 10 9 180
15 34 26 30 20 35 0 T T 6 1.3 7 350 M M 10 9 340
16 33 21 27 17 38 0 0.38 0.6 6 9.7 22 80 M M 7 146 33 80
17 33 30 32 22 33 0 0.15 1.3 7 9.3 16 90 M M 10 16 23 280
18 30 13 22 13 43 0 0.01 0.2 8 11.5 20 240 M M 10 26 240
19 16 1 9 0 56 0 0.00 0.0 8 6.4 15 300 M M 0 24 320
20 17 -3 7 -2 58 0 T T 8 3.4 10 310 M M 3 14 310
21 11 -8 2 -7 63 0 0.01 0.1 8 2.6 9 330 M M 3 12 320
22 23 2 13 4 52 0 0.10 1.8 8 1.5 7 80 M M 9 18 8 80
23 21 13 17 8 48 0 0.04 0.6 10 10.1 20 300 M M 10 18 29 300
24 23 13 18 8 47 0 0.01 0.1 9 14.5 24 310 M M 10 34 310
25 24 18 21 11 44 0 0.00 0.0 8 10.8 18 310 M M 8 26 310
26 29 19 24 14 41 0 T T 8 4.4 12 330 M M 10 17 320
27 35 25 30 20 35 0 0.02 0.1 7 3.3 7 330 M M 10 168 9 30
28 28 18 23 13 42 0 0.08 2.7 7 4.9 14 340 M M 10 1 18 340
29 19 5 12 2 53 0 0.03 0.3 10 11.7 20 10 M M 10 25 330
30 11 -3 4 -6 61 0 T T 9 9.2 18 340 M M 4 25 330
31 19 -7 6 -4 59 0 0.00 0.0 9 3.0 9 350 M M 1 14 340
================================================================================
SM 797 421 1399 0 1.26 13.0 214.4 M 230
================================================================================
AV 25.7 13.6 6.9 FASTST M M 7 MAX(MPH)
MISC ----> 25 330 # 35 330
================================================================================
NOTES:
# LAST OF SEVERAL OCCURRENCES
COLUMN 17 PEAK WIND IN M.P.H.
PRELIMINARY LOCAL CLIMATOLOGICAL DATA (WS FORM: F-6) , PAGE 2
STATION: CARIBOU ME
MONTH: JANUARY
YEAR: 2021
LATITUDE: 46 52 N
LONGITUDE: 68 1 W
[TEMPERATURE DATA] [PRECIPITATION DATA] SYMBOLS USED IN COLUMN 16
AVERAGE MONTHLY: 19.6 TOTAL FOR MONTH: 1.26 1 = FOG OR MIST
DPTR FM NORMAL: 9.4 DPTR FM NORMAL: -1.45 2 = FOG REDUCING VISIBILITY
HIGHEST: 35 ON 27 GRTST 24HR 0.58 ON 16-17 TO 1/4 MILE OR LESS
LOWEST: -8 ON 21 3 = THUNDER
SNOW, ICE PELLETS, HAIL 4 = ICE PELLETS
TOTAL MONTH: 16.4 INCHES 5 = HAIL
GRTST 24HR 4.0 ON 2- 2 6 = FREEZING RAIN OR DRIZZLE
GRTST DEPTH: 10 ON 29,23 7 = DUSTSTORM OR SANDSTORM:
VSBY 1/2 MILE OR LESS
8 = SMOKE OR HAZE
[NO. OF DAYS WITH] [WEATHER - DAYS WITH] 9 = BLOWING SNOW
X = TORNADO
MAX 32 OR BELOW: 26 0.01 INCH OR MORE: 14
MAX 90 OR ABOVE: 0 0.10 INCH OR MORE: 4
MIN 32 OR BELOW: 31 0.50 INCH OR MORE: 0
MIN 0 OR BELOW: 4 1.00 INCH OR MORE: 0
[HDD (BASE 65) ]
TOTAL THIS MO. 1399 CLEAR (SCALE 0-3) 5
DPTR FM NORMAL -301 PTCLDY (SCALE 4-7) 8
TOTAL FM JUL 1 4433 CLOUDY (SCALE 8-10) 18
DPTR FM NORMAL -862
[CDD (BASE 65) ]
TOTAL THIS MO. 0
DPTR FM NORMAL 0 [PRESSURE DATA]
TOTAL FM JAN 1 0 HIGHEST SLP 30.45 ON 1
DPTR FM NORMAL 0 LOWEST SLP 28.96 ON 17
[REMARKS]
#FINAL-01-21#