000
CXUS56 KMTR 011634
CF6CCR
PRELIMINARY LOCAL CLIMATOLOGICAL DATA (WS FORM: F-6)
STATION: CONCORD AIRPORT
MONTH: APRIL
YEAR: 2020
LATITUDE: 37 58 N
LONGITUDE: 122 3 W
TEMPERATURE IN F: :PCPN: SNOW: WIND :SUNSHINE: SKY :PK WND
================================================================================
1 2 3 4 5 6A 6B 7 8 9 10 11 12 13 14 15 16 17 18
12Z AVG MX 2MIN
DY MAX MIN AVG DEP HDD CDD WTR SNW DPTH SPD SPD DIR MIN PSBL S-S WX SPD DR
================================================================================
1 65 46 56 0 9 0 0.00 M M 7.3 17 270 M M 0 22 270
2 68 40 54 -2 11 0 0.00 M M 6.0 16 220 M M 0 20 210
3 67 44 56 -1 9 0 0.00 M M 7.9 15 220 M M 0 21 310
4 59 47 53 -4 12 0 0.10 M M 10.3 22 210 M M 8 18 27 180
5 55 44 50 -7 15 0 0.22 M M 8.0 17 220 M M 8 18 24 180
6 55 40 48 -9 17 0 0.15 0.0 M 3.8 15 180 M M 6 12 17 180
7 67 38 53 -4 12 0 0.00 M M 4.6 17 290 M M 3 12 30 230
8 68 48 58 1 7 0 0.00 M M 7.8 15 240 M M 1 23 180
9 64 54 59 2 6 0 0.00 M M 5.3 15 60 M M 7 21 60
10 70 50 60 2 5 0 0.00 M M 7.3 17 240 M M 4 26 210
11 64 52 58 0 7 0 0.00 M M 9.8 17 200 M M 8 33 170
12 73 53 63 5 2 0 0.00 M M 8.4 20 190 M M 5 33 170
13 76 51 64 6 1 0 0.00 0.0 M 7.0 17 190 M M 0 23 180
14 82 43 63 5 2 0 0.00 M M 5.8 17 290 M M 0 24 290
15 84 48 66 8 0 1 0.00 M M 4.3 16 190 M M 0 31 120
16 73 54 64 5 1 0 0.00 M M 10.0 18 190 M M 2 26 250
17 65 53 59 0 6 0 0.00 M M 10.4 21 250 M M 8 26 250
18 67 52 60 1 5 0 0.00 M M 8.4 18 260 M M 5 24 180
19 68 51 60 1 5 0 0.00 M M 7.6 15 220 M M 5 19 280
20 66 52 59 0 6 0 T M M 8.9 16 220 M M 7 20 250
21 75 50 63 3 2 0 0.00 M M 10.0 18 190 M M 2 24 200
22 82 53 68 8 0 3 0.00 0.0 M 8.8 16 270 M M 0 22 280
23 83 57 70 10 0 5 0.00 0.0 M 7.9 20 290 M M 0 25 270
24 89 53 71 11 0 6 0.00 M M 4.6 14 300 M M 0 23 320
25 88 56 72 12 0 7 0.00 M M 6.2 14 200 M M 0 32 210
26 81 57 69 9 0 4 0.00 M M 10.7 18 220 M M 0 22 260
27 83 55 69 8 0 4 0.00 M M 8.8 17 270 M M 0 22 270
28 89 58 74 13 0 9 0.00 M M 8.5 17 210 M M 0 37 270
29 78 56 67 6 0 2 0.00 M M 13.3 20 210 M M 0 24 180
30 81 55 68 7 0 3 0.00 M M 10.7 20 260 M M 0 24 180
================================================================================
SM 2185 1510 140 44 0.47 0.0 238.4 M 79
================================================================================
AV 72.8 50.3 7.9 FASTST M M 3 MAX(MPH)
MISC ----> 22 210 37 270
================================================================================
NOTES:
# LAST OF SEVERAL OCCURRENCES
COLUMN 17 PEAK WIND IN M.P.H.
PRELIMINARY LOCAL CLIMATOLOGICAL DATA (WS FORM: F-6) , PAGE 2
STATION: CONCORD AIRPORT
MONTH: APRIL
YEAR: 2020
LATITUDE: 37 58 N
LONGITUDE: 122 3 W
[TEMPERATURE DATA] [PRECIPITATION DATA] SYMBOLS USED IN COLUMN 16
AVERAGE MONTHLY: 61.6 TOTAL FOR MONTH: 0.47 1 = FOG OR MIST
DPTR FM NORMAL: 3.0 DPTR FM NORMAL: -0.65 2 = FOG REDUCING VISIBILITY
HIGHEST: 89 ON 28,24 GRTST 24HR 0.32 ON 4- 5 TO 1/4 MILE OR LESS
LOWEST: 38 ON 7 3 = THUNDER
SNOW, ICE PELLETS, HAIL 4 = ICE PELLETS
TOTAL MONTH: 0.0 INCH 5 = HAIL
GRTST 24HR 0.0 6 = FREEZING RAIN OR DRIZZLE
GRTST DEPTH: M ON M 7 = DUSTSTORM OR SANDSTORM:
VSBY 1/2 MILE OR LESS
8 = SMOKE OR HAZE
[NO. OF DAYS WITH] [WEATHER - DAYS WITH] 9 = BLOWING SNOW
X = TORNADO
MAX 32 OR BELOW: 0 0.01 INCH OR MORE: 3
MAX 90 OR ABOVE: 0 0.10 INCH OR MORE: 3
MIN 32 OR BELOW: 0 0.50 INCH OR MORE: 0
MIN 0 OR BELOW: 0 1.00 INCH OR MORE: 0
[HDD (BASE 65) ]
TOTAL THIS MO. 140 CLEAR (SCALE 0-3) 19
DPTR FM NORMAL -64 PTCLDY (SCALE 4-7) 11
TOTAL FM JUL 1 1862 CLOUDY (SCALE 8-10) 0
DPTR FM NORMAL -504
[CDD (BASE 65) ]
TOTAL THIS MO. 44
DPTR FM NORMAL 32 [PRESSURE DATA]
TOTAL FM JAN 1 44 HIGHEST SLP 30.25 ON 22
DPTR FM NORMAL 30 LOWEST SLP 29.57 ON 5
[REMARKS]
#FINAL-04-20#