000
CXUS55 KBOU 011000
CF6CCU
PRELIMINARY LOCAL CLIMATOLOGICAL DATA (WS FORM: F-6)
STATION: COPPER MTN/RED CLIFF
MONTH: NOVEMBER
YEAR: 2021
LATITUDE: 39 28 N
LONGITUDE: 106 9 W
TEMPERATURE IN F: :PCPN: SNOW: WIND :SUNSHINE: SKY :PK WND
================================================================================
1 2 3 4 5 6A 6B 7 8 9 10 11 12 13 14 15 16 17 18
12Z AVG MX 2MIN
DY MAX MIN AVG DEP HDD CDD WTR SNW DPTH SPD SPD DIR MIN PSBL S-S WX SPD DR
================================================================================
1 37 30 34 M 31 0 M M M 11.3 18 280 M M 9 128 28 240
2 34 30 32 M 33 0 M M M 9.0 17 270 M M 10 21 290
3 34 27 31 M 34 0 M M M 6.5 14 270 M M 7 12 20 300
4 37 27 32 M 33 0 M M M 8.5 16 280 M M 1 22 280
5 43 34 39 M 26 0 M M M 12.6 23 270 M M 0 36 270
6 45 37 41 M 24 0 M M M 12.0 20 230 M M 0 30 170
7 45 36 41 M 24 0 M M M 15.3 24 250 M M 0 8 38 240
8 41 34 38 M 27 0 M M M 12.3 22 230 M M 3 30 230
9 43 28 36 M 29 0 M M M 10.8 20 260 M M 3 26 230
10 28 19 24 M 41 0 M M M 22.1 30 280 M M 9 8 41 290
11 27 16 22 M 43 0 M M M 23.4 38 270 M M 9 63 270
12 30 23 27 M 38 0 M M M 20.8 40 280 M M 10 18 54 280
13 36 28 32 M 33 0 M M M 21.5 36 270 M M 6 18 46 270
14 37 28 33 M 32 0 M M M 20.0 33 280 M M 3 8 43 280
15 45 32 39 M 26 0 M M M 14.9 29 270 M M 0 37 260
16 37 28 33 M 32 0 M M M 21.1 38 260 M M 2 8 47 260
17 28 18 23 M 42 0 M M M 16.5 24 250 M M 5 37 250
18 37 16 27 M 38 0 M M M 9.7 17 210 M M 0 31 210
19 34 30 32 M 33 0 M M M 13.9 28 260 M M 9 31 260
20 30 19 25 M 40 0 M M M 11.0 18 290 M M 10 30 290
21 30 14 22 M 43 0 M M M 10.0 17 270 M M 2 22 280
22 41 25 33 M 32 0 M M M 12.0 23 270 M M 0 30 270
23 37 27 32 M 33 0 M M M 15.3 31 240 M M 2 8 40 240
24 27 10 19 M 46 0 M M M 11.4 16 270 M M 10 22 250
25 27 9 18 M 47 0 M M M 7.9 18 290 M M 0 8 26 290
26 37 25 31 M 34 0 M M M 9.3 16 300 M M 0 20 270
27 37 27 32 M 33 0 M M M 10.9 22 270 M M 1 29 270
28 37 27 32 M 33 0 M M M 14.7 21 290 M M 0 28 290
29 41 32 37 M 28 0 M M M 9.1 17 260 M M 0 23 280
30 37 23 30 M 35 0 M M M 12.0 23 270 M M 2 30 270
================================================================================
SM 1079 759 1023 0 M M 405.8 M 113
================================================================================
AV 36.0 25.3 13.5 FASTST M M 4 MAX(MPH)
MISC ----> 40 280 63 270
================================================================================
NOTES:
# LAST OF SEVERAL OCCURRENCES
COLUMN 17 PEAK WIND IN M.P.H.
PRELIMINARY LOCAL CLIMATOLOGICAL DATA (WS FORM: F-6) , PAGE 2
STATION: COPPER MTN/RED CLIFF
MONTH: NOVEMBER
YEAR: 2021
LATITUDE: 39 28 N
LONGITUDE: 106 9 W
[TEMPERATURE DATA] [PRECIPITATION DATA] SYMBOLS USED IN COLUMN 16
AVERAGE MONTHLY: 30.6 TOTAL FOR MONTH: M 1 = FOG OR MIST
DPTR FM NORMAL: 0.0 DPTR FM NORMAL: M 2 = FOG REDUCING VISIBILITY
HIGHEST: 45 ON 6, 7 GRTST 24HR M ON M TO 1/4 MILE OR LESS
LOWEST: 9 ON 25 3 = THUNDER
SNOW, ICE PELLETS, HAIL 4 = ICE PELLETS
TOTAL MONTH: M 5 = HAIL
GRTST 24HR M ON M 6 = FREEZING RAIN OR DRIZZLE
GRTST DEPTH: M ON M 7 = DUSTSTORM OR SANDSTORM:
VSBY 1/2 MILE OR LESS
8 = SMOKE OR HAZE
[NO. OF DAYS WITH] [WEATHER - DAYS WITH] 9 = BLOWING SNOW
X = TORNADO
MAX 32 OR BELOW: 8 0.01 INCH OR MORE: 0
MAX 90 OR ABOVE: 0 0.10 INCH OR MORE: 0
MIN 32 OR BELOW: 26 0.50 INCH OR MORE: 0
MIN 0 OR BELOW: 0 1.00 INCH OR MORE: 0
[HDD (BASE 65) ]
TOTAL THIS MO. 1023 CLEAR (SCALE 0-3) 17
DPTR FM NORMAL M PTCLDY (SCALE 4-7) 5
TOTAL FM JUL 1 2607 CLOUDY (SCALE 8-10) 8
DPTR FM NORMAL M
[CDD (BASE 65) ]
TOTAL THIS MO. 0
DPTR FM NORMAL M [PRESSURE DATA]
TOTAL FM JAN 1 6 HIGHEST SLP M ON M
DPTR FM NORMAL M LOWEST SLP M ON M
[REMARKS]
#FINAL-11-21#