000
CXUS55 KBOU 010900
CF6CCU
PRELIMINARY LOCAL CLIMATOLOGICAL DATA (WS FORM: F-6)
STATION: COPPER MTN/RED CLIFF
MONTH: AUGUST
YEAR: 2023
LATITUDE: 39 28 N
LONGITUDE: 106 9 W
TEMPERATURE IN F: :PCPN: SNOW: WIND :SUNSHINE: SKY :PK WND
================================================================================
1 2 3 4 5 6A 6B 7 8 9 10 11 12 13 14 15 16 17 18
12Z AVG MX 2MIN
DY MAX MIN AVG DEP HDD CDD WTR SNW DPTH SPD SPD DIR MIN PSBL S-S WX SPD DR
================================================================================
1 64 45 55 M 10 0 M M M 6.3 15 290 M M 7 128 23 290
2 63 46 55 M 10 0 M M M 6.8 21 170 M M 8 26 170
3 63 46 55 M 10 0 M M M 12.4 18 290 M M 2 8 27 290
4 63 46 55 M 10 0 M M M 9.5 17 270 M M 3 31 270
5 61 48 55 M 10 0 M M M 8.1 18 270 M M 5 37 170
6 64 45 55 M 10 0 M M M 13.0 23 270 M M 3 38 240
7 61 46 54 M 11 0 M M M 13.0 32 250 M M 4 40 250
8 61 45 53 M 12 0 M M M 13.6 25 260 M M 2 32 260
9 61 39 50 M 15 0 M M M 14.2 21 260 M M 1 30 280
10 61 46 54 M 11 0 M M M 12.9 22 280 M M 4 37 280
11 63 46 55 M 10 0 M M M 7.2 15 310 M M 5 21 290
12 59 48 54 M 11 0 M M M 5.2 14 300 M M 7 M M
13 64 46 55 M 10 0 M M M 8.4 17 270 M M 4 28 270
14 64 45 55 M 10 0 M M M 6.2 14 300 M M 1 24 310
15 68 50 59 M 6 0 M M M 6.7 15 300 M M 2 20 300
16 68 54 61 M 4 0 M M M 8.8 17 270 M M 3 28 290
17 73 54 64 M 1 0 M M M 7.6 20 110 M M 4 26 140
18 63 50 57 M 8 0 M M M 10.0 28 260 M M 3 33 260
19 73 54 64 M 1 0 M M M 14.3 44 110 M M 2 55 110
20 73 55 64 M 1 0 M M M 13.1 24 120 M M 0 36 120
21 73 54 64 M 1 0 M M M 12.7 23 140 M M 3 32 140
22 68 54 61 M 4 0 M M M 10.1 21 90 M M 4 30 100
23 70 52 61 M 4 0 M M M 6.6 17 160 M M 6 17 190
24 68 46 57 M 8 0 M M M 4.2 15 100 M M 8 30 130
25 59 46 53 M 12 0 M M M 4.5 14 160 M M 9 28 M M
26 64 46 55 M 10 0 M M M 8.3 17 160 M M 5 23 290
27 64 50 57 M 8 0 M M M 6.8 16 290 M M 6 31 280
28 61 46 54 M 11 0 M M M 5.2 20 290 M M 4 25 290
29 66 46 56 M 9 0 M M M 4.5 14 170 M M 1 16 310
30 68 52 60 M 5 0 M M M 11.0 18 280 M M 2 28 260
31 73 54 64 M 1 0 M M M 10.0 20 240 M M 2 25 240
================================================================================
SM 2024 1500 244 0 M M 281.1 M 120
================================================================================
AV 65.3 48.4 9.1 FASTST M M 4 MAX(MPH)
MISC ----> 44 110 55 110
================================================================================
NOTES:
# LAST OF SEVERAL OCCURRENCES
COLUMN 17 PEAK WIND IN M.P.H.
PRELIMINARY LOCAL CLIMATOLOGICAL DATA (WS FORM: F-6) , PAGE 2
STATION: COPPER MTN/RED CLIFF
MONTH: AUGUST
YEAR: 2023
LATITUDE: 39 28 N
LONGITUDE: 106 9 W
[TEMPERATURE DATA] [PRECIPITATION DATA] SYMBOLS USED IN COLUMN 16
AVERAGE MONTHLY: 56.8 TOTAL FOR MONTH: M 1 = FOG OR MIST
DPTR FM NORMAL: 0.0 DPTR FM NORMAL: M 2 = FOG REDUCING VISIBILITY
HIGHEST: 73 ON 20,17 GRTST 24HR M ON M TO 1/4 MILE OR LESS
LOWEST: 39 ON 9 3 = THUNDER
SNOW, ICE PELLETS, HAIL 4 = ICE PELLETS
TOTAL MONTH: M 5 = HAIL
GRTST 24HR M ON M 6 = FREEZING RAIN OR DRIZZLE
GRTST DEPTH: M ON M 7 = DUSTSTORM OR SANDSTORM:
VSBY 1/2 MILE OR LESS
8 = SMOKE OR HAZE
[NO. OF DAYS WITH] [WEATHER - DAYS WITH] 9 = BLOWING SNOW
X = TORNADO
MAX 32 OR BELOW: 0 0.01 INCH OR MORE: 0
MAX 90 OR ABOVE: 0 0.10 INCH OR MORE: 0
MIN 32 OR BELOW: 0 0.50 INCH OR MORE: 0
MIN 0 OR BELOW: 0 1.00 INCH OR MORE: 0
[HDD (BASE 65) ]
TOTAL THIS MO. 244 CLEAR (SCALE 0-3) 14
DPTR FM NORMAL M PTCLDY (SCALE 4-7) 16
TOTAL FM JUL 1 440 CLOUDY (SCALE 8-10) 1
DPTR FM NORMAL M
[CDD (BASE 65) ]
TOTAL THIS MO. 0
DPTR FM NORMAL M [PRESSURE DATA]
TOTAL FM JAN 1 0 HIGHEST SLP M ON M
DPTR FM NORMAL M LOWEST SLP M ON M
[REMARKS]
#FINAL-08-23#