000
CXAK56 PAFC 011256
CF6CDB
PRELIMINARY LOCAL CLIMATOLOGICAL DATA (WS FORM: F-6)
STATION: COLD BAY
MONTH: NOVEMBER
YEAR: 2022
LATITUDE: 55 13 N
LONGITUDE: 162 44 W
TEMPERATURE IN F: :PCPN: SNOW: WIND :SUNSHINE: SKY :PK WND
================================================================================
1 2 3 4 5 6A 6B 7 8 9 10 11 12 13 14 15 16 17 18
12Z AVG MX 2MIN
DY MAX MIN AVG DEP HDD CDD WTR SNW DPTH SPD SPD DIR MIN PSBL S-S WX SPD DR
================================================================================
1 49 37 43 5 22 0 0.07 M M 31.6 48 140 M M 9 1 63 140
2 42 35 39 1 26 0 0.05 M M 24.2 43 260 M M 8 148 50 260
3 37 32 35 -2 30 0 0.03 M M 17.5 29 340 M M 10 1 35 350
4 43 34 39 2 26 0 0.07 M M 19.3 33 270 M M 8 1 44 290
5 42 29 36 -1 29 0 T M M 10.4 24 320 M M 5 31 320
6 42 30 36 -1 29 0 0.84 M M 29.9 58 140 M M 4 1 68 130
7 49 42 46 9 19 0 0.99 M M 17.1 56 140 M M 10 1 68 140
8 43 37 40 4 25 0 0.24 M M 13.3 28 300 M M 9 1 34 300
9 44 35 40 4 25 0 0.02 M M 16.2 30 300 M M 7 1 39 300
10 46 32 39 3 26 0 0.21 M M 24.6 47 130 M M 8 1 62 120
11 46 41 44 8 21 0 0.46 M M 16.1 29 240 M M 10 1 38 150
12 42 38 40 4 25 0 0.57 M M 19.6 36 240 M M 10 1 43 230
13 38 29 34 -2 31 0 0.04 M M 12.8 24 250 M M 8 1 29 240
14 37 26 32 -3 33 0 0.01 M M 5.4 14 360 M M 6 1 17 350
15 49 32 41 6 24 0 T M M 14.8 35 90 M M 4 44 90
16 49 44 47 12 18 0 0.13 M M 22.4 37 130 M M 7 1 46 100
17 50 42 46 11 19 0 0.01 M M 7.0 14 150 M M 6 M M
18 45 38 42 7 23 0 0.29 M M 11.6 23 140 M M 9 30 140
19 43 39 41 6 24 0 T M M 20.0 28 120 M M 8 1 36 120
20 46 39 43 9 22 0 0.11 M M 9.9 24 120 M M 10 1 29 120
21 42 32 37 3 28 0 0.11 M M 21.9 38 310 M M 10 12 47 320
22 33 28 31 -3 34 0 0.01 M M 27.0 44 300 M M 8 18 52 290
23 34 27 31 -3 34 0 T M M 22.9 43 310 M M 9 18 55 320
24 45 28 37 3 28 0 0.41 M M 12.4 25 240 M M 9 1 33 250
25 39 28 34 0 31 0 0.01 M M 9.3 25 320 M M 3 1 31 320
26 39 33 36 2 29 0 0.00 M M 6.2 17 150 M M 7 8 21 150
27 46 35 41 7 24 0 0.30 M M 31.1 47 150 M M 9 1 59 150
28 49 33 41 8 24 0 0.04 M M 16.6 38 140 M M 9 1 42 140
29 38 26 32 -1 33 0 0.00 M M 8.1 22 150 M M 7 1 28 140
30 43 36 40 7 25 0 0.00 M M 14.0 24 150 M M 3 1 29 150
================================================================================
SM 1290 1017 787 0 5.02 M 513.2 M 230
================================================================================
AV 43.0 33.9 17.1 FASTST M M 8 MAX(MPH)
MISC ----> 58 140 # 68 130
================================================================================
NOTES:
# LAST OF SEVERAL OCCURRENCES
COLUMN 17 PEAK WIND IN M.P.H.
PRELIMINARY LOCAL CLIMATOLOGICAL DATA (WS FORM: F-6) , PAGE 2
STATION: COLD BAY
MONTH: NOVEMBER
YEAR: 2022
LATITUDE: 55 13 N
LONGITUDE: 162 44 W
[TEMPERATURE DATA] [PRECIPITATION DATA] SYMBOLS USED IN COLUMN 16
AVERAGE MONTHLY: 38.5 TOTAL FOR MONTH: 5.02 1 = FOG OR MIST
DPTR FM NORMAL: 3.2 DPTR FM NORMAL: 0.03 2 = FOG REDUCING VISIBILITY
HIGHEST: 50 ON 17 GRTST 24HR 1.81 ON 6- 7 TO 1/4 MILE OR LESS
LOWEST: 26 ON 29,14 3 = THUNDER
SNOW, ICE PELLETS, HAIL 4 = ICE PELLETS
TOTAL MONTH: M 5 = HAIL
GRTST 24HR M ON M 6 = FREEZING RAIN OR DRIZZLE
GRTST DEPTH: M ON M 7 = DUSTSTORM OR SANDSTORM:
VSBY 1/2 MILE OR LESS
8 = SMOKE OR HAZE
[NO. OF DAYS WITH] [WEATHER - DAYS WITH] 9 = BLOWING SNOW
X = TORNADO
MAX 32 OR BELOW: 0 0.01 INCH OR MORE: 23
MAX 90 OR ABOVE: 0 0.10 INCH OR MORE: 12
MIN 32 OR BELOW: 13 0.50 INCH OR MORE: 3
MIN 0 OR BELOW: 0 1.00 INCH OR MORE: 0
[HDD (BASE 65) ]
TOTAL THIS MO. 787 CLEAR (SCALE 0-3) 1
DPTR FM NORMAL -105 PTCLDY (SCALE 4-7) 13
TOTAL FM JUL 1 2763 CLOUDY (SCALE 8-10) 16
DPTR FM NORMAL -164
[CDD (BASE 65) ]
TOTAL THIS MO. 0
DPTR FM NORMAL 0 [PRESSURE DATA]
TOTAL FM JAN 1 0 HIGHEST SLP 30.77 ON 5
DPTR FM NORMAL 0 LOWEST SLP 28.85 ON 11
[REMARKS]
#FINAL-11-22#