000
CXAK56 PAFC 200113
CF6CDB
PRELIMINARY LOCAL CLIMATOLOGICAL DATA (WS FORM: F-6)
STATION: COLD BAY
MONTH: APRIL
YEAR: 2024
LATITUDE: 55 13 N
LONGITUDE: 162 44 W
TEMPERATURE IN F: :PCPN: SNOW: WIND :SUNSHINE: SKY :PK WND
================================================================================
1 2 3 4 5 6A 6B 7 8 9 10 11 12 13 14 15 16 17 18
12Z AVG MX 2MIN
DY MAX MIN AVG DEP HDD CDD WTR SNW DPTH SPD SPD DIR MIN PSBL S-S WX SPD DR
================================================================================
1 26 19 23 -9 42 0 0.01 M M 20.2 33 300 M M 8 1289 42 310
2 39 23 31 -1 34 0 0.22 M M 20.0 33 150 M M 10 18 45 140
3 49 36 43 11 22 0 0.05 M M 16.3 39 110 M M 8 1 61 130
4 44 34 39 7 26 0 0.04 M M 11.9 23 250 M M 7 1 31 250
5 43 33 38 6 27 0 0.15 M M 17.3 29 140 M M 9 1 39 150
6 44 32 38 5 27 0 0.24 M M 11.8 35 150 M M 10 1 43 140
7 39 29 34 1 31 0 T M M 14.0 25 350 M M 10 1 32 350
8 33 19 26 -7 39 0 T M M 24.6 39 310 M M 9 18 50 310
9 30 18 24 -9 41 0 0.01 M M 22.3 35 310 M M 10 189 45 330
10 43 28 36 2 29 0 0.36 M M 19.4 30 240 M M 10 1 39 240
11 45 36 41 7 24 0 0.36 M M 23.0 44 260 M M 9 1 55 260
12 38 28 33 -1 32 0 T M M 21.6 35 280 M M 9 18 46 260
13 36 27 32 -2 33 0 T M M 17.2 26 310 M M 10 32 320
14 39 27 33 -2 32 0 0.02 M M 11.7 33 150 M M 9 18 44 150
15 39 27 33 -2 32 0 0.02 M M 32.5 39 160 M M 9 61 160
16 40 34 37 2 28 0 0.65 M M 18.8 30 140 M M 10 1 43 150
17 38 33 36 0 29 0 0.36 M M 13.4 21 340 M M 10 12 27 330
18 43 33 38 2 27 0 0.40 M M 9.0 17 250 M M 10 1 22 240
19 M M M M M M M M M M M M M M M M M
================================================================================
SM 708 516 555 0 2.89 M 325.0 M 167
================================================================================
AV 39.3 28.7 18.1 FASTST M M 9 MAX(MPH)
MISC ----> 44 260 # 61 130
================================================================================
NOTES:
# LAST OF SEVERAL OCCURRENCES
COLUMN 17 PEAK WIND IN M.P.H.
PRELIMINARY LOCAL CLIMATOLOGICAL DATA (WS FORM: F-6) , PAGE 2
STATION: COLD BAY
MONTH: APRIL
YEAR: 2024
LATITUDE: 55 13 N
LONGITUDE: 162 44 W
[TEMPERATURE DATA] [PRECIPITATION DATA] SYMBOLS USED IN COLUMN 16
AVERAGE MONTHLY: 34.0 TOTAL FOR MONTH: 2.89 1 = FOG OR MIST
DPTR FM NORMAL: 0.3 DPTR FM NORMAL: 1.11 2 = FOG REDUCING VISIBILITY
HIGHEST: 49 ON 3 GRTST 24HR 0.69 ON 10-11 TO 1/4 MILE OR LESS
LOWEST: 18 ON 9 3 = THUNDER
SNOW, ICE PELLETS, HAIL 4 = ICE PELLETS
TOTAL MONTH: M 5 = HAIL
GRTST 24HR M ON M 6 = FREEZING RAIN OR DRIZZLE
GRTST DEPTH: M ON M 7 = DUSTSTORM OR SANDSTORM:
VSBY 1/2 MILE OR LESS
8 = SMOKE OR HAZE
[NO. OF DAYS WITH] [WEATHER - DAYS WITH] 9 = BLOWING SNOW
X = TORNADO
MAX 32 OR BELOW: 2 0.01 INCH OR MORE: 14
MAX 90 OR ABOVE: 0 0.10 INCH OR MORE: 8
MIN 32 OR BELOW: 11 0.50 INCH OR MORE: 1
MIN 0 OR BELOW: 0 1.00 INCH OR MORE: 0
[HDD (BASE 65) ]
TOTAL THIS MO. 555 CLEAR (SCALE 0-3) 0
DPTR FM NORMAL -41 PTCLDY (SCALE 4-7) 2
TOTAL FM JUL 1 7425 CLOUDY (SCALE 8-10) 16
DPTR FM NORMAL -352
[CDD (BASE 65) ]
TOTAL THIS MO. 0
DPTR FM NORMAL 0 [PRESSURE DATA]
TOTAL FM JAN 1 0 HIGHEST SLP M ON M
DPTR FM NORMAL 0 LOWEST SLP 29.30 ON 6
[REMARKS]