000
CXUS53 KEAX 010836
CF6CDJ
PRELIMINARY LOCAL CLIMATOLOGICAL DATA (WS FORM: F-6)
STATION: CHILLICOTHE
MONTH: FEBRUARY
YEAR: 2022
LATITUDE: 39 49 N
LONGITUDE: 93 35 W
TEMPERATURE IN F: :PCPN: SNOW: WIND :SUNSHINE: SKY :PK WND
================================================================================
1 2 3 4 5 6A 6B 7 8 9 10 11 12 13 14 15 16 17 18
12Z AVG MX 2MIN
DY MAX MIN AVG DEP HDD CDD WTR SNW DPTH SPD SPD DIR MIN PSBL S-S WX SPD DR
================================================================================
1 50 26 38 10 27 0 0.00 M M 7.9 18 20 M M 0 31 30
2 26 13 20 -9 45 0 0.15 M M 12.6 21 10 M M 0 32 20
3 22 7 15 -14 50 0 0.00 M M 9.7 M M M M 0 M M
4 32 2 17 -12 48 0 0.00 M M 4.4 16 300 M M 0 27 300
5 41 12 27 -2 38 0 0.00 M M 9.3 21 180 M M 0 30 200
6 52 26 39 9 26 0 0.00 M M 6.4 14 310 M M 0 23 330
7 52 20 36 6 29 0 0.00 M M 2.7 12 230 M M 0 16 220
8 61 30 46 16 19 0 0.00 M M 5.8 15 310 M M 0 28 230
9 54 32 43 13 22 0 0.00 M M 6.8 22 310 M M 0 33 300
10 48 28 38 7 27 0 0.00 M M 7.3 14 200 M M 0 21 200
11 52 20 36 5 29 0 0.11 M M 8.9 21 310 M M 0 36 320
12 27 11 19 -12 46 0 0.00 M M 5.2 13 330 M M 0 25 340
13 29 18 24 -8 41 0 0.00 M M 5.7 15 360 M M 0 27 340
14 47 19 33 1 32 0 0.00 M M 4.3 10 10 M M 0 16 10
15 65 28 47 15 18 0 0.00 M M 9.9 24 190 M M 0 36 170
16 66 33 50 18 15 0 0.07 M M 9.8 16 210 M M 0 27 200
17 33 5 19 -14 46 0 0.28 M M 9.3 21 10 M M 0 6 36 10
18 40 2 21 -12 44 0 0.00 M M 8.5 18 230 M M 0 32 240
19 37 18 28 -6 37 0 0.00 M M 6.3 15 360 M M 0 27 350
20 61 28 45 11 20 0 0.00 M M 8.4 20 210 M M 0 30 230
21 68 32 50 16 15 0 0.00 M M 6.6 18 200 M M 0 28 190
22 42 12 27 -8 38 0 0.00 M M 11.0 21 310 M M 0 33 290
23 22 7 15 -20 50 0 0.00 M M 7.2 13 30 M M 0 22 350
24 23 16 20 -15 45 0 0.04 M M 6.6 13 40 M M 0 20 60
25 28 9 19 -17 46 0 0.00 M M 4.2 13 310 M M 0 19 300
26 41 12 27 -9 38 0 0.00 M M 2.7 9 200 M M 0 16 190
27 54 17 36 -1 29 0 0.00 M M 2.3 12 230 M M 0 21 230
28 66 26 46 9 19 0 0.00 M M 2.9 10 290 M M 0 16 290
================================================================================
SM 1239 509 939 0 0.65 M 192.7 M 0
================================================================================
AV 44.3 18.2 6.9 FASTST M M 0 MAX(MPH)
MISC ----> 24 190 # 36 320
================================================================================
NOTES:
# LAST OF SEVERAL OCCURRENCES
COLUMN 17 PEAK WIND IN M.P.H.
PRELIMINARY LOCAL CLIMATOLOGICAL DATA (WS FORM: F-6) , PAGE 2
STATION: CHILLICOTHE
MONTH: FEBRUARY
YEAR: 2022
LATITUDE: 39 49 N
LONGITUDE: 93 35 W
[TEMPERATURE DATA] [PRECIPITATION DATA] SYMBOLS USED IN COLUMN 16
AVERAGE MONTHLY: 31.2 TOTAL FOR MONTH: 0.65 1 = FOG OR MIST
DPTR FM NORMAL: -1.0 DPTR FM NORMAL: -0.95 2 = FOG REDUCING VISIBILITY
HIGHEST: 68 ON 21 GRTST 24HR 0.35 ON 16-17 TO 1/4 MILE OR LESS
LOWEST: 2 ON 18, 4 3 = THUNDER
SNOW, ICE PELLETS, HAIL 4 = ICE PELLETS
TOTAL MONTH: M 5 = HAIL
GRTST 24HR M ON M 6 = FREEZING RAIN OR DRIZZLE
GRTST DEPTH: M ON M 7 = DUSTSTORM OR SANDSTORM:
VSBY 1/2 MILE OR LESS
8 = SMOKE OR HAZE
[NO. OF DAYS WITH] [WEATHER - DAYS WITH] 9 = BLOWING SNOW
X = TORNADO
MAX 32 OR BELOW: 8 0.01 INCH OR MORE: 5
MAX 90 OR ABOVE: 0 0.10 INCH OR MORE: 3
MIN 32 OR BELOW: 27 0.50 INCH OR MORE: 0
MIN 0 OR BELOW: 0 1.00 INCH OR MORE: 0
[HDD (BASE 65) ]
TOTAL THIS MO. 939 CLEAR (SCALE 0-3) 28
DPTR FM NORMAL 22 PTCLDY (SCALE 4-7) 0
TOTAL FM JUL 1 3577 CLOUDY (SCALE 8-10) 0
DPTR FM NORMAL -582
[CDD (BASE 65) ]
TOTAL THIS MO. 0
DPTR FM NORMAL 0 [PRESSURE DATA]
TOTAL FM JAN 1 0 HIGHEST SLP 30.76 ON 23
DPTR FM NORMAL 0 LOWEST SLP 29.59 ON 21
[REMARKS]
#FINAL-02-22#