000
CXUS54 KLUB 010830
CF6CDS
PRELIMINARY LOCAL CLIMATOLOGICAL DATA (WS FORM: F-6)
STATION: CHILDRESS
MONTH: DECEMBER
YEAR: 2021
LATITUDE: 34 25 N
LONGITUDE: 100 17 W
TEMPERATURE IN F: :PCPN: SNOW: WIND :SUNSHINE: SKY :PK WND
================================================================================
1 2 3 4 5 6A 6B 7 8 9 10 11 12 13 14 15 16 17 18
12Z AVG MX 2MIN
DY MAX MIN AVG DEP HDD CDD WTR SNW DPTH SPD SPD DIR MIN PSBL S-S WX SPD DR
================================================================================
1 73 41 57 11 8 0 0.00 0.0 0 6.3 12 280 M M 0 16 210
2 80 41 61 15 4 0 0.00 0.0 0 6.7 13 230 M M 0 18 220
3 85 47 66 21 0 1 0.00 0.0 0 8.3 17 20 M M 0 25 60
4 60 44 52 7 13 0 0.00 0.0 0 9.7 20 360 M M 6 26 10
5 82 41 62 17 3 0 0.00 0.0 0 15.0 37 30 M M 0 8 57 40
6 52 29 41 -3 24 0 0.00 0.0 0 12.8 38 10 M M 0 8 48 20
7 52 26 39 -5 26 0 0.00 0.0 0 6.3 16 180 M M 0 24 190
8 63 29 46 2 19 0 0.00 0.0 0 8.1 16 210 M M 0 22 170
9 76 46 61 17 4 0 0.00 0.0 0 13.6 31 300 M M 0 8 41 300
10 77 44 61 17 4 0 T 0.0 0 20.7 40 250 M M 3 8 53 240
11 53 29 41 -2 24 0 0.00 0.0 0 9.2 26 350 M M 0 33 340
12 73 30 52 9 13 0 0.00 0.0 0 14.8 25 210 M M 0 33 220
13 77 40 59 16 6 0 0.00 0.0 0 11.6 22 210 M M 0 29 220
14 80 46 63 20 2 0 0.00 0.0 0 14.2 21 210 M M 0 29 180
15 82 50 66 24 0 1 0.00 0.0 0 17.9 38 210 M M 1 50 210
16 57 38 48 6 17 0 0.00 0.0 0 7.6 18 10 M M 0 24 30
17 64 38 51 9 14 0 0.00 0.0 0 6.5 23 20 M M 3 30 20
18 49 24 37 -5 28 0 0.00 0.0 0 12.9 26 10 M M 0 34 20
19 50 18 34 -8 31 0 0.00 0.0 0 8.0 17 200 M M 0 25 160
20 59 26 43 1 22 0 0.00 0.0 0 6.9 13 200 M M 0 17 190
21 68 27 48 6 17 0 0.00 0.0 0 5.1 15 200 M M 0 20 210
22 64 27 46 4 19 0 0.00 0.0 0 5.9 10 160 M M 0 13 140
23 82 31 57 15 8 0 0.00 0.0 0 10.2 25 280 M M 0 34 260
24 86 51 69 28 0 4 0.00 0.0 0 15.1 30 240 M M 2 8 43 240
25 76 46 61 20 4 0 0.00 0.0 0 10.4 25 290 M M 0 32 290
26 85 51 68 27 0 3 0.00 0.0 0 13.7 32 230 M M 0 8 45 230
27 62 41 52 11 13 0 0.00 0.0 0 7.0 17 60 M M 1 24 60
28 68 46 57 16 8 0 T 0.0 0 12.4 30 290 M M 1 45 300
29 68 41 55 14 10 0 0.00 0.0 0 10.3 30 280 M M 3 39 300
30 67 35 51 10 14 0 0.00 0.0 0 12.5 23 260 M M 0 32 250
31 68 48 58 17 7 0 0.04 0.0 0 11.5 30 210 M M 4 41 210
================================================================================
SM 2138 1171 362 9 0.04 0.0 331.2 M 24
================================================================================
AV 69.0 37.8 10.7 FASTST M M 1 MAX(MPH)
MISC ----> 40 250 57 40
================================================================================
NOTES:
# LAST OF SEVERAL OCCURRENCES
COLUMN 17 PEAK WIND IN M.P.H.
PRELIMINARY LOCAL CLIMATOLOGICAL DATA (WS FORM: F-6) , PAGE 2
STATION: CHILDRESS
MONTH: DECEMBER
YEAR: 2021
LATITUDE: 34 25 N
LONGITUDE: 100 17 W
[TEMPERATURE DATA] [PRECIPITATION DATA] SYMBOLS USED IN COLUMN 16
AVERAGE MONTHLY: 53.4 TOTAL FOR MONTH: 0.04 1 = FOG OR MIST
DPTR FM NORMAL: 10.6 DPTR FM NORMAL: -0.78 2 = FOG REDUCING VISIBILITY
HIGHEST: 86 ON 24 GRTST 24HR 0.04 ON 31-31 TO 1/4 MILE OR LESS
LOWEST: 18 ON 19 3 = THUNDER
SNOW, ICE PELLETS, HAIL 4 = ICE PELLETS
TOTAL MONTH: 0.0 INCH 5 = HAIL
GRTST 24HR 0.0 6 = FREEZING RAIN OR DRIZZLE
GRTST DEPTH: 0 7 = DUSTSTORM OR SANDSTORM:
VSBY 1/2 MILE OR LESS
8 = SMOKE OR HAZE
[NO. OF DAYS WITH] [WEATHER - DAYS WITH] 9 = BLOWING SNOW
X = TORNADO
MAX 32 OR BELOW: 0 0.01 INCH OR MORE: 1
MAX 90 OR ABOVE: 0 0.10 INCH OR MORE: 0
MIN 32 OR BELOW: 11 0.50 INCH OR MORE: 0
MIN 0 OR BELOW: 0 1.00 INCH OR MORE: 0
[HDD (BASE 65) ]
TOTAL THIS MO. 362 CLEAR (SCALE 0-3) 28
DPTR FM NORMAL -326 PTCLDY (SCALE 4-7) 3
TOTAL FM JUL 1 711 CLOUDY (SCALE 8-10) 0
DPTR FM NORMAL -541
[CDD (BASE 65) ]
TOTAL THIS MO. 9
DPTR FM NORMAL 9 [PRESSURE DATA]
TOTAL FM JAN 1 2349 HIGHEST SLP 30.43 ON 6
DPTR FM NORMAL 85 LOWEST SLP 29.51 ON 24
[REMARKS]
#FINAL-12-21#