000
CXUS55 KGJT 011010
CF6CEZ
PRELIMINARY LOCAL CLIMATOLOGICAL DATA (WS FORM: F-6)
STATION: CORTEZ CO
MONTH: FEBRUARY
YEAR: 2023
LATITUDE: 37 17 N
LONGITUDE: 108 38 W
TEMPERATURE IN F: :PCPN: SNOW: WIND :SUNSHINE: SKY :PK WND
================================================================================
1 2 3 4 5 6A 6B 7 8 9 10 11 12 13 14 15 16 17 18
12Z AVG MX 2MIN
DY MAX MIN AVG DEP HDD CDD WTR SNW DPTH SPD SPD DIR MIN PSBL S-S WX SPD DR
================================================================================
1 34 -3 16 -14 49 0 0.00 M M 5.9 12 50 M M 0 13 200
2 37 7 22 -8 43 0 0.00 M M 6.1 15 200 M M 0 1 18 200
3 43 5 24 -6 41 0 0.00 M M 4.1 12 200 M M 0 13 210
4 47 14 31 1 34 0 0.00 M M 4.0 10 50 M M 0 13 70
5 52 15 34 4 31 0 0.00 M M 4.0 21 210 M M 0 27 200
6 39 14 27 -4 38 0 0.08 M M 7.8 23 320 M M 3 1 32 330
7 42 8 25 -6 40 0 0.00 M M 4.7 9 100 M M 0 11 290
8 44 12 28 -3 37 0 0.00 M M 9.2 20 340 M M 0 31 340
9 35 14 25 -6 40 0 0.00 M M 13.7 26 360 M M 1 39 360
10 39 5 22 -10 43 0 0.00 M M 4.6 10 50 M M 0 13 50
11 51 10 31 -1 34 0 0.00 M M 5.3 24 130 M M 3 31 120
12 51 22 37 5 28 0 0.00 M M 4.0 10 80 M M 0 11 110
13 43 22 33 1 32 0 0.18 M M 4.3 15 290 M M 7 1 20 300
14 35 28 32 -1 33 0 0.20 M M 12.2 30 220 M M 9 12 38 220
15 30 3 17 -16 48 0 0.11 M M 7.5 30 210 M M 9 128 39 210
16 24 -8 8 -25 57 0 T M M 6.7 17 210 M M 0 21 200
17 32 -8 12 -21 53 0 0.00 M M 3.1 10 70 M M 0 11 60
18 38 3 21 -13 44 0 0.00 M M 3.5 12 200 M M 2 13 210
19 48 19 34 0 31 0 0.00 M M 5.0 14 290 M M 3 17 320
20 49 20 35 1 30 0 0.00 M M 5.2 15 270 M M 0 20 280
21 50 20 35 1 30 0 0.01 M M 8.1 31 190 M M 3 41 200
22 40 21 31 -4 34 0 0.42 M M 20.4 38 190 M M 9 128 49 200
23 32 13 23 -12 42 0 0.01 M M 8.9 29 200 M M 7 18 37 210
24 41 22 32 -3 33 0 T M M 7.0 24 170 M M 5 1 36 180
25 53 22 38 2 27 0 0.00 M M 7.1 26 130 M M 0 36 120
26 46 20 33 -3 32 0 T M M 10.4 26 250 M M 3 41 230
27 40 15 28 -8 37 0 0.00 M M 4.4 15 220 M M 2 19 220
28 40 25 33 -3 32 0 T M M 8.9 28 200 M M 8 1 33 200
================================================================================
SM 1155 360 1053 0 1.01 M 196.1 M 74
================================================================================
AV 41.3 12.9 7.0 FASTST M M 3 MAX(MPH)
MISC ----> 38 190 49 200
================================================================================
NOTES:
# LAST OF SEVERAL OCCURRENCES
COLUMN 17 PEAK WIND IN M.P.H.
PRELIMINARY LOCAL CLIMATOLOGICAL DATA (WS FORM: F-6) , PAGE 2
STATION: CORTEZ CO
MONTH: FEBRUARY
YEAR: 2023
LATITUDE: 37 17 N
LONGITUDE: 108 38 W
[TEMPERATURE DATA] [PRECIPITATION DATA] SYMBOLS USED IN COLUMN 16
AVERAGE MONTHLY: 27.1 TOTAL FOR MONTH: 1.01 1 = FOG OR MIST
DPTR FM NORMAL: -5.7 DPTR FM NORMAL: 0.00 2 = FOG REDUCING VISIBILITY
HIGHEST: 53 ON 25 GRTST 24HR 0.43 ON 21-22 TO 1/4 MILE OR LESS
LOWEST: -8 ON 17,16 3 = THUNDER
SNOW, ICE PELLETS, HAIL 4 = ICE PELLETS
TOTAL MONTH: M 5 = HAIL
GRTST 24HR M ON M 6 = FREEZING RAIN OR DRIZZLE
GRTST DEPTH: M ON M 7 = DUSTSTORM OR SANDSTORM:
VSBY 1/2 MILE OR LESS
8 = SMOKE OR HAZE
[NO. OF DAYS WITH] [WEATHER - DAYS WITH] 9 = BLOWING SNOW
X = TORNADO
MAX 32 OR BELOW: 4 0.01 INCH OR MORE: 7
MAX 90 OR ABOVE: 0 0.10 INCH OR MORE: 4
MIN 32 OR BELOW: 28 0.50 INCH OR MORE: 0
MIN 0 OR BELOW: 3 1.00 INCH OR MORE: 0
[HDD (BASE 65) ]
TOTAL THIS MO. 1053 CLEAR (SCALE 0-3) 20
DPTR FM NORMAL 153 PTCLDY (SCALE 4-7) 4
TOTAL FM JUL 1 4741 CLOUDY (SCALE 8-10) 4
DPTR FM NORMAL 92
[CDD (BASE 65) ]
TOTAL THIS MO. 0
DPTR FM NORMAL 0 [PRESSURE DATA]
TOTAL FM JAN 1 0 HIGHEST SLP 30.70 ON 17
DPTR FM NORMAL 0 LOWEST SLP 29.13 ON 22
[REMARKS]
#FINAL-02-23#