000
CXUS55 KGJT 010910
CF6CEZ
PRELIMINARY LOCAL CLIMATOLOGICAL DATA (WS FORM: F-6)
STATION: CORTEZ CO
MONTH: AUGUST
YEAR: 2021
LATITUDE: 37 17 N
LONGITUDE: 108 38 W
TEMPERATURE IN F: :PCPN: SNOW: WIND :SUNSHINE: SKY :PK WND
================================================================================
1 2 3 4 5 6A 6B 7 8 9 10 11 12 13 14 15 16 17 18
12Z AVG MX 2MIN
DY MAX MIN AVG DEP HDD CDD WTR SNW DPTH SPD SPD DIR MIN PSBL S-S WX SPD DR
================================================================================
1 89 59 74 2 0 9 0.01 M M 5.1 18 210 M M 5 3 24 210
2 88 59 74 2 0 9 0.01 M M 5.5 22 350 M M 3 32 340
3 88 51 70 -2 0 5 0.00 M M 7.1 21 320 M M 1 29 300
4 91 51 71 -1 0 6 0.00 M M 7.1 22 360 M M 0 32 360
5 92 53 73 1 0 8 0.00 M M 4.7 14 120 M M 0 20 150
6 94 51 73 1 0 8 0.00 M M 7.2 24 240 M M 0 37 210
7 87 49 68 -4 0 3 0.00 M M 7.2 18 290 M M 6 8 30 280
8 91 44 68 -4 0 3 0.00 M M 6.9 18 290 M M 0 8 27 300
9 92 46 69 -2 0 4 0.00 M M 7.3 23 290 M M 0 8 31 290
10 94 49 72 1 0 7 0.00 M M 7.6 23 210 M M 0 31 200
11 90 57 74 3 0 9 0.00 M M 6.3 22 70 M M 0 27 70
12 92 61 77 6 0 12 0.00 M M 5.6 23 80 M M 0 3 34 80
13 94 60 77 6 0 12 0.68 M M 7.4 28 100 M M 1 13 42 80
14 88 56 72 2 0 7 0.00 M M 6.4 16 210 M M 0 21 200
15 93 60 77 7 0 12 0.40 M M 7.8 36 140 M M 1 3 50 150
16 84 53 69 -1 0 4 0.07 M M 5.9 40 170 M M 1 13 71 170
17 88 49 69 -1 0 4 0.00 M M 5.8 15 220 M M 0 23 290
18 81 55 68 -2 0 3 0.33 M M 9.1 36 290 M M 5 138 50 290
19 79 52 66 -3 0 1 0.19 M M 9.1 24 190 M M 7 13 33 340
20 76 47 62 -7 3 0 T M M 3.9 16 330 M M 2 1 22 340
21 84 47 66 -3 0 1 0.00 M M 6.9 22 220 M M 4 3 28 220
22 86 51 69 0 0 4 T M M 7.1 20 190 M M 1 27 190
23 89 51 70 1 0 5 0.00 M M 6.8 18 210 M M 1 26 230
24 86 50 68 0 0 3 0.00 M M 5.1 16 280 M M 0 26 290
25 90 44 67 -1 0 2 0.00 M M 5.0 20 290 M M 0 25 290
26 90 53 72 4 0 7 T M M 4.7 17 70 M M 3 3 23 70
27 90 55 73 5 0 8 0.04 M M 5.1 18 280 M M 1 13 27 300
28 90 50 70 3 0 5 0.00 M M 5.2 17 280 M M 0 25 280
29 93 47 70 3 0 5 0.00 M M 4.9 15 290 M M 0 22 200
30 91 52 72 5 0 7 0.00 M M 5.3 14 280 M M 0 20 260
31 90 50 70 3 0 5 T M M 6.5 17 200 M M 1 22 210
================================================================================
SM 2750 1612 3 178 1.73 M 195.6 M 43
================================================================================
AV 88.7 52.0 6.3 FASTST M M 1 MAX(MPH)
MISC ----> 40 170 71 170
================================================================================
NOTES:
# LAST OF SEVERAL OCCURRENCES
COLUMN 17 PEAK WIND IN M.P.H.
PRELIMINARY LOCAL CLIMATOLOGICAL DATA (WS FORM: F-6) , PAGE 2
STATION: CORTEZ CO
MONTH: AUGUST
YEAR: 2021
LATITUDE: 37 17 N
LONGITUDE: 108 38 W
[TEMPERATURE DATA] [PRECIPITATION DATA] SYMBOLS USED IN COLUMN 16
AVERAGE MONTHLY: 70.4 TOTAL FOR MONTH: 1.73 1 = FOG OR MIST
DPTR FM NORMAL: 0.5 DPTR FM NORMAL: 0.14 2 = FOG REDUCING VISIBILITY
HIGHEST: 94 ON 13,10 GRTST 24HR 0.68 ON 13-13 TO 1/4 MILE OR LESS
LOWEST: 44 ON 25, 8 3 = THUNDER
SNOW, ICE PELLETS, HAIL 4 = ICE PELLETS
TOTAL MONTH: M 5 = HAIL
GRTST 24HR M ON M 6 = FREEZING RAIN OR DRIZZLE
GRTST DEPTH: M ON M 7 = DUSTSTORM OR SANDSTORM:
VSBY 1/2 MILE OR LESS
8 = SMOKE OR HAZE
[NO. OF DAYS WITH] [WEATHER - DAYS WITH] 9 = BLOWING SNOW
X = TORNADO
MAX 32 OR BELOW: 0 0.01 INCH OR MORE: 8
MAX 90 OR ABOVE: 17 0.10 INCH OR MORE: 4
MIN 32 OR BELOW: 0 0.50 INCH OR MORE: 1
MIN 0 OR BELOW: 0 1.00 INCH OR MORE: 0
[HDD (BASE 65) ]
TOTAL THIS MO. 3 CLEAR (SCALE 0-3) 26
DPTR FM NORMAL -5 PTCLDY (SCALE 4-7) 5
TOTAL FM JUL 1 3 CLOUDY (SCALE 8-10) 0
DPTR FM NORMAL -4
[CDD (BASE 65) ]
TOTAL THIS MO. 178
DPTR FM NORMAL 20 [PRESSURE DATA]
TOTAL FM JAN 1 667 HIGHEST SLP M ON M
DPTR FM NORMAL 203 LOWEST SLP 29.66 ON 31
[REMARKS]
#FINAL-08-21#