000
CXUS53 KPAH 010700
CF6CGI
PRELIMINARY LOCAL CLIMATOLOGICAL DATA (WS FORM: F-6)
STATION: CAPE GIRARDEAU MO
MONTH: AUGUST
YEAR: 2021
LATITUDE: 37 13 N
LONGITUDE: 89 35 W
TEMPERATURE IN F: :PCPN: SNOW: WIND :SUNSHINE: SKY :PK WND
================================================================================
1 2 3 4 5 6A 6B 7 8 9 10 11 12 13 14 15 16 17 18
12Z AVG MX 2MIN
DY MAX MIN AVG DEP HDD CDD WTR SNW DPTH SPD SPD DIR MIN PSBL S-S WX SPD DR
================================================================================
1 86 69 78 -1 0 13 M M M 5.3 13 350 M M 4 18 16 340
2 84 63 74 -5 0 9 0.00 M M 5.2 13 50 M M 1 18 19 50
3 84 59 72 -7 0 7 0.00 M M 4.7 12 60 M M 2 1 17 50
4 85 58 72 -7 0 7 0.00 M M 4.6 14 60 M M 0 1 18 60
5 85 56 71 -8 0 6 0.00 M M 1.9 8 290 M M 2 12 11 280
6 86 61 74 -5 0 9 0.00 M M 3.2 10 210 M M 0 1 16 160
7 88 65 77 -2 0 12 0.00 M M 4.2 9 190 M M 1 1 15 180
8 89 69 79 1 0 14 M M M 6.8 29 290 M M 3 13 39 280
9 91 70 81 3 0 16 0.00 M M 8.1 18 200 M M 3 1 28 200
10 92 77 85 7 0 20 0.00 M M 7.7 15 230 M M 3 24 210
11 92 74 83 5 0 18 0.00 M M 8.7 16 190 M M 0 23 200
12 92 71 82 4 0 17 M M M 6.7 29 340 M M 1 13 44 350
13 82 71 77 -1 0 12 M M M 2.3 14 260 M M 2 13 20 270
14 88 66 77 -1 0 12 T M M 5.5 14 350 M M 2 19 360
15 85 64 75 -3 0 10 0.00 M M 5.0 13 60 M M 4 1 17 60
16 87 65 76 -2 0 11 0.00 M M 1.7 8 70 M M 3 128 13 60
17 89 63 76 -2 0 11 0.00 M M 1.1 9 20 M M 3 12 12 20
18 79 67 73 -4 0 8 0.02 M M 2.0 9 260 M M 2 1 11 260
19 88 69 79 2 0 14 0.00 M M 2.6 8 110 M M 5 1 12 130
20 82 71 77 0 0 12 1.54 M M 4.7 15 130 M M 8 123 20 130
21 90 72 81 4 0 16 T M M 4.3 14 250 M M 5 1 20 110
22 92 69 81 4 0 16 0.00 M M 4.2 10 360 M M 3 1 15 20
23 92 68 80 4 0 15 0.00 M M 2.3 15 340 M M 3 12 19 330
24 93 71 82 6 0 17 0.00 M M 2.6 9 200 M M 1 12 14 230
25 93 71 82 6 0 17 0.00 M M 3.5 8 140 M M 0 12 12 200
26 94 70 82 6 0 17 0.00 M M 1.4 7 140 M M 1 18 10 130
27 91 73 82 6 0 17 0.00 M M 4.4 13 190 M M 1 1 21 180
28 91 71 81 6 0 16 0.00 M M 3.3 13 260 M M 1 18 140
29 92 73 83 8 0 18 0.00 M M 4.3 10 120 M M 2 16 180
30 87 71 79 4 0 14 0.14 M M 3.7 13 160 M M 4 19 170
31 86 70 78 3 0 13 0.03 M M 8.0 17 360 M M 5 24 360
================================================================================
SM 2735 2107 0 414 1.73 M 134.0 M 75
================================================================================
AV 88.2 68.0 4.3 FASTST M M 2 MAX(MPH)
MISC ----> # 29 290 44 350
================================================================================
NOTES:
# LAST OF SEVERAL OCCURRENCES
COLUMN 17 PEAK WIND IN M.P.H.
PRELIMINARY LOCAL CLIMATOLOGICAL DATA (WS FORM: F-6) , PAGE 2
STATION: CAPE GIRARDEAU MO
MONTH: AUGUST
YEAR: 2021
LATITUDE: 37 13 N
LONGITUDE: 89 35 W
[TEMPERATURE DATA] [PRECIPITATION DATA] SYMBOLS USED IN COLUMN 16
AVERAGE MONTHLY: 78.1 TOTAL FOR MONTH: 1.73 1 = FOG OR MIST
DPTR FM NORMAL: 0.7 DPTR FM NORMAL: -1.50 2 = FOG REDUCING VISIBILITY
HIGHEST: 94 ON 26 GRTST 24HR 1.54 ON 20-20 TO 1/4 MILE OR LESS
LOWEST: 56 ON 5 3 = THUNDER
SNOW, ICE PELLETS, HAIL 4 = ICE PELLETS
TOTAL MONTH: M 5 = HAIL
GRTST 24HR M ON M 6 = FREEZING RAIN OR DRIZZLE
GRTST DEPTH: M ON M 7 = DUSTSTORM OR SANDSTORM:
VSBY 1/2 MILE OR LESS
8 = SMOKE OR HAZE
[NO. OF DAYS WITH] [WEATHER - DAYS WITH] 9 = BLOWING SNOW
X = TORNADO
MAX 32 OR BELOW: 0 0.01 INCH OR MORE: 4
MAX 90 OR ABOVE: 13 0.10 INCH OR MORE: 2
MIN 32 OR BELOW: 0 0.50 INCH OR MORE: 1
MIN 0 OR BELOW: 0 1.00 INCH OR MORE: 1
[HDD (BASE 65) ]
TOTAL THIS MO. 0 CLEAR (SCALE 0-3) 22
DPTR FM NORMAL -1 PTCLDY (SCALE 4-7) 8
TOTAL FM JUL 1 0 CLOUDY (SCALE 8-10) 1
DPTR FM NORMAL 0
[CDD (BASE 65) ]
TOTAL THIS MO. 414
DPTR FM NORMAL 31 [PRESSURE DATA]
TOTAL FM JAN 1 1347 HIGHEST SLP M ON M
DPTR FM NORMAL 2 LOWEST SLP 29.65 ON 31
[REMARKS]
#FINAL-08-21#