000
CXUS53 KPAH 021454
CF6CGI
PRELIMINARY LOCAL CLIMATOLOGICAL DATA (WS FORM: F-6)
STATION: CAPE GIRARDEAU MO
MONTH: JULY
YEAR: 2021
LATITUDE: 37 13 N
LONGITUDE: 89 35 W
TEMPERATURE IN F: :PCPN: SNOW: WIND :SUNSHINE: SKY :PK WND
================================================================================
1 2 3 4 5 6A 6B 7 8 9 10 11 12 13 14 15 16 17 18
12Z AVG MX 2MIN
DY MAX MIN AVG DEP HDD CDD WTR SNW DPTH SPD SPD DIR MIN PSBL S-S WX SPD DR
================================================================================
1 84 72 78 -1 0 13 0.04 M M 3.8 12 350 M M 7 1 14 350
2 83 62 73 -6 0 8 0.00 M M 10.1 22 30 M M 0 31 50
3 83 56 70 -9 0 5 0.00 M M 4.6 14 70 M M 0 21 40
4 86 59 73 -6 0 8 0.00 M M 2.4 9 260 M M 0 18 12 250
5 89 62 76 -3 0 11 0.00 M M 2.3 10 220 M M 2 1 14 210
6 91 67 79 0 0 14 0.00 M M 2.7 12 180 M M 2 128 19 160
7 89 69 79 0 0 14 0.58 M M 4.6 17 120 M M 2 8 27 110
8 90 72 81 2 0 16 0.67 M M 3.4 28 320 M M 2 13 40 330
9 91 71 81 2 0 16 0.00 M M 4.3 20 220 M M 1 123 29 220
10 85 69 77 -2 0 12 1.07 M M 7.3 26 240 M M 4 138 39 240
11 81 67 74 -5 0 9 0.14 M M 4.7 14 210 M M 7 1 20 180
12 83 69 76 -3 0 11 0.12 M M 6.1 13 210 M M 5 1 21 210
13 85 68 77 -2 0 12 0.01 M M 2.5 14 300 M M 5 18 300
14 88 68 78 -1 0 13 0.00 M M 4.6 12 210 M M 1 1 18 210
15 90 73 82 3 0 17 0.00 M M 7.3 16 180 M M 1 24 210
16 85 72 79 0 0 14 0.01 M M 6.6 17 180 M M 5 3 26 200
17 88 73 81 2 0 16 0.08 M M 3.7 16 290 M M 6 13 19 280
18 80 70 75 -4 0 10 3.10 M M 5.0 16 80 M M 9 13 21 80
19 85 70 78 -1 0 13 0.04 M M 8.1 18 30 M M 5 24 40
20 86 67 77 -2 0 12 0.00 M M 6.6 15 50 M M 0 21 20
21 88 65 77 -2 0 12 0.00 M M 4.1 10 60 M M 0 16 70
22 89 67 78 -1 0 13 0.00 M M 1.9 9 110 M M 3 12 14 100
23 89 69 79 0 0 14 0.00 M M 3.3 10 110 M M 1 1 13 110
24 93 73 83 4 0 18 0.03 M M 2.6 16 350 M M 3 3 24 10
25 95 74 85 6 0 20 0.00 M M 2.8 15 10 M M 2 13 20 10
26 93 71 82 3 0 17 0.00 M M 4.3 13 40 M M 1 1 17 50
27 92 68 80 1 0 15 0.00 M M 2.3 9 50 M M 1 1 13 60
28 92 68 80 1 0 15 0.00 M M 1.7 8 300 M M 3 12 11 300
29 95 72 84 5 0 19 0.00 M M 4.0 10 250 M M 0 18 16 240
30 90 75 83 4 0 18 0.00 M M 6.4 17 350 M M 3 1 24 340
31 87 71 79 0 0 14 T M M 4.8 17 300 M M 5 138 21 300
================================================================================
SM 2725 2129 0 419 5.89 M 138.9 M 86
================================================================================
AV 87.9 68.7 4.5 FASTST M M 3 MAX(MPH)
MISC ----> 28 320 40 330
================================================================================
NOTES:
# LAST OF SEVERAL OCCURRENCES
COLUMN 17 PEAK WIND IN M.P.H.
PRELIMINARY LOCAL CLIMATOLOGICAL DATA (WS FORM: F-6) , PAGE 2
STATION: CAPE GIRARDEAU MO
MONTH: JULY
YEAR: 2021
LATITUDE: 37 13 N
LONGITUDE: 89 35 W
[TEMPERATURE DATA] [PRECIPITATION DATA] SYMBOLS USED IN COLUMN 16
AVERAGE MONTHLY: 78.3 TOTAL FOR MONTH: 5.89 1 = FOG OR MIST
DPTR FM NORMAL: -1.0 DPTR FM NORMAL: 2.02 2 = FOG REDUCING VISIBILITY
HIGHEST: 95 ON 29,25 GRTST 24HR 3.18 ON 17-18 TO 1/4 MILE OR LESS
LOWEST: 56 ON 3 3 = THUNDER
SNOW, ICE PELLETS, HAIL 4 = ICE PELLETS
TOTAL MONTH: M 5 = HAIL
GRTST 24HR M ON M 6 = FREEZING RAIN OR DRIZZLE
GRTST DEPTH: M ON M 7 = DUSTSTORM OR SANDSTORM:
VSBY 1/2 MILE OR LESS
8 = SMOKE OR HAZE
[NO. OF DAYS WITH] [WEATHER - DAYS WITH] 9 = BLOWING SNOW
X = TORNADO
MAX 32 OR BELOW: 0 0.01 INCH OR MORE: 12
MAX 90 OR ABOVE: 11 0.10 INCH OR MORE: 6
MIN 32 OR BELOW: 0 0.50 INCH OR MORE: 4
MIN 0 OR BELOW: 0 1.00 INCH OR MORE: 2
[HDD (BASE 65) ]
TOTAL THIS MO. 0 CLEAR (SCALE 0-3) 20
DPTR FM NORMAL 0 PTCLDY (SCALE 4-7) 10
TOTAL FM JUL 1 0 CLOUDY (SCALE 8-10) 1
DPTR FM NORMAL 0
[CDD (BASE 65) ]
TOTAL THIS MO. 419
DPTR FM NORMAL -23 [PRESSURE DATA]
TOTAL FM JAN 1 933 HIGHEST SLP 30.20 ON 14
DPTR FM NORMAL -29 LOWEST SLP 29.76 ON 11
[REMARKS]
#FINAL-07-21#