000
CXUS51 KLWX 021901
CF6CHO
PRELIMINARY LOCAL CLIMATOLOGICAL DATA (WS FORM: F-6)
STATION: CHARLOTTESVILLE VA
MONTH: JANUARY
YEAR: 2021
LATITUDE: 38 7 N
LONGITUDE: 78 27 W
TEMPERATURE IN F: :PCPN: SNOW: WIND :SUNSHINE: SKY :PK WND
================================================================================
1 2 3 4 5 6A 6B 7 8 9 10 11 12 13 14 15 16 17 18
12Z AVG MX 2MIN
DY MAX MIN AVG DEP HDD CDD WTR SNW DPTH SPD SPD DIR MIN PSBL S-S WX SPD DR
================================================================================
1 41 35 38 3 27 0 0.73 M M 5.5 14 50 M M 10 1 18 50
2 64 36 50 15 15 0 0.00 M M 5.6 13 60 M M 4 12 27 210
3 46 41 44 9 21 0 0.16 M M 4.0 13 40 M M 10 1 17 50
4 46 40 43 8 22 0 0.00 M M 2.4 8 170 M M 10 12 11 340
5 49 36 43 8 22 0 0.00 M M 3.4 10 340 M M 8 12 17 350
6 50 35 43 8 22 0 0.00 M M 5.4 15 320 M M 5 24 300
7 48 32 40 5 25 0 0.00 M M 2.8 8 30 M M 0 14 290
8 43 33 38 3 27 0 0.00 M M 2.9 10 40 M M 7 13 40
9 49 31 40 5 25 0 0.00 M M 6.5 14 320 M M 0 21 300
10 54 33 44 9 21 0 0.00 M M 3.5 15 320 M M 0 24 320
11 43 27 35 0 30 0 0.00 M M 2.7 13 190 M M 3 16 180
12 53 27 40 5 25 0 0.00 M M 2.9 8 180 M M 0 18 11 140
13 55 28 42 7 23 0 0.00 M M 4.0 13 200 M M 0 18 190
14 56 26 41 6 24 0 0.00 M M 3.1 10 180 M M 0 14 140
15 48 28 38 3 27 0 0.12 M M 2.5 9 320 M M 4 12 12 320
16 43 28 36 1 29 0 0.02 M M 2.8 17 270 M M 6 128 29 270
17 48 30 39 4 26 0 0.00 M M 5.4 12 190 M M 5 18 260
18 43 35 39 4 26 0 0.00 M M 4.2 10 300 M M 8 17 310
19 51 31 41 6 24 0 0.00 M M 6.4 13 280 M M 3 21 300
20 48 31 40 5 25 0 0.00 M M 6.5 18 300 M M 3 33 330
21 55 29 42 7 23 0 0.00 M M 7.0 14 210 M M 3 22 200
22 55 32 44 9 21 0 0.00 M M 6.9 15 290 M M 0 27 310
23 41 29 35 0 30 0 0.00 M M 6.1 16 30 M M 0 23 10
24 42 24 33 -2 32 0 0.00 M M 2.2 10 200 M M 6 13 200
25 40 34 37 1 28 0 0.39 M M 4.6 12 140 M M 10 16 13 40
26 42 33 38 2 27 0 0.06 M M 3.0 13 40 M M 10 126 15 50
27 49 33 41 5 24 0 0.00 M M 5.2 14 50 M M 8 12 19 40
28 40 28 34 -2 31 0 0.01 M M 8.1 22 340 M M 4 1 35 320
29 38 21 30 -6 35 0 0.00 M M 4.4 13 320 M M 0 18 340
30 41 20 31 -5 34 0 0.00 M M 2.1 8 310 M M 0 10 130
31 34 30 32 -4 33 0 0.55 M M 6.0 18 30 M M 10 126 23 30
================================================================================
SM 1455 956 804 0 2.04 M 138.1 M 137
================================================================================
AV 46.9 30.8 4.5 FASTST M M 4 MAX(MPH)
MISC ----> 22 340 35 320
================================================================================
NOTES:
# LAST OF SEVERAL OCCURRENCES
COLUMN 17 PEAK WIND IN M.P.H.
PRELIMINARY LOCAL CLIMATOLOGICAL DATA (WS FORM: F-6) , PAGE 2
STATION: CHARLOTTESVILLE VA
MONTH: JANUARY
YEAR: 2021
LATITUDE: 38 7 N
LONGITUDE: 78 27 W
[TEMPERATURE DATA] [PRECIPITATION DATA] SYMBOLS USED IN COLUMN 16
AVERAGE MONTHLY: 38.9 TOTAL FOR MONTH: 2.04 1 = FOG OR MIST
DPTR FM NORMAL: 3.7 DPTR FM NORMAL: -0.73 2 = FOG REDUCING VISIBILITY
HIGHEST: 64 ON 2 GRTST 24HR 0.73 ON 1- 1 TO 1/4 MILE OR LESS
LOWEST: 20 ON 30 3 = THUNDER
SNOW, ICE PELLETS, HAIL 4 = ICE PELLETS
TOTAL MONTH: M 5 = HAIL
GRTST 24HR M ON M 6 = FREEZING RAIN OR DRIZZLE
GRTST DEPTH: M ON M 7 = DUSTSTORM OR SANDSTORM:
VSBY 1/2 MILE OR LESS
8 = SMOKE OR HAZE
[NO. OF DAYS WITH] [WEATHER - DAYS WITH] 9 = BLOWING SNOW
X = TORNADO
MAX 32 OR BELOW: 0 0.01 INCH OR MORE: 8
MAX 90 OR ABOVE: 0 0.10 INCH OR MORE: 5
MIN 32 OR BELOW: 19 0.50 INCH OR MORE: 2
MIN 0 OR BELOW: 0 1.00 INCH OR MORE: 0
[HDD (BASE 65) ]
TOTAL THIS MO. 804 CLEAR (SCALE 0-3) 14
DPTR FM NORMAL -120 PTCLDY (SCALE 4-7) 9
TOTAL FM JUL 1 2045 CLOUDY (SCALE 8-10) 8
DPTR FM NORMAL -615
[CDD (BASE 65) ]
TOTAL THIS MO. 0
DPTR FM NORMAL 0 [PRESSURE DATA]
TOTAL FM JAN 1 0 HIGHEST SLP 30.48 ON 1
DPTR FM NORMAL 0 LOWEST SLP 29.51 ON 16
[REMARKS]
#FINAL-01-21#