000
CXUS52 KCHS 040354
CF6CHS
PRELIMINARY LOCAL CLIMATOLOGICAL DATA (WS FORM: F-6)
STATION: NORTH CHARLESTON SC
MONTH: DECEMBER
YEAR: 2021
LATITUDE: 32 54 N
LONGITUDE: 80 2 W
TEMPERATURE IN F: :PCPN: SNOW: WIND :SUNSHINE: SKY :PK WND
================================================================================
1 2 3 4 5 6A 6B 7 8 9 10 11 12 13 14 15 16 17 18
12Z AVG MX 2MIN
DY MAX MIN AVG DEP HDD CDD WTR SNW DPTH SPD SPD DIR MIN PSBL S-S WX SPD DR
================================================================================
1 70 37 54 -1 11 0 0.00 0.0 0 3.1 13 210 M M 4 1 18 210
2 73 42 58 4 7 0 0.00 0.0 0 6.4 14 250 M M 2 18 300
3 77 50 64 10 1 0 0.00 0.0 0 3.6 12 140 M M 1 13 140
4 75 49 62 8 3 0 0.00 0.0 0 5.5 12 200 M M 5 1 13 210
5 73 50 62 8 3 0 0.00 0.0 0 2.9 10 150 M M 4 12 13 170
6 73 49 61 7 4 0 0.00 0.0 0 5.3 18 260 M M 8 12 23 250
7 62 55 59 5 6 0 T 0.0 0 6.2 16 10 M M 9 22 20
8 65 48 57 4 8 0 1.91 0.0 0 8.2 21 340 M M 10 13 24 340
9 61 43 52 -1 13 0 0.00 0.0 0 6.6 14 100 M M 9 1 17 90
10 68 44 56 3 9 0 0.00 0.0 0 3.7 10 140 M M 7 11 150
11 79 57 68 15 0 3 T 0.0 0 9.4 23 210 M M 6 12 28 210
12 65 43 54 1 11 0 0.22 0.0 0 8.4 24 350 M M 5 1 30 20
13 69 41 55 3 10 0 0.00 0.0 0 5.5 10 50 M M 1 14 10
14 66 47 57 5 8 0 0.00 0.0 0 5.6 14 10 M M 6 1 17 360
15 70 45 58 6 7 0 0.00 0.0 0 5.5 12 20 M M 2 13 30
16 77 46 62 10 3 0 0.00 0.0 0 4.1 13 130 M M 4 16 160
17 79 56 68 16 0 3 T 0.0 0 3.5 13 200 M M 7 1 16 210
18 77 59 68 16 0 3 0.00 0.0 0 7.1 20 200 M M 6 12 26 220
19 70 46 58 6 7 0 0.05 0.0 0 9.7 24 350 M M 8 1 28 360
20 49 37 43 -8 22 0 T 0.0 0 10.9 18 20 M M 8 24 30
21 47 40 44 -7 21 0 0.36 0.0 0 10.9 18 340 M M 10 1 23 360
22 59 41 50 -1 15 0 0.05 0.0 0 6.3 15 300 M M 4 1 21 310
23 57 36 47 -4 18 0 0.00 0.0 0 6.3 15 40 M M 0 21 40
24 68 33 51 0 14 0 0.00 0.0 0 4.7 17 210 M M 2 1 20 210
25 74 48 61 10 4 0 0.00 0.0 0 9.2 21 240 M M 1 26 260
26 78 57 68 17 0 3 0.00 0.0 0 5.6 12 280 M M 2 16 280
27 78 54 66 16 0 1 0.00 0.0 0 5.4 16 260 M M 4 12 21 270
28 76 60 68 18 0 3 0.00 0.0 0 8.5 15 200 M M 6 1 18 230
29 80 60 70 20 0 5 0.00 0.0 0 11.0 22 260 M M 3 28 250
30 79 63 71 21 0 6 0.76 0.0 0 8.0 23 350 M M 8 13 26 350
31 78 61 70 20 0 5 T 0.0 0 7.4 13 200 M M 5 12 17 220
================================================================================
SM 2172 1497 205 32 3.35 0.0 204.5 M 157
================================================================================
AV 70.1 48.3 6.6 FASTST M M 5 MAX(MPH)
MISC ----> # 24 350 30 20
================================================================================
NOTES:
# LAST OF SEVERAL OCCURRENCES
COLUMN 17 PEAK WIND IN M.P.H.
PRELIMINARY LOCAL CLIMATOLOGICAL DATA (WS FORM: F-6) , PAGE 2
STATION: NORTH CHARLESTON SC
MONTH: DECEMBER
YEAR: 2021
LATITUDE: 32 54 N
LONGITUDE: 80 2 W
[TEMPERATURE DATA] [PRECIPITATION DATA] SYMBOLS USED IN COLUMN 16
AVERAGE MONTHLY: 59.2 TOTAL FOR MONTH: 3.35 1 = FOG OR MIST
DPTR FM NORMAL: 7.0 DPTR FM NORMAL: 0.00 2 = FOG REDUCING VISIBILITY
HIGHEST: 80 ON 29 GRTST 24HR 1.91 ON 8- 8 TO 1/4 MILE OR LESS
LOWEST: 33 ON 24 3 = THUNDER
SNOW, ICE PELLETS, HAIL 4 = ICE PELLETS
TOTAL MONTH: 0.0 INCH 5 = HAIL
GRTST 24HR 0.0 6 = FREEZING RAIN OR DRIZZLE
GRTST DEPTH: 0 7 = DUSTSTORM OR SANDSTORM:
VSBY 1/2 MILE OR LESS
8 = SMOKE OR HAZE
[NO. OF DAYS WITH] [WEATHER - DAYS WITH] 9 = BLOWING SNOW
X = TORNADO
MAX 32 OR BELOW: 0 0.01 INCH OR MORE: 6
MAX 90 OR ABOVE: 0 0.10 INCH OR MORE: 4
MIN 32 OR BELOW: 0 0.50 INCH OR MORE: 2
MIN 0 OR BELOW: 0 1.00 INCH OR MORE: 1
[HDD (BASE 65) ]
TOTAL THIS MO. 205 CLEAR (SCALE 0-3) 8
DPTR FM NORMAL -203 PTCLDY (SCALE 4-7) 18
TOTAL FM JUL 1 561 CLOUDY (SCALE 8-10) 5
DPTR FM NORMAL -139
[CDD (BASE 65) ]
TOTAL THIS MO. 32
DPTR FM NORMAL 23 [PRESSURE DATA]
TOTAL FM JAN 1 2362 HIGHEST SLP 30.47 ON 15
DPTR FM NORMAL -72 LOWEST SLP 29.70 ON 21
[REMARKS]
#FINAL-12-21#