000
CXUS52 KCHS 010815
CF6CHS
PRELIMINARY LOCAL CLIMATOLOGICAL DATA (WS FORM: F-6)
STATION: NORTH CHARLESTON SC
MONTH: SEPTEMBER
YEAR: 2021
LATITUDE: 32 54 N
LONGITUDE: 80 2 W
TEMPERATURE IN F: :PCPN: SNOW: WIND :SUNSHINE: SKY :PK WND
================================================================================
1 2 3 4 5 6A 6B 7 8 9 10 11 12 13 14 15 16 17 18
12Z AVG MX 2MIN
DY MAX MIN AVG DEP HDD CDD WTR SNW DPTH SPD SPD DIR MIN PSBL S-S WX SPD DR
================================================================================
1 88 76 82 2 0 17 0.02 0.0 0 9.7 22 210 M M 6 8 28 210
2 86 70 78 -2 0 13 0.00 0.0 0 7.1 14 10 M M 4 20 20
3 84 63 74 -5 0 9 0.00 0.0 0 6.9 14 10 M M 2 22 10
4 84 61 73 -6 0 8 0.00 0.0 0 6.3 15 50 M M 4 20 50
5 87 64 76 -3 0 11 0.00 0.0 0 4.6 13 250 M M 4 15 220
6 92 73 83 4 0 18 0.03 0.0 0 6.0 16 210 M M 4 1 20 210
7 90 73 82 3 0 17 0.02 0.0 0 4.4 14 120 M M 8 1 17 120
8 88 72 80 1 0 15 0.39 0.0 0 6.6 22 300 M M 5 13 29 300
9 86 70 78 0 0 13 1.31 0.0 0 7.0 25 340 M M 8 1 31 340
10 84 66 75 -3 0 10 0.00 0.0 0 5.1 14 50 M M 3 1 19 70
11 84 63 74 -4 0 9 0.00 0.0 0 3.8 12 140 M M 2 1 18 80
12 86 61 74 -4 0 9 0.00 0.0 0 3.9 12 140 M M 2 22 70
13 87 66 77 -1 0 12 0.00 0.0 0 4.7 10 120 M M 4 15 110
14 87 68 78 1 0 13 0.00 0.0 0 5.1 15 130 M M 4 1 20 180
15 87 71 79 2 0 14 T 0.0 0 5.4 17 140 M M 5 1 21 130
16 87 72 80 3 0 15 2.29 0.0 0 5.0 21 40 M M 7 1 25 60
17 87 72 80 3 0 15 0.00 0.0 0 3.7 9 230 M M 7 11 50
18 89 70 80 4 0 15 0.00 0.0 0 5.0 16 130 M M 4 21 110
19 86 71 79 3 0 14 T 0.0 0 8.7 20 120 M M 6 25 100
20 81 72 77 1 0 12 1.96 0.0 0 8.0 23 150 M M 8 1 28 150
21 78 73 76 0 0 11 1.21 0.0 0 5.6 20 150 M M 9 1 24 150
22 86 71 79 3 0 14 0.05 0.0 0 7.3 18 300 M M 7 13 25 300
23 80 60 70 -5 0 5 0.00 0.0 0 7.5 15 340 M M 1 18 340
24 78 58 68 -7 0 3 0.00 0.0 0 7.3 17 50 M M 0 23 50
25 80 54 67 -8 0 2 0.00 0.0 0 4.3 14 350 M M 1 16 350
26 83 58 71 -3 0 6 0.00 0.0 0 3.4 13 150 M M 1 8 15 140
27 85 60 73 -1 0 8 0.00 0.0 0 4.5 13 200 M M 1 15 200
28 86 64 75 1 0 10 0.00 0.0 0 5.1 13 180 M M 2 8 16 220
29 88 67 78 4 0 13 0.00 0.0 0 3.6 13 270 M M 1 16 270
30 88 68 78 5 0 13 0.00 0.0 0 2.5 10 190 M M 4 1 13 190
================================================================================
SM 2562 2007 0 344 7.28 0.0 168.1 M 124
================================================================================
AV 85.4 66.9 5.6 FASTST M M 4 MAX(MPH)
MISC ----> 25 340 31 340
================================================================================
NOTES:
# LAST OF SEVERAL OCCURRENCES
COLUMN 17 PEAK WIND IN M.P.H.
PRELIMINARY LOCAL CLIMATOLOGICAL DATA (WS FORM: F-6) , PAGE 2
STATION: NORTH CHARLESTON SC
MONTH: SEPTEMBER
YEAR: 2021
LATITUDE: 32 54 N
LONGITUDE: 80 2 W
[TEMPERATURE DATA] [PRECIPITATION DATA] SYMBOLS USED IN COLUMN 16
AVERAGE MONTHLY: 76.2 TOTAL FOR MONTH: 7.28 1 = FOG OR MIST
DPTR FM NORMAL: -0.7 DPTR FM NORMAL: 1.27 2 = FOG REDUCING VISIBILITY
HIGHEST: 92 ON 6 GRTST 24HR 3.04 ON 20-21 TO 1/4 MILE OR LESS
LOWEST: 54 ON 25 3 = THUNDER
SNOW, ICE PELLETS, HAIL 4 = ICE PELLETS
TOTAL MONTH: 0.0 INCH 5 = HAIL
GRTST 24HR 0.0 6 = FREEZING RAIN OR DRIZZLE
GRTST DEPTH: 0 7 = DUSTSTORM OR SANDSTORM:
VSBY 1/2 MILE OR LESS
8 = SMOKE OR HAZE
[NO. OF DAYS WITH] [WEATHER - DAYS WITH] 9 = BLOWING SNOW
X = TORNADO
MAX 32 OR BELOW: 0 0.01 INCH OR MORE: 9
MAX 90 OR ABOVE: 2 0.10 INCH OR MORE: 5
MIN 32 OR BELOW: 0 0.50 INCH OR MORE: 4
MIN 0 OR BELOW: 0 1.00 INCH OR MORE: 4
[HDD (BASE 65) ]
TOTAL THIS MO. 0 CLEAR (SCALE 0-3) 10
DPTR FM NORMAL -2 PTCLDY (SCALE 4-7) 17
TOTAL FM JUL 1 0 CLOUDY (SCALE 8-10) 3
DPTR FM NORMAL 0
[CDD (BASE 65) ]
TOTAL THIS MO. 344
DPTR FM NORMAL -13 [PRESSURE DATA]
TOTAL FM JAN 1 2158 HIGHEST SLP 30.31 ON 12
DPTR FM NORMAL -92 LOWEST SLP 29.68 ON 1
[REMARKS]
#FINAL-09-21#