000
CXUS55 KDVN 011000
CF6CID
PRELIMINARY LOCAL CLIMATOLOGICAL DATA (WS FORM: F-6)
STATION: CEDAR RAPIDS IA
MONTH: JULY
YEAR: 2022
LATITUDE: 41 52 N
LONGITUDE: 91 42 W
TEMPERATURE IN F: :PCPN: SNOW: WIND :SUNSHINE: SKY :PK WND
================================================================================
1 2 3 4 5 6A 6B 7 8 9 10 11 12 13 14 15 16 17 18
12Z AVG MX 2MIN
DY MAX MIN AVG DEP HDD CDD WTR SNW DPTH SPD SPD DIR MIN PSBL S-S WX SPD DR
================================================================================
1 80 60 70 -2 0 5 0.00 M M 6.8 17 30 M M 1 22 40
2 83 56 70 -3 0 5 0.00 M M 4.7 15 190 M M 0 1 21 200
3 85 59 72 -1 0 7 0.00 M M 7.4 15 180 M M 0 1 21 150
4 88 68 78 5 0 13 0.87 M M 9.3 18 160 M M 2 13 25 160
5 93 70 82 9 0 17 0.20 M M 9.3 39 330 M M 1 13 54 320
6 83 68 76 3 0 11 0.00 M M 6.9 15 110 M M 3 19 110
7 81 70 76 3 0 11 0.12 M M 6.9 15 70 M M 7 18 20 70
8 79 70 75 2 0 10 0.50 M M 10.5 26 60 M M 7 1 37 70
9 83 63 73 0 0 8 0.00 M M 6.7 13 50 M M 1 17 50
10 83 62 73 0 0 8 0.00 M M 7.7 20 190 M M 1 27 180
11 85 64 75 2 0 10 0.67 M M 11.0 37 290 M M M 13 54 310
12 83 57 70 -3 0 5 0.00 M M 9.0 16 290 M M 1 23 310
13 85 61 73 0 0 8 0.00 M M 7.2 15 300 M M 3 20 300
14 83 65 74 1 0 9 0.01 M M 9.4 21 50 M M 4 13 29 50
15 80 70 75 2 0 10 0.56 M M 11.8 23 170 M M 8 13 35 160
16 77 70 74 1 0 9 0.00 M M 7.9 15 70 M M 9 1 19 70
17 84 65 75 2 0 10 0.00 M M 5.8 13 340 M M 2 1 17 340
18 87 61 74 1 0 9 0.00 M M 4.1 9 280 M M 0 12 280
19 88 66 77 4 0 12 0.00 M M 10.3 23 200 M M 1 33 200
20 85 67 76 3 0 11 0.00 M M 13.5 25 300 M M 1 18 34 300
21 88 60 74 1 0 9 0.00 M M 8.8 22 300 M M 0 18 28 280
22 88 59 74 1 0 9 0.00 M M 7.2 16 70 M M 1 22 180
23 93 71 82 9 0 17 0.02 M M 7.7 17 240 M M 1 13 27 210
24 83 63 73 0 0 8 0.09 M M 9.0 20 320 M M 3 13 29 320
25 77 59 68 -5 0 3 0.00 M M 3.5 9 290 M M 0 14 360
26 81 56 69 -4 0 4 T M M 4.0 12 150 M M 2 18 130
27 84 67 76 3 0 11 T M M 8.9 20 310 M M 4 1 26 310
28 79 59 69 -3 0 4 0.11 0.0 0 9.7 22 320 M M 3 1 29 310
29 80 54 67 -5 0 2 0.00 M M 8.1 16 310 M M 2 24 320
30 81 53 67 -5 0 2 0.00 M M 2.9 8 120 M M 1 14 170
31 83 58 71 -1 0 6 0.62 M M 8.7 26 260 M M 2 138 42 240
================================================================================
SM 2592 1951 0 263 3.77 0.0 244.7 M 71
================================================================================
AV 83.6 62.9 7.9 FASTST M M 2 MAX(MPH)
MISC ----> 39 330 # 54 320
================================================================================
NOTES:
# LAST OF SEVERAL OCCURRENCES
COLUMN 17 PEAK WIND IN M.P.H.
PRELIMINARY LOCAL CLIMATOLOGICAL DATA (WS FORM: F-6) , PAGE 2
STATION: CEDAR RAPIDS IA
MONTH: JULY
YEAR: 2022
LATITUDE: 41 52 N
LONGITUDE: 91 42 W
[TEMPERATURE DATA] [PRECIPITATION DATA] SYMBOLS USED IN COLUMN 16
AVERAGE MONTHLY: 73.3 TOTAL FOR MONTH: 3.77 1 = FOG OR MIST
DPTR FM NORMAL: 0.5 DPTR FM NORMAL: -0.64 2 = FOG REDUCING VISIBILITY
HIGHEST: 93 ON 23, 5 GRTST 24HR 0.87 ON 4- 4 TO 1/4 MILE OR LESS
LOWEST: 53 ON 30 3 = THUNDER
SNOW, ICE PELLETS, HAIL 4 = ICE PELLETS
TOTAL MONTH: 0.0 INCH 5 = HAIL
GRTST 24HR 0.0 6 = FREEZING RAIN OR DRIZZLE
GRTST DEPTH: 0 7 = DUSTSTORM OR SANDSTORM:
VSBY 1/2 MILE OR LESS
8 = SMOKE OR HAZE
[NO. OF DAYS WITH] [WEATHER - DAYS WITH] 9 = BLOWING SNOW
X = TORNADO
MAX 32 OR BELOW: 0 0.01 INCH OR MORE: 11
MAX 90 OR ABOVE: 2 0.10 INCH OR MORE: 8
MIN 32 OR BELOW: 0 0.50 INCH OR MORE: 5
MIN 0 OR BELOW: 0 1.00 INCH OR MORE: 0
[HDD (BASE 65) ]
TOTAL THIS MO. 0 CLEAR (SCALE 0-3) 21
DPTR FM NORMAL -5 PTCLDY (SCALE 4-7) 7
TOTAL FM JUL 1 0 CLOUDY (SCALE 8-10) 3
DPTR FM NORMAL 0
[CDD (BASE 65) ]
TOTAL THIS MO. 263
DPTR FM NORMAL 18 [PRESSURE DATA]
TOTAL FM JAN 1 562 HIGHEST SLP 30.20 ON 30
DPTR FM NORMAL 86 LOWEST SLP 29.64 ON 20
[REMARKS]
#FINAL-07-22#