000
CXUS53 KDVN 011128
CLMCID
CLIMATE REPORT
NATIONAL WEATHER SERVICE QUAD CITIES IA IL
628 AM CDT MON MAY 01 2023
...................................
...THE CEDAR RAPIDS IA CLIMATE SUMMARY FOR THE MONTH OF APRIL 2023...
CLIMATE NORMAL PERIOD 1991 TO 2020
CLIMATE RECORD PERIOD 1891 TO 2023
WEATHER OBSERVED NORMAL DEPART LAST YEAR`S
VALUE DATE(S) VALUE FROM VALUE
NORMAL
..............................................................
TEMPERATURE (F)
RECORD
HIGH 95 04/22/1980
LOW 1 04/06/1982
HIGHEST 83 04/12 66 17
04/13
04/14
LOWEST 20 04/06 32 -12
AVG. MAXIMUM 63.5 60.1 3.4
AVG. MINIMUM 36.1 37.6 -1.5
MEAN 49.8 48.9 0.9
DAYS MAX >= 90 0
DAYS MAX <= 32 0
DAYS MIN <= 32 11
DAYS MIN <= 0 0
PRECIPITATION (INCHES)
TOTALS 1.23 3.56 -2.33
DAILY AVG. 0.04 0.12 -0.08
DAYS >= .01 5
DAYS >= .10 3
DAYS >= .50 1
DAYS >= 1.00 0
GREATEST
24 HR. TOTAL 0.80 04/20 TO 04/20
DEGREE DAYS
HEATING TOTAL 457 490 -33
SINCE 7/1 6257 6600 -343
COOLING TOTAL 7 5 2
SINCE 1/1 7 6 1
..............................................................
WIND (MPH)
AVERAGE WIND SPEED 13.7
HIGHEST WIND SPEED/DIRECTION 39/220 DATE 04/20
HIGHEST GUST SPEED/DIRECTION 54/210 DATE 04/20
SKY COVER
POSSIBLE SUNSHINE (PERCENT) MM
AVERAGE SKY COVER 0.36
NUMBER OF DAYS FAIR 16
NUMBER OF DAYS PC 7
NUMBER OF DAYS CLOUDY 7
AVERAGE RH (PERCENT) 59
WEATHER CONDITIONS. NUMBER OF DAYS WITH
THUNDERSTORM 6 HAIL 0
SLEET 0 FOG 9
FOG W/VIS <= 1/4 MILE 0 HAZE 6
- INDICATES NEGATIVE NUMBERS.
R INDICATES RECORD WAS SET OR TIED.
MM INDICATES DATA IS MISSING.
T INDICATES TRACE AMOUNT.
$$