000
CXUS56 KLOX 011155
CF6CMA
PRELIMINARY LOCAL CLIMATOLOGICAL DATA (WS FORM: F-6)
STATION: CAMARILLO AIRPORT CA
MONTH: MAY
YEAR: 2021
LATITUDE: 34 12 N
LONGITUDE: 119 6 W
TEMPERATURE IN F: :PCPN: SNOW: WIND :SUNSHINE: SKY :PK WND
================================================================================
1 2 3 4 5 6A 6B 7 8 9 10 11 12 13 14 15 16 17 18
12Z AVG MX 2MIN
DY MAX MIN AVG DEP HDD CDD WTR SNW DPTH SPD SPD DIR MIN PSBL S-S WX SPD DR
================================================================================
1 72 55 64 3 1 0 0.00 M M 5.5 14 250 M M 1 18 17 230
2 71 54 63 2 2 0 0.00 M M 5.7 15 220 M M 4 8 20 240
3 74 51 63 2 2 0 0.00 M M 4.9 13 230 M M 1 8 18 240
4 78 53 66 5 0 1 0.00 M M 4.9 10 230 M M 1 1 M M
5 73 58 66 5 0 1 0.00 M M 6.1 13 230 M M 5 18 18 230
6 69 59 64 2 1 0 0.00 M M 5.5 15 240 M M 8 18 19 240
7 69 56 63 1 2 0 0.00 M M 6.3 18 270 M M 6 22 260
8 73 51 62 0 3 0 0.00 M M 4.4 15 260 M M 2 8 19 230
9 71 53 62 0 3 0 0.00 M M 4.7 14 270 M M 7 8 21 230
10 70 61 66 4 0 1 0.00 M M 6.2 14 200 M M 10 8 19 220
11 72 60 66 4 0 1 0.00 M M 4.9 14 270 M M 7 8 18 230
12 70 61 66 4 0 1 0.00 M M 5.2 12 230 M M 10 M M
13 70 61 66 4 0 1 0.00 M M 5.8 14 240 M M 10 8 M M
14 68 58 63 1 2 0 0.00 M M 6.0 13 230 M M 10 18 M M
15 71 59 65 3 0 0 0.00 M M 7.8 16 280 M M 7 18 250
16 69 60 65 3 0 0 0.00 M M 8.1 12 250 M M 10 18 250
17 70 60 65 3 0 0 0.00 M M 7.3 14 250 M M 7 21 250
18 72 59 66 4 0 1 0.00 M M 5.6 13 220 M M 6 18 240
19 74 53 64 2 1 0 0.00 M M 6.8 14 210 M M 3 M M
20 73 53 63 0 2 0 0.00 M M 6.6 15 240 M M 1 22 230
21 71 48 60 -3 5 0 0.00 M M 12.4 31 280 M M 1 78 39 270
22 69 47 58 -5 7 0 0.00 M M 5.8 14 260 M M 0 22 210
23 71 49 60 -3 5 0 0.00 M M 5.0 16 240 M M 0 22 230
24 80 50 65 2 0 0 0.00 M M 4.7 14 260 M M 0 17 250
25 82 54 68 5 0 3 0.00 M M 4.8 12 210 M M 0 8 M M
26 73 56 65 2 0 0 0.00 M M 6.3 14 270 M M 0 21 250
27 71 56 64 1 1 0 0.00 M M 5.4 15 220 M M 4 21 270
28 72 53 63 0 2 0 0.00 M M 5.1 16 230 M M 4 8 21 210
29 70 57 64 1 1 0 0.00 M M 5.8 15 260 M M 6 21 240
30 72 55 64 0 1 0 0.00 M M 4.4 15 220 M M 3 20 240
31 73 57 65 1 0 0 0.00 M M 6.0 15 240 M M 7 21 230
================================================================================
SM 2233 1717 41 10 0.00 M 183.9 M 141
================================================================================
AV 72.0 55.4 5.9 FASTST M M 5 MAX(MPH)
MISC ----> 31 280 39 270
================================================================================
NOTES:
# LAST OF SEVERAL OCCURRENCES
COLUMN 17 PEAK WIND IN M.P.H.
PRELIMINARY LOCAL CLIMATOLOGICAL DATA (WS FORM: F-6) , PAGE 2
STATION: CAMARILLO AIRPORT CA
MONTH: MAY
YEAR: 2021
LATITUDE: 34 12 N
LONGITUDE: 119 6 W
[TEMPERATURE DATA] [PRECIPITATION DATA] SYMBOLS USED IN COLUMN 16
AVERAGE MONTHLY: 63.7 TOTAL FOR MONTH: 0.00 1 = FOG OR MIST
DPTR FM NORMAL: 1.4 DPTR FM NORMAL: -0.33 2 = FOG REDUCING VISIBILITY
HIGHEST: 82 ON 25 GRTST 24HR 0.00 ON 1- 1 TO 1/4 MILE OR LESS
LOWEST: 47 ON 22 3 = THUNDER
SNOW, ICE PELLETS, HAIL 4 = ICE PELLETS
TOTAL MONTH: M 5 = HAIL
GRTST 24HR M ON M 6 = FREEZING RAIN OR DRIZZLE
GRTST DEPTH: M ON M 7 = DUSTSTORM OR SANDSTORM:
VSBY 1/2 MILE OR LESS
8 = SMOKE OR HAZE
[NO. OF DAYS WITH] [WEATHER - DAYS WITH] 9 = BLOWING SNOW
X = TORNADO
MAX 32 OR BELOW: 0 0.01 INCH OR MORE: 0
MAX 90 OR ABOVE: 0 0.10 INCH OR MORE: 0
MIN 32 OR BELOW: 0 0.50 INCH OR MORE: 0
MIN 0 OR BELOW: 0 1.00 INCH OR MORE: 0
[HDD (BASE 65) ]
TOTAL THIS MO. 41 CLEAR (SCALE 0-3) 11
DPTR FM NORMAL -62 PTCLDY (SCALE 4-7) 15
TOTAL FM JUL 1 1226 CLOUDY (SCALE 8-10) 5
DPTR FM NORMAL -300
[CDD (BASE 65) ]
TOTAL THIS MO. 10
DPTR FM NORMAL -10 [PRESSURE DATA]
TOTAL FM JAN 1 72 HIGHEST SLP 30.15 ON 23
DPTR FM NORMAL 12 LOWEST SLP 29.82 ON 2
[REMARKS]
#FINAL-05-21#