000
CXUS53 KTOP 010810
CF6CNK
PRELIMINARY LOCAL CLIMATOLOGICAL DATA (WS FORM: F-6)
STATION: CONCORDIA KS
MONTH: MAY
YEAR: 2023
LATITUDE: 39 32 N
LONGITUDE: 97 39 W
TEMPERATURE IN F: :PCPN: SNOW: WIND :SUNSHINE: SKY :PK WND
================================================================================
1 2 3 4 5 6A 6B 7 8 9 10 11 12 13 14 15 16 17 18
12Z AVG MX 2MIN
DY MAX MIN AVG DEP HDD CDD WTR SNW DPTH SPD SPD DIR MIN PSBL S-S WX SPD DR
================================================================================
1 70 37 54 -4 11 0 0.00 0.0 0 11.4 23 320 M M 0 34 320
2 71 38 55 -3 10 0 0.00 M M 9.0 20 360 M M 0 29 320
3 78 38 58 0 7 0 0.00 M M 5.5 13 170 M M 2 8 17 160
4 77 54 66 7 0 1 0.08 M M 11.9 25 120 M M 6 3 32 120
5 82 59 71 12 0 6 0.00 M M 11.9 23 150 M M 6 18 31 130
6 88 64 76 16 0 11 0.00 M M 8.4 25 340 M M 3 18 32 350
7 94 63 79 19 0 14 T M M 13.0 40 300 M M 0 38 60 330
8 87 57 72 12 0 7 0.00 M M 8.9 18 20 M M 0 25 10
9 76 57 67 6 0 2 2.20 T M 12.3 51 320 M M 1 135 76 300
10 84 59 72 11 0 7 0.00 M M 9.8 21 150 M M 1 28 150
11 75 61 68 7 0 3 0.05 M M 11.4 21 110 M M 4 1 31 110
12 84 64 74 12 0 9 0.00 M M 13.7 24 220 M M 2 33 190
13 82 58 70 8 0 5 0.00 M M 8.6 17 290 M M 2 24 290
14 78 59 69 6 0 4 0.00 M M 9.9 20 350 M M 7 27 360
15 59 55 57 -6 8 0 0.58 M M 10.7 17 360 M M 10 1 22 10
16 73 55 64 0 1 0 0.00 0.0 0 5.6 13 340 M M 7 1 15 360
17 82 54 68 4 0 3 0.00 0.0 0 5.1 12 180 M M 0 18 15 150
18 84 61 73 9 0 8 1.10 M M 7.1 25 220 M M 6 13 35 250
19 71 52 62 -3 3 0 0.01 M M 11.4 22 20 M M 4 8 30 20
20 74 45 60 -5 5 0 0.00 M M 4.8 13 170 M M 0 8 18 20
21 79 52 66 0 0 1 0.00 M M 7.8 14 180 M M 0 18 200
22 81 53 67 1 0 2 0.00 0.0 0 7.5 16 160 M M 1 21 180
23 82 57 70 4 0 5 0.00 0.0 0 6.0 14 150 M M 4 20 170
24 84 58 71 4 0 6 0.00 0.0 0 5.2 26 150 M M 3 1 35 150
25 85 57 71 4 0 6 0.00 0.0 0 10.9 24 120 M M 2 33 120
26 85 58 72 4 0 7 0.00 M M 11.3 22 140 M M 1 34 120
27 85 55 70 2 0 5 0.00 M M 11.0 21 150 M M 1 27 140
28 83 60 72 4 0 7 0.01 M M 12.0 23 140 M M 5 3 32 130
29 89 63 76 7 0 11 0.00 M M 11.5 20 150 M M 1 3 27 120
30 90 65 78 9 0 13 0.00 M M 8.3 20 280 M M 1 27 300
31 90 63 77 7 0 12 0.05 M M 9.7 20 150 M M 2 13 26 120
================================================================================
SM 2502 1731 45 155 4.08 T 291.6 M 82
================================================================================
AV 80.7 55.8 9.4 FASTST M M 3 MAX(MPH)
MISC ----> 51 320 76 300
================================================================================
NOTES:
# LAST OF SEVERAL OCCURRENCES
COLUMN 17 PEAK WIND IN M.P.H.
PRELIMINARY LOCAL CLIMATOLOGICAL DATA (WS FORM: F-6) , PAGE 2
STATION: CONCORDIA KS
MONTH: MAY
YEAR: 2023
LATITUDE: 39 32 N
LONGITUDE: 97 39 W
[TEMPERATURE DATA] [PRECIPITATION DATA] SYMBOLS USED IN COLUMN 16
AVERAGE MONTHLY: 68.3 TOTAL FOR MONTH: 4.08 1 = FOG OR MIST
DPTR FM NORMAL: 4.8 DPTR FM NORMAL: -0.26 2 = FOG REDUCING VISIBILITY
HIGHEST: 94 ON 7 GRTST 24HR 2.20 ON 9- 9 TO 1/4 MILE OR LESS
LOWEST: 37 ON 1 3 = THUNDER
SNOW, ICE PELLETS, HAIL 4 = ICE PELLETS
TOTAL MONTH: T 5 = HAIL
GRTST 24HR T ON 9- 9 6 = FREEZING RAIN OR DRIZZLE
GRTST DEPTH: 0 7 = DUSTSTORM OR SANDSTORM:
VSBY 1/2 MILE OR LESS
8 = SMOKE OR HAZE
[NO. OF DAYS WITH] [WEATHER - DAYS WITH] 9 = BLOWING SNOW
X = TORNADO
MAX 32 OR BELOW: 0 0.01 INCH OR MORE: 8
MAX 90 OR ABOVE: 3 0.10 INCH OR MORE: 3
MIN 32 OR BELOW: 0 0.50 INCH OR MORE: 3
MIN 0 OR BELOW: 0 1.00 INCH OR MORE: 2
[HDD (BASE 65) ]
TOTAL THIS MO. 45 CLEAR (SCALE 0-3) 21
DPTR FM NORMAL -89 PTCLDY (SCALE 4-7) 9
TOTAL FM JUL 1 4875 CLOUDY (SCALE 8-10) 1
DPTR FM NORMAL -429
[CDD (BASE 65) ]
TOTAL THIS MO. 155
DPTR FM NORMAL 68 [PRESSURE DATA]
TOTAL FM JAN 1 180 HIGHEST SLP M ON M
DPTR FM NORMAL 79 LOWEST SLP 29.56 ON 7
[REMARKS]
#FINAL-05-23#