000
CXUS53 KTOP 120108
CF6CNK
PRELIMINARY LOCAL CLIMATOLOGICAL DATA (WS FORM: F-6)
STATION: CONCORDIA KS
MONTH: DECEMBER
YEAR: 2021
LATITUDE: 39 32 N
LONGITUDE: 97 39 W
TEMPERATURE IN F: :PCPN: SNOW: WIND :SUNSHINE: SKY :PK WND
================================================================================
1 2 3 4 5 6A 6B 7 8 9 10 11 12 13 14 15 16 17 18
12Z AVG MX 2MIN
DY MAX MIN AVG DEP HDD CDD WTR SNW DPTH SPD SPD DIR MIN PSBL S-S WX SPD DR
================================================================================
1 66 39 53 17 12 0 0.00 M M 10.4 17 250 M M 0 24 240
2 76 46 61 26 4 0 0.00 M M 8.0 15 190 M M 0 20 250
3 65 38 52 17 13 0 0.00 M M 12.7 24 20 M M 0 31 20
4 49 30 40 6 25 0 0.00 M M 7.8 16 140 M M 3 1 23 50
5 59 33 46 12 19 0 0.00 M M 15.2 28 340 M M 0 41 360
6 33 21 27 -7 38 0 0.00 M M 9.5 20 320 M M 0 28 340
7 42 28 35 1 30 0 0.00 M M 10.5 23 170 M M 0 32 160
8 59 27 43 10 22 0 0.00 M M 9.6 20 170 M M 0 29 160
9 63 33 48 15 17 0 0.00 M M 9.5 21 310 M M 0 27 300
10 47 30 39 6 26 0 0.00 M M 14.5 29 330 M M 4 42 330
11 46 25 36 4 29 0 0.00 M M 14.0 22 310 M M 1 35 300
12 55 33 44 12 21 0 0.00 M M 14.9 23 190 M M 0 32 200
13 58 27 43 11 22 0 0.00 M M 5.1 17 140 M M 0 8 21 120
14 61 40 51 19 14 0 0.00 M M 13.0 25 180 M M 0 8 36 180
15 76 35 56 25 9 0 0.14 M M 28.9 55 240 M M 2 138 88 240
16 48 27 38 7 27 0 0.00 M M 8.2 17 290 M M 0 23 270
17 48 24 36 5 29 0 0.00 M M 8.7 21 340 M M 0 29 330
18 31 11 21 -10 44 0 0.00 M M 10.4 24 340 M M 3 35 340
19 43 12 28 -2 37 0 0.00 M M 15.8 26 190 M M 0 34 190
20 41 19 30 0 35 0 0.00 M M 11.0 21 10 M M 0 29 200
21 51 16 34 4 31 0 0.00 M M 5.0 16 290 M M 0 21 290
22 58 24 41 11 24 0 0.00 M M 9.9 22 210 M M 0 8 28 210
23 64 37 51 21 14 0 0.00 M M 10.0 23 210 M M 0 32 200
24 65 37 51 21 14 0 0.03 M M 8.8 20 320 M M 1 18 26 300
25 53 28 41 11 24 0 0.00 M M 6.0 16 190 M M 0 19 190
26 61 28 45 16 20 0 0.00 M M 12.4 24 180 M M 1 34 170
27 45 30 38 9 27 0 0.00 M M 7.7 16 130 M M 0 8 22 320
28 47 17 32 3 33 0 0.00 M M 13.1 26 340 M M 1 34 340
29 32 15 24 -5 41 0 0.00 M M 8.2 14 90 M M 7 19 70
30 44 24 34 5 31 0 0.00 M M 7.6 18 210 M M 4 8 24 180
31 37 16 27 -2 38 0 T M M 13.4 26 30 M M 5 18 36 30
================================================================================
SM 1623 850 770 0 0.17 M 339.8 M 32
================================================================================
AV 52.4 27.4 11.0 FASTST M M 1 MAX(MPH)
MISC ----> 55 240 88 240
================================================================================
NOTES:
# LAST OF SEVERAL OCCURRENCES
COLUMN 17 PEAK WIND IN M.P.H.
PRELIMINARY LOCAL CLIMATOLOGICAL DATA (WS FORM: F-6) , PAGE 2
STATION: CONCORDIA KS
MONTH: DECEMBER
YEAR: 2021
LATITUDE: 39 32 N
LONGITUDE: 97 39 W
[TEMPERATURE DATA] [PRECIPITATION DATA] SYMBOLS USED IN COLUMN 16
AVERAGE MONTHLY: 39.9 TOTAL FOR MONTH: 0.17 1 = FOG OR MIST
DPTR FM NORMAL: 8.4 DPTR FM NORMAL: -0.87 2 = FOG REDUCING VISIBILITY
HIGHEST: 76 ON 15, 2 GRTST 24HR 0.14 ON 15-15 TO 1/4 MILE OR LESS
LOWEST: 11 ON 18 3 = THUNDER
SNOW, ICE PELLETS, HAIL 4 = ICE PELLETS
TOTAL MONTH: M 5 = HAIL
GRTST 24HR M ON M 6 = FREEZING RAIN OR DRIZZLE
GRTST DEPTH: M ON M 7 = DUSTSTORM OR SANDSTORM:
VSBY 1/2 MILE OR LESS
8 = SMOKE OR HAZE
[NO. OF DAYS WITH] [WEATHER - DAYS WITH] 9 = BLOWING SNOW
X = TORNADO
MAX 32 OR BELOW: 2 0.01 INCH OR MORE: 2
MAX 90 OR ABOVE: 0 0.10 INCH OR MORE: 1
MIN 32 OR BELOW: 21 0.50 INCH OR MORE: 0
MIN 0 OR BELOW: 0 1.00 INCH OR MORE: 0
[HDD (BASE 65) ]
TOTAL THIS MO. 770 CLEAR (SCALE 0-3) 27
DPTR FM NORMAL -268 PTCLDY (SCALE 4-7) 4
TOTAL FM JUL 1 1478 CLOUDY (SCALE 8-10) 0
DPTR FM NORMAL -631
[CDD (BASE 65) ]
TOTAL THIS MO. 0
DPTR FM NORMAL 0 [PRESSURE DATA]
TOTAL FM JAN 1 1669 HIGHEST SLP 30.46 ON 6
DPTR FM NORMAL 296 LOWEST SLP 29.16 ON 15
[REMARKS]
#FINAL-12-21#