000
CXUS53 KTOP 011555
CLMCNK
CLIMATE REPORT
NATIONAL WEATHER SERVICE TOPEKA KS
955 AM CST MON JAN 01 2024
...................................
...THE CONCORDIA KS CLIMATE SUMMARY FOR THE MONTH OF DECEMBER 2023...
CLIMATE NORMAL PERIOD 1991 TO 2020
CLIMATE RECORD PERIOD 1885 TO 2023
WEATHER OBSERVED NORMAL DEPART LAST YEAR`S
VALUE DATE(S) VALUE FROM VALUE
NORMAL
..............................................................
TEMPERATURE (F)
RECORD
HIGH 82 12/23/1964
LOW -26 12/22/1989
HIGHEST 65 12/07 44 21 75
LOWEST 18 12/02 18 0 -9
AVG. MAXIMUM 48.4 41.1 7.3 41.1
AVG. MINIMUM 29.9 21.9 8.0 19.4
MEAN 39.2 31.5 7.7 30.2
DAYS MAX >= 90 0 0.0 0.0 0
DAYS MAX <= 32 1 8.1 -7.1 5
DAYS MIN <= 32 19 27.5 -8.5 29
DAYS MIN <= 0 0 0.9 -0.9 2
PRECIPITATION (INCHES)
RECORD
MAXIMUM 3.91 1913
MINIMUM T 1976
TOTALS 1.56 1.04 0.52 0.67
DAILY AVG. 0.05 0.03 0.02 0.02
DAYS >= .01 9 5.0 4.0 6
DAYS >= .10 4 2.3 1.7 3
DAYS >= .50 1 0.6 0.4 0
DAYS >= 1.00 0 0.2 -0.2 0
GREATEST
24 HR. TOTAL 0.77 12/14 TO 12/15 0.51
SNOWFALL (INCHES)
RECORDS
TOTAL 21.1 2009
TOTALS MM 4.5 MM MM
SINCE 7/1 MM 6.7 MM MM
SNOWDEPTH AVG. MM MM
DAYS >= 1.0 MM 1.3 MM MM
GREATEST
SNOW DEPTH MM MM
24 HR TOTAL MM MM
DEGREE DAYS
HEATING TOTAL 759 1038 -279 1068
SINCE 7/1 1552 2109 -557 MM
COOLING TOTAL 0 0 0 0
SINCE 1/1 1856 1373 483 MM
..............................................................
WIND (MPH)
AVERAGE WIND SPEED 9.3
HIGHEST WIND SPEED/DIRECTION 35/140 DATE 12/24
HIGHEST GUST SPEED/DIRECTION 50/150 DATE 12/24
SKY COVER
POSSIBLE SUNSHINE (PERCENT) MM
AVERAGE SKY COVER 0.35
NUMBER OF DAYS FAIR 18
NUMBER OF DAYS PC 7
NUMBER OF DAYS CLOUDY 5
AVERAGE RH (PERCENT) 68
WEATHER CONDITIONS. NUMBER OF DAYS WITH
THUNDERSTORM 0 MIXED PRECIP 0
HEAVY RAIN 1 RAIN 3
LIGHT RAIN 8 FREEZING RAIN 0
LT FREEZING RAIN 0 HAIL 0
HEAVY SNOW 0 SNOW 1
LIGHT SNOW 3 SLEET 0
FOG 9 FOG W/VIS <= 1/4 MILE 3
HAZE 2
- INDICATES NEGATIVE NUMBERS.
R INDICATES RECORD WAS SET OR TIED.
MM INDICATES DATA IS MISSING.
T INDICATES TRACE AMOUNT.
$$