000
CXUS54 KMAF 021207
CF6CNM
PRELIMINARY LOCAL CLIMATOLOGICAL DATA (WS FORM: F-6)
STATION: CARLSBAD
MONTH: JUNE
YEAR: 2023
LATITUDE: 32 20 N
LONGITUDE: 104 15 W
TEMPERATURE IN F: :PCPN: SNOW: WIND :SUNSHINE: SKY :PK WND
================================================================================
1 2 3 4 5 6A 6B 7 8 9 10 11 12 13 14 15 16 17 18
12Z AVG MX 2MIN
DY MAX MIN AVG DEP HDD CDD WTR SNW DPTH SPD SPD DIR MIN PSBL S-S WX SPD DR
================================================================================
1 93 65 79 1 0 14 T M M 8.1 22 200 M M 1 3 27 220
2 94 62 78 -1 0 13 0.00 M M 7.9 26 250 M M 1 34 250
3 89 57 73 -6 0 8 0.01 M M 7.6 35 330 M M 0 38 44 330
4 86 56 71 -8 0 6 T M M 6.4 16 30 M M 0 3 21 40
5 84 63 74 -5 0 9 0.00 M M 8.7 20 70 M M 2 26 60
6 87 64 76 -4 0 11 0.01 M M 8.5 25 270 M M 2 3 32 270
7 93 64 79 -1 0 14 0.03 M M 8.8 26 40 M M 1 3 36 60
8 95 62 79 -1 0 14 0.00 M M 12.1 22 240 M M 0 31 260
9 96 57 77 -3 0 12 0.00 M M 9.2 23 230 M M 0 41 120
10 98 66 82 1 0 17 0.00 M M 9.8 28 300 M M 0 41 300
11 100 63 82 1 0 17 0.00 M M 9.6 28 210 M M 0 44 200
12 97 67 82 1 0 17 0.00 M M 10.6 26 260 M M 0 39 270
13 98 57 78 -3 0 13 0.00 M M 11.1 30 260 M M 0 39 280
14 100 59 80 -1 0 15 0.00 M M 11.1 24 250 M M 0 36 240
15 100 67 84 3 0 19 0.00 M M 13.5 35 270 M M 0 44 280
16 104 71 88 6 0 23 0.00 M M 12.6 31 270 M M 0 39 260
17 102 72 87 5 0 22 0.00 M M 12.3 32 240 M M 0 43 260
18 104 70 87 5 0 22 0.00 M M 10.0 32 260 M M 0 41 260
19 106 78 92 10 0 27 0.00 M M 12.7 29 260 M M 0 8 40 250
20 107 78 93 11 0 28 0.00 M M 8.8 22 260 M M 0 31 280
21 109 74 92 10 0 27 0.00 M M 8.5 25 240 M M 0 37 260
22 107 73 90 8 0 25 0.00 M M 8.4 24 240 M M 1 34 290
23 108 70 89 7 0 24 0.00 M M 7.2 23 260 M M 1 30 260
24 110 75 93 11 0 28 0.00 M M 12.1 32 270 M M 1 42 280
25 107 67 87 5 0 22 0.00 M M 6.9 18 10 M M 2 26 10
26 108 71 90 8 0 25 0.00 M M 7.4 15 200 M M 1 25 110
27 109 79 94 12 0 29 0.00 M M 13.7 25 140 M M 2 8 34 140
28 107 76 92 10 0 27 0.00 M M 13.3 15 150 M M 0 24 160
29 105 73 89 7 0 24 T M M 11.1 33 250 M M 1 38 44 190
30 96 77 87 5 0 22 0.00 M M 9.8 24 160 M M 0 33 140
================================================================================
SM 2999 2033 0 574 0.05 M 297.8 M 16
================================================================================
AV100.0 67.8 9.9 FASTST M M 1 MAX(MPH)
MISC ----> # 35 330 # 44 330
================================================================================
NOTES:
# LAST OF SEVERAL OCCURRENCES
COLUMN 17 PEAK WIND IN M.P.H.
PRELIMINARY LOCAL CLIMATOLOGICAL DATA (WS FORM: F-6) , PAGE 2
STATION: CARLSBAD
MONTH: JUNE
YEAR: 2023
LATITUDE: 32 20 N
LONGITUDE: 104 15 W
[TEMPERATURE DATA] [PRECIPITATION DATA] SYMBOLS USED IN COLUMN 16
AVERAGE MONTHLY: 83.9 TOTAL FOR MONTH: 0.05 1 = FOG OR MIST
DPTR FM NORMAL: 2.9 DPTR FM NORMAL: -1.14 2 = FOG REDUCING VISIBILITY
HIGHEST: 110 ON 24 GRTST 24HR 0.03 ON 7- 7 TO 1/4 MILE OR LESS
LOWEST: 56 ON 4 3 = THUNDER
SNOW, ICE PELLETS, HAIL 4 = ICE PELLETS
TOTAL MONTH: M 5 = HAIL
GRTST 24HR M ON M 6 = FREEZING RAIN OR DRIZZLE
GRTST DEPTH: M ON M 7 = DUSTSTORM OR SANDSTORM:
VSBY 1/2 MILE OR LESS
8 = SMOKE OR HAZE
[NO. OF DAYS WITH] [WEATHER - DAYS WITH] 9 = BLOWING SNOW
X = TORNADO
MAX 32 OR BELOW: 0 0.01 INCH OR MORE: 3
MAX 90 OR ABOVE: 26 0.10 INCH OR MORE: 0
MIN 32 OR BELOW: 0 0.50 INCH OR MORE: 0
MIN 0 OR BELOW: 0 1.00 INCH OR MORE: 0
[HDD (BASE 65) ]
TOTAL THIS MO. 0 CLEAR (SCALE 0-3) 30
DPTR FM NORMAL 0 PTCLDY (SCALE 4-7) 0
TOTAL FM JUL 1 2685 CLOUDY (SCALE 8-10) 0
DPTR FM NORMAL -70
[CDD (BASE 65) ]
TOTAL THIS MO. 574
DPTR FM NORMAL 92 [PRESSURE DATA]
TOTAL FM JAN 1 868 HIGHEST SLP 29.97 ON 5
DPTR FM NORMAL 51 LOWEST SLP 29.56 ON 14
[REMARKS]
#FINAL-06-23#