000
CXUS55 KGJT 010910
CF6CNY
PRELIMINARY LOCAL CLIMATOLOGICAL DATA (WS FORM: F-6)
STATION: CANYONLANDS AIRPORT UT
MONTH: JULY
YEAR: 2022
LATITUDE: 38 46 N
LONGITUDE: 109 45 W
TEMPERATURE IN F: :PCPN: SNOW: WIND :SUNSHINE: SKY :PK WND
================================================================================
1 2 3 4 5 6A 6B 7 8 9 10 11 12 13 14 15 16 17 18
12Z AVG MX 2MIN
DY MAX MIN AVG DEP HDD CDD WTR SNW DPTH SPD SPD DIR MIN PSBL S-S WX SPD DR
================================================================================
1 93 65 79 0 0 14 0.04 M M 9.4 28 50 M M 1 3 37 50
2 94 68 81 2 0 16 0.13 M M 9.8 25 160 M M 1 3 32 170
3 95 74 85 6 0 20 0.00 M M 17.1 38 150 M M 2 52 150
4 95 71 83 3 0 18 0.00 M M 10.9 30 150 M M 1 40 140
5 92 67 80 0 0 15 0.02 M M 12.7 28 170 M M 3 3 39 180
6 91 63 77 -3 0 12 0.30 M M 7.7 36 160 M M 3 38 45 150
7 95 58 77 -3 0 12 0.00 M M 4.7 17 280 M M 0 24 270
8 99 57 78 -3 0 13 0.00 M M 4.2 21 170 M M 0 27 170
9 103 63 83 2 0 18 0.00 M M 5.9 21 240 M M 0 27 240
10 101 72 87 6 0 22 0.00 M M 8.1 33 70 M M 0 44 50
11 101 73 87 6 0 22 0.00 M M 8.7 25 300 M M 0 32 300
12 102 65 84 3 0 19 0.00 M M 6.8 28 230 M M 0 35 250
13 100 71 86 5 0 21 0.00 M M 7.4 17 270 M M 0 22 270
14 99 70 85 3 0 20 0.07 M M 7.4 41 240 M M 2 3 58 250
15 96 68 82 0 0 17 T M M 9.0 39 250 M M 2 38 49 270
16 99 64 82 0 0 17 0.00 M M 4.1 18 10 M M 0 23 20
17 104 72 88 6 0 23 0.00 M M 5.9 31 250 M M 0 37 240
18 102 77 90 8 0 25 T M M 11.4 32 330 M M 0 43 320
19 101 70 86 4 0 21 0.00 M M 7.0 25 250 M M 0 31 260
20 100 69 85 3 0 20 T M M 6.5 23 270 M M 0 32 280
21 103 68 86 4 0 21 0.00 M M 5.3 21 310 M M 0 26 310
22 104 69 87 5 0 22 0.00 M M 5.9 25 280 M M 0 31 270
23 100 75 88 6 0 23 T M M 8.8 32 320 M M 1 3 43 320
24 88 70 79 -3 0 14 0.06 M M 8.8 23 70 M M 3 29 70
25 94 64 79 -3 0 14 0.00 M M 4.1 18 10 M M 0 26 10
26 96 69 83 1 0 18 T M M 6.5 31 140 M M 1 3 42 140
27 96 69 83 1 0 18 0.20 M M 6.8 25 160 M M 1 3 33 170
28 79 64 72 -10 0 7 0.04 M M 4.5 14 320 M M 5 20 320
29 92 59 76 -6 0 11 0.03 M M 4.4 23 130 M M 1 3 30 140
30 92 66 79 -3 0 14 0.35 M M 6.9 36 20 M M 2 3 47 20
31 91 65 78 -3 0 13 0.00 M M 4.4 13 250 M M 0 17 240
================================================================================
SM 2997 2095 0 540 1.24 M 231.1 M 29
================================================================================
AV 96.7 67.6 7.5 FASTST M M 1 MAX(MPH)
MISC ----> 41 240 58 250
================================================================================
NOTES:
# LAST OF SEVERAL OCCURRENCES
COLUMN 17 PEAK WIND IN M.P.H.
PRELIMINARY LOCAL CLIMATOLOGICAL DATA (WS FORM: F-6) , PAGE 2
STATION: CANYONLANDS AIRPORT UT
MONTH: JULY
YEAR: 2022
LATITUDE: 38 46 N
LONGITUDE: 109 45 W
[TEMPERATURE DATA] [PRECIPITATION DATA] SYMBOLS USED IN COLUMN 16
AVERAGE MONTHLY: 82.1 TOTAL FOR MONTH: 1.24 1 = FOG OR MIST
DPTR FM NORMAL: 1.0 DPTR FM NORMAL: 0.71 2 = FOG REDUCING VISIBILITY
HIGHEST: 104 ON 22,17 GRTST 24HR 0.35 ON 30-30 TO 1/4 MILE OR LESS
LOWEST: 57 ON 8 3 = THUNDER
SNOW, ICE PELLETS, HAIL 4 = ICE PELLETS
TOTAL MONTH: M 5 = HAIL
GRTST 24HR M ON M 6 = FREEZING RAIN OR DRIZZLE
GRTST DEPTH: M ON M 7 = DUSTSTORM OR SANDSTORM:
VSBY 1/2 MILE OR LESS
8 = SMOKE OR HAZE
[NO. OF DAYS WITH] [WEATHER - DAYS WITH] 9 = BLOWING SNOW
X = TORNADO
MAX 32 OR BELOW: 0 0.01 INCH OR MORE: 10
MAX 90 OR ABOVE: 29 0.10 INCH OR MORE: 4
MIN 32 OR BELOW: 0 0.50 INCH OR MORE: 0
MIN 0 OR BELOW: 0 1.00 INCH OR MORE: 0
[HDD (BASE 65) ]
TOTAL THIS MO. 0 CLEAR (SCALE 0-3) 30
DPTR FM NORMAL 0 PTCLDY (SCALE 4-7) 1
TOTAL FM JUL 1 0 CLOUDY (SCALE 8-10) 0
DPTR FM NORMAL 0
[CDD (BASE 65) ]
TOTAL THIS MO. 540
DPTR FM NORMAL 40 [PRESSURE DATA]
TOTAL FM JAN 1 945 HIGHEST SLP M ON M
DPTR FM NORMAL 85 LOWEST SLP 29.62 ON 3
[REMARKS]
#FINAL-07-22#