000
CXUS55 KGJT 011010
CF6CNY
PRELIMINARY LOCAL CLIMATOLOGICAL DATA (WS FORM: F-6)
STATION: CANYONLANDS AIRPORT UT
MONTH: JANUARY
YEAR: 2022
LATITUDE: 38 46 N
LONGITUDE: 109 45 W
TEMPERATURE IN F: :PCPN: SNOW: WIND :SUNSHINE: SKY :PK WND
================================================================================
1 2 3 4 5 6A 6B 7 8 9 10 11 12 13 14 15 16 17 18
12Z AVG MX 2MIN
DY MAX MIN AVG DEP HDD CDD WTR SNW DPTH SPD SPD DIR MIN PSBL S-S WX SPD DR
================================================================================
1 28 12 20 -6 45 0 0.00 M M 7.9 22 290 M M 3 27 290
2 24 10 17 -9 48 0 0.00 M M 4.7 13 130 M M 0 16 110
3 20 5 13 -13 52 0 0.00 M M 2.5 12 320 M M 0 12 320
4 29 11 20 -6 45 0 0.00 M M 1.9 10 330 M M 0 11 330
5 32 10 21 -5 44 0 0.00 M M 3.0 14 320 M M 1 17 320
6 44 19 32 6 33 0 0.00 M M 3.3 14 320 M M 3 17 330
7 44 23 34 8 31 0 0.00 M M 2.3 13 320 M M 0 15 320
8 46 30 38 12 27 0 0.00 M M 6.4 16 280 M M 4 22 300
9 41 25 33 7 32 0 0.00 M M 3.5 9 30 M M 1 12 330
10 37 21 29 2 36 0 0.00 M M 2.6 10 70 M M 0 14 330
11 39 22 31 4 34 0 0.00 M M 2.7 14 320 M M 0 15 320
12 41 23 32 5 33 0 0.00 M M 1.6 10 330 M M 0 12 320
13 41 20 31 4 34 0 0.00 M M 2.2 9 330 M M 0 12 330
14 48 23 36 9 29 0 0.00 M M 3.5 16 40 M M 1 20 50
15 44 24 34 6 31 0 0.00 M M 4.3 17 50 M M 0 19 60
16 41 19 30 2 35 0 0.00 M M 1.9 9 330 M M 0 12 310
17 39 17 28 0 37 0 0.00 M M 1.9 7 310 M M 0 9 320
18 42 22 32 4 33 0 0.00 M M 2.6 12 340 M M 2 14 340
19 45 22 34 6 31 0 0.00 M M 2.1 12 330 M M 0 13 340
20 44 19 32 3 33 0 0.00 M M 1.7 8 320 M M 0 11 320
21 38 28 33 4 32 0 0.02 M M 3.5 12 360 M M 8 1 15 40
22 46 23 35 6 30 0 0.00 M M 3.0 12 30 M M 1 15 30
23 46 20 33 4 32 0 0.00 M M 1.7 7 330 M M 0 10 300
24 46 19 33 3 32 0 0.00 M M 2.1 8 140 M M 0 11 140
25 46 21 34 4 31 0 0.00 M M 8.0 24 50 M M 3 29 50
26 41 14 28 -2 37 0 0.00 M M 1.7 8 130 M M 0 10 130
27 41 14 28 -2 37 0 0.00 M M 5.6 23 60 M M 1 29 40
28 40 13 27 -4 38 0 0.00 M M 3.9 12 130 M M 0 14 90
29 41 11 26 -5 39 0 0.00 M M 2.2 10 60 M M 0 14 50
30 44 10 27 -4 38 0 0.00 M M 2.1 7 340 M M 0 9 100
31 46 13 30 -1 35 0 0.00 M M 2.6 12 140 M M 0 8 16 140
================================================================================
SM 1244 563 1104 0 0.02 M 99.0 M 28
================================================================================
AV 40.1 18.2 3.2 FASTST M M 1 MAX(MPH)
MISC ----> 24 50 # 29 50
================================================================================
NOTES:
# LAST OF SEVERAL OCCURRENCES
COLUMN 17 PEAK WIND IN M.P.H.
PRELIMINARY LOCAL CLIMATOLOGICAL DATA (WS FORM: F-6) , PAGE 2
STATION: CANYONLANDS AIRPORT UT
MONTH: JANUARY
YEAR: 2022
LATITUDE: 38 46 N
LONGITUDE: 109 45 W
[TEMPERATURE DATA] [PRECIPITATION DATA] SYMBOLS USED IN COLUMN 16
AVERAGE MONTHLY: 29.1 TOTAL FOR MONTH: 0.02 1 = FOG OR MIST
DPTR FM NORMAL: 1.1 DPTR FM NORMAL: -0.43 2 = FOG REDUCING VISIBILITY
HIGHEST: 48 ON 14 GRTST 24HR 0.29 ON 31- 1 TO 1/4 MILE OR LESS
LOWEST: 5 ON 3 3 = THUNDER
SNOW, ICE PELLETS, HAIL 4 = ICE PELLETS
TOTAL MONTH: M 5 = HAIL
GRTST 24HR M ON M 6 = FREEZING RAIN OR DRIZZLE
GRTST DEPTH: M ON M 7 = DUSTSTORM OR SANDSTORM:
VSBY 1/2 MILE OR LESS
8 = SMOKE OR HAZE
[NO. OF DAYS WITH] [WEATHER - DAYS WITH] 9 = BLOWING SNOW
X = TORNADO
MAX 32 OR BELOW: 5 0.01 INCH OR MORE: 1
MAX 90 OR ABOVE: 0 0.10 INCH OR MORE: 0
MIN 32 OR BELOW: 31 0.50 INCH OR MORE: 0
MIN 0 OR BELOW: 0 1.00 INCH OR MORE: 0
[HDD (BASE 65) ]
TOTAL THIS MO. 1104 CLEAR (SCALE 0-3) 29
DPTR FM NORMAL -41 PTCLDY (SCALE 4-7) 2
TOTAL FM JUL 1 3149 CLOUDY (SCALE 8-10) 0
DPTR FM NORMAL -307
[CDD (BASE 65) ]
TOTAL THIS MO. 0
DPTR FM NORMAL 0 [PRESSURE DATA]
TOTAL FM JAN 1 0 HIGHEST SLP 30.78 ON 28
DPTR FM NORMAL 0 LOWEST SLP 29.64 ON 1
[REMARKS]
#FINAL-01-22#