000
CXUS55 KRIW 011110
CF6COD
PRELIMINARY LOCAL CLIMATOLOGICAL DATA (WS FORM: F-6)
STATION: CODY WY
MONTH: FEBRUARY
YEAR: 2022
LATITUDE: 44 31 N
LONGITUDE: 109 1 W
TEMPERATURE IN F: :PCPN: SNOW: WIND :SUNSHINE: SKY :PK WND
================================================================================
1 2 3 4 5 6A 6B 7 8 9 10 11 12 13 14 15 16 17 18
12Z AVG MX 2MIN
DY MAX MIN AVG DEP HDD CDD WTR SNW DPTH SPD SPD DIR MIN PSBL S-S WX SPD DR
================================================================================
1 25 2 14 -13 51 0 T M M 7.0 16 30 M M 3 24 290
2 8 -7 1 -26 64 0 T M M 8.4 17 340 M M 3 31 330
3 26 -7 10 -17 55 0 0.00 M M 5.5 12 50 M M 1 M M
4 47 6 27 -1 38 0 0.00 M M 8.5 22 310 M M 0 39 260
5 41 25 33 5 32 0 T M M 14.9 30 250 M M 5 50 260
6 44 17 31 3 34 0 0.00 M M 8.0 16 270 M M 1 23 270
7 55 17 36 8 29 0 0.00 M M 11.4 27 250 M M 0 47 250
8 50 30 40 12 25 0 0.00 M M 12.0 22 270 M M 2 40 260
9 52 32 42 14 23 0 0.00 M M 12.1 21 260 M M 2 36 250
10 57 33 45 17 20 0 0.00 M M 16.4 24 280 M M 0 45 240
11 33 14 24 -4 41 0 T M M 11.7 20 360 M M 8 1 32 330
12 41 8 25 -3 40 0 0.00 M M 3.7 9 200 M M 0 M M
13 56 18 37 8 28 0 0.00 M M 9.6 20 260 M M 0 35 260
14 57 34 46 17 19 0 0.00 M M 10.4 18 230 M M 0 32 280
15 39 25 32 3 33 0 T M M 8.3 22 10 M M 6 1 29 10
16 31 6 19 -10 46 0 T M M 8.2 22 310 M M 7 12 33 350
17 38 1 20 -9 45 0 0.00 M M 13.2 24 260 M M 3 41 260
18 47 34 41 11 24 0 0.00 M M 17.1 22 260 M M 2 37 250
19 52 38 45 15 20 0 0.00 M M 18.1 30 260 M M 0 55 230
20 51 11 31 1 34 0 T M M 12.3 23 40 M M 2 33 30
21 11 -9 1 -29 64 0 T M M 16.4 26 20 M M 9 8 36 10
22 -3 -18 -10 -41 75 0 T M M 9.8 15 340 M M 6 8 21 350
23 11 -20 -4 -35 69 0 0.00 M M 3.0 7 99 M M 0 M M
24 21 -14 4 -27 61 0 0.00 M M 3.7 13 10 M M 4 M M
25 26 -4 11 -21 54 0 0.00 M M 9.4 20 150 M M 1 31 250
26 36 5 21 -11 44 0 0.00 M M 5.1 15 140 M M 0 22 280
27 52 10 31 -1 34 0 0.00 M M 8.4 20 260 M M 0 36 240
28 58 40 49 16 16 0 0.00 M M 17.2 24 260 M M 4 44 260
================================================================================
SM 1062 327 1118 0 T M 289.9 M 69
================================================================================
AV 37.9 11.7 10.4 FASTST M M 2 MAX(MPH)
MISC ----> # 30 250 55 230
================================================================================
NOTES:
# LAST OF SEVERAL OCCURRENCES
COLUMN 17 PEAK WIND IN M.P.H.
PRELIMINARY LOCAL CLIMATOLOGICAL DATA (WS FORM: F-6) , PAGE 2
STATION: CODY WY
MONTH: FEBRUARY
YEAR: 2022
LATITUDE: 44 31 N
LONGITUDE: 109 1 W
[TEMPERATURE DATA] [PRECIPITATION DATA] SYMBOLS USED IN COLUMN 16
AVERAGE MONTHLY: 24.8 TOTAL FOR MONTH: T 1 = FOG OR MIST
DPTR FM NORMAL: -4.5 DPTR FM NORMAL: -0.36 2 = FOG REDUCING VISIBILITY
HIGHEST: 58 ON 28 GRTST 24HR T ON 1- 1 TO 1/4 MILE OR LESS
LOWEST: -20 ON 23 3 = THUNDER
SNOW, ICE PELLETS, HAIL 4 = ICE PELLETS
TOTAL MONTH: M 5 = HAIL
GRTST 24HR M ON M 6 = FREEZING RAIN OR DRIZZLE
GRTST DEPTH: M ON M 7 = DUSTSTORM OR SANDSTORM:
VSBY 1/2 MILE OR LESS
8 = SMOKE OR HAZE
[NO. OF DAYS WITH] [WEATHER - DAYS WITH] 9 = BLOWING SNOW
X = TORNADO
MAX 32 OR BELOW: 9 0.01 INCH OR MORE: 0
MAX 90 OR ABOVE: 0 0.10 INCH OR MORE: 0
MIN 32 OR BELOW: 23 0.50 INCH OR MORE: 0
MIN 0 OR BELOW: 7 1.00 INCH OR MORE: 0
[HDD (BASE 65) ]
TOTAL THIS MO. 1118 CLEAR (SCALE 0-3) 18
DPTR FM NORMAL 118 PTCLDY (SCALE 4-7) 9
TOTAL FM JUL 1 4760 CLOUDY (SCALE 8-10) 1
DPTR FM NORMAL 10
[CDD (BASE 65) ]
TOTAL THIS MO. 0
DPTR FM NORMAL 0 [PRESSURE DATA]
TOTAL FM JAN 1 0 HIGHEST SLP M ON M
DPTR FM NORMAL 0 LOWEST SLP M ON M
[REMARKS]
#FINAL-02-22#