000
CXUS55 KPUB 022045
CF6COS
PRELIMINARY LOCAL CLIMATOLOGICAL DATA (WS FORM: F-6)
STATION: COLORADO SPRINGS CO
MONTH: JUNE
YEAR: 2023
LATITUDE: 38 49 N
LONGITUDE: 104 43 W
TEMPERATURE IN F: :PCPN: SNOW: WIND :SUNSHINE: SKY :PK WND
================================================================================
1 2 3 4 5 6A 6B 7 8 9 10 11 12 13 14 15 16 17 18
12Z AVG MX 2MIN
DY MAX MIN AVG DEP HDD CDD WTR SNW DPTH SPD SPD DIR MIN PSBL S-S WX SPD DR
================================================================================
1 74 52 63 0 2 0 0.20 T 0 7.6 31 240 M M 7 35 40 230
2 73 47 60 -3 5 0 0.05 0.0 0 10.5 26 70 M M 6 1 33 70
3 63 50 57 -7 8 0 0.62 0.0 0 9.7 21 350 M M 9 1 28 340
4 65 53 59 -5 6 0 0.19 0.0 0 10.9 20 30 M M 8 1 24 30
5 64 52 58 -6 7 0 0.10 0.0 0 5.8 18 160 M M 8 13 21 160
6 70 50 60 -5 5 0 0.00 0.0 0 5.4 14 150 M M 7 1 20 170
7 75 51 63 -2 2 0 0.01 0.0 0 7.6 26 340 M M 7 3 32 340
8 77 55 66 1 0 1 0.05 0.0 0 7.9 39 190 M M 8 3 69 190
9 78 53 66 0 0 1 T 0.0 0 10.3 39 290 M M 6 3 57 290
10 74 48 61 -5 4 0 T 0.0 0 7.2 20 360 M M 5 3 25 360
11 70 48 59 -7 6 0 1.47 0.0 0 11.9 25 160 M M 6 13 31 150
12 61 46 54 -12 11 0 4.05 T 0 7.9 39 10 M M 9 135 49 350
13 63 44 54 -13 11 0 0.37 T 0 5.8 28 280 M M 7 12358 54 280
14 72 45 59 -8 6 0 T 0.0 0 6.8 16 150 M M 4 3 23 170
15 73 51 62 -5 3 0 0.01 0.0 0 7.4 25 330 M M 6 3 36 330
16 71 49 60 -8 5 0 0.45 0.0 0 10.3 24 30 M M 6 13 31 340
17 68 49 59 -9 6 0 0.18 T 0 6.4 25 290 M M 6 35 34 270
18 83 47 65 -3 0 0 0.00 0.0 0 9.9 23 180 M M 2 29 190
19 87 52 70 2 0 5 0.00 0.0 0 9.0 24 150 M M 1 31 150
20 85 56 71 3 0 6 0.00 0.0 0 7.6 21 80 M M 4 26 90
21 83 54 69 0 0 4 1.62 0.0 0 11.3 31 80 M M 4 138 41 90
22 75 57 66 -3 0 1 0.13 0.0 0 11.1 29 140 M M 7 13 35 150
23 86 59 73 4 0 8 0.00 0.0 0 12.6 29 230 M M 4 1 36 210
24 83 50 67 -3 0 2 0.00 0.0 0 10.7 21 140 M M 1 28 180
25 77 55 66 -4 0 1 0.00 0.0 0 11.3 22 160 M M 2 28 160
26 88 53 71 1 0 6 0.00 0.0 0 9.8 30 140 M M 3 39 180
27 91 60 76 6 0 11 0.00 0.0 0 12.9 29 210 M M 5 1 42 190
28 89 62 76 6 0 11 0.00 0.0 0 12.0 24 140 M M 1 35 170
29 79 59 69 -2 0 4 0.00 0.0 0 11.9 26 140 M M 4 8 36 170
30 72 56 64 -7 1 0 0.12 T 0 9.5 31 350 M M 7 35 43 350
================================================================================
SM 2269 1563 88 61 9.62 T 279.0 M 160
================================================================================
AV 75.6 52.1 9.3 FASTST M M 5 MAX(MPH)
MISC ----> #39 190 69 190
================================================================================
NOTES:
# LAST OF SEVERAL OCCURRENCES
COLUMN 17 PEAK WIND IN M.P.H.
COLUMN 7; ADDED BACK IN PRECIPITATION THAT WAS FLAGGED BY ASOS BUT VERIFIED IN
THE 12HR1 DATA. 0.03 INCHES WAS ADDED BACK ON BOTH THE 12TH AND 30TH.
PRELIMINARY LOCAL CLIMATOLOGICAL DATA (WS FORM: F-6) , PAGE 2
STATION: COLORADO SPRINGS CO
MONTH: JUNE
YEAR: 2023
LATITUDE: 38 49 N
LONGITUDE: 104 43 W
[TEMPERATURE DATA] [PRECIPITATION DATA] SYMBOLS USED IN COLUMN 16
AVERAGE MONTHLY: 63.9 TOTAL FOR MONTH: 9.62 1 = FOG OR MIST
DPTR FM NORMAL: -3.3 DPTR FM NORMAL: 7.35 2 = FOG REDUCING VISIBILITY
HIGHEST: 91 ON 27 GRTST 24HR 5.49 ON 11-12 TO 1/4 MILE OR LESS
LOWEST: 44 ON 13 3 = THUNDER
SNOW, ICE PELLETS, HAIL 4 = ICE PELLETS
TOTAL MONTH: T 5 = HAIL
GRTST 24HR T ON 1,12,30# 6 = FREEZING RAIN OR DRIZZLE
GRTST DEPTH: 0 7 = DUSTSTORM OR SANDSTORM:
VSBY 1/2 MILE OR LESS
8 = SMOKE OR HAZE
[NO. OF DAYS WITH] [WEATHER - DAYS WITH] 9 = BLOWING SNOW
X = TORNADO
MAX 32 OR BELOW: 0 0.01 INCH OR MORE: 16
MAX 90 OR ABOVE: 1 0.10 INCH OR MORE: 12
MIN 32 OR BELOW: 0 0.50 INCH OR MORE: 4
MIN 0 OR BELOW: 0 1.00 INCH OR MORE: 3
[HDD (BASE 65) ]
TOTAL THIS MO. 88 CLEAR (SCALE 0-3) 6
DPTR FM NORMAL 35 PTCLDY (SCALE 4-7) 19
TOTAL FM JUL 1 5892 CLOUDY (SCALE 8-10) 5
DPTR FM NORMAL 0
[CDD (BASE 65) ]
TOTAL THIS MO. 61
DPTR FM NORMAL -58 [PRESSURE DATA]
TOTAL FM JAN 1 62 HIGHEST SLP 30.14 ON 5
DPTR FM NORMAL -75 LOWEST SLP 29.55 ON 27
[REMARKS]
#FINAL-06-23#