000
CXUS56 KLOX 011655
CF6CQT
PRELIMINARY LOCAL CLIMATOLOGICAL DATA (WS FORM: F-6)
STATION: DOWNTOWN LOS ANGELES (USC) CA
MONTH: SEPTEMBER
YEAR: 2020
LATITUDE: 34 1 N
LONGITUDE: 118 17 W
TEMPERATURE IN F: :PCPN: SNOW: WIND :SUNSHINE: SKY :PK WND
================================================================================
1 2 3 4 5 6A 6B 7 8 9 10 11 12 13 14 15 16 17 18
12Z AVG MX 2MIN
DY MAX MIN AVG DEP HDD CDD WTR SNW DPTH SPD SPD DIR MIN PSBL S-S WX SPD DR
================================================================================
1 79 65 72 -2 0 7 0.00 0.0 0 2.3 10 260 M M 4 16 260
2 80 63 72 -2 0 7 0.00 0.0 0 1.2 9 280 M M 0 8 16 270
3 84 65 75 1 0 10 0.00 0.0 0 1.0 8 270 M M 0 8 13 260
4 87 66 77 3 0 12 0.00 0.0 0 1.5 8 270 M M 0 8 13 270
5 99 69 84 10 0 19 0.00 0.0 0 1.2 8 270 M M 0 8 12 260
6 111 77 94 20 0 29 0.00 0.0 0 1.1 9 260 M M 0 8 14 270
7 87 72 80 6 0 15 0.00 0.0 0 1.2 8 120 M M 0 8 13 150
8 80 71 76 2 0 11 0.00 0.0 0 1.2 7 260 M M 9 8 11 120
9 83 67 75 1 0 10 0.00 0.0 0 1.7 8 280 M M 0 18 12 260
10 80 63 72 -2 0 7 0.00 0.0 0 0.3 6 270 M M 0 18 8 270
11 84 62 73 -1 0 8 0.00 0.0 0 1.2 8 270 M M 1 18 13 270
12 82 63 73 -1 0 8 0.00 0.0 0 1.2 8 270 M M 2 8 12 280
13 85 61 73 -1 0 8 0.00 0.0 0 1.2 8 270 M M 0 18 13 270
14 86 62 74 0 0 9 0.00 0.0 0 0.8 8 270 M M 0 8 13 270
15 87 63 75 2 0 10 0.00 0.0 0 1.6 8 260 M M 0 8 12 260
16 93 63 78 5 0 13 0.00 0.0 0 1.2 9 260 M M 0 8 14 270
17 93 63 78 5 0 13 0.00 0.0 0 1.0 8 280 M M 0 8 12 260
18 96 66 81 8 0 16 0.00 0.0 0 1.6 8 270 M M 0 8 13 270
19 87 66 77 4 0 12 0.00 0.0 0 1.0 8 260 M M 0 8 13 270
20 82 62 72 -1 0 7 0.00 0.0 0 1.0 7 260 M M 2 18 12 270
21 81 66 74 2 0 9 0.00 0.0 0 1.5 9 260 M M 5 8 13 260
22 82 65 74 2 0 9 0.00 0.0 0 1.2 8 270 M M 4 8 12 270
23 85 63 74 2 0 9 0.00 0.0 0 0.9 8 260 M M 1 18 13 260
24 87 63 75 3 0 10 0.00 0.0 0 0.7 7 270 M M 0 18 13 280
25 82 66 74 2 0 9 0.00 0.0 0 0.9 9 270 M M 3 18 12 270
26 81 66 74 2 0 9 0.00 0.0 0 0.8 7 270 M M 4 18 12 280
27 82 68 75 3 0 10 0.00 0.0 0 1.4 8 260 M M 6 8 14 260
28 86 66 76 4 0 11 0.00 0.0 0 1.2 8 270 M M 2 18 12 270
29 93 66 80 9 0 15 0.00 0.0 0 1.4 9 270 M M 3 18 13 270
30 103 68 86 15 0 21 0.00 0.0 0 1.2 9 270 M M 0 8 14 270
================================================================================
SM 2607 1966 0 343 0.00 0.0 35.7 M 46
================================================================================
AV 86.9 65.5 1.2 FASTST M M 2 MAX(MPH)
MISC ----> # 10 260 # 16 260
================================================================================
NOTES:
# LAST OF SEVERAL OCCURRENCES
COLUMN 17 PEAK WIND IN M.P.H.
PRELIMINARY LOCAL CLIMATOLOGICAL DATA (WS FORM: F-6) , PAGE 2
STATION: DOWNTOWN LOS ANGELES (USC) CA
MONTH: SEPTEMBER
YEAR: 2020
LATITUDE: 34 1 N
LONGITUDE: 118 17 W
[TEMPERATURE DATA] [PRECIPITATION DATA] SYMBOLS USED IN COLUMN 16
AVERAGE MONTHLY: 76.2 TOTAL FOR MONTH: 0.00 1 = FOG OR MIST
DPTR FM NORMAL: 3.1 DPTR FM NORMAL: -0.24 2 = FOG REDUCING VISIBILITY
HIGHEST: 111 ON 6 GRTST 24HR 0.00 ON 30-30 TO 1/4 MILE OR LESS
LOWEST: 61 ON 13 3 = THUNDER
SNOW, ICE PELLETS, HAIL 4 = ICE PELLETS
TOTAL MONTH: 0.0 INCH 5 = HAIL
GRTST 24HR 0.0 6 = FREEZING RAIN OR DRIZZLE
GRTST DEPTH: 0 7 = DUSTSTORM OR SANDSTORM:
VSBY 1/2 MILE OR LESS
8 = SMOKE OR HAZE
[NO. OF DAYS WITH] [WEATHER - DAYS WITH] 9 = BLOWING SNOW
X = TORNADO
MAX 32 OR BELOW: 0 0.01 INCH OR MORE: 0
MAX 90 OR ABOVE: 7 0.10 INCH OR MORE: 0
MIN 32 OR BELOW: 0 0.50 INCH OR MORE: 0
MIN 0 OR BELOW: 0 1.00 INCH OR MORE: 0
[HDD (BASE 65) ]
TOTAL THIS MO. 0 CLEAR (SCALE 0-3) 23
DPTR FM NORMAL -2 PTCLDY (SCALE 4-7) 6
TOTAL FM JUL 1 0 CLOUDY (SCALE 8-10) 1
DPTR FM NORMAL -2
[CDD (BASE 65) ]
TOTAL THIS MO. 343
DPTR FM NORMAL 99 [PRESSURE DATA]
TOTAL FM JAN 1 1482 HIGHEST SLP 30.05 ON 15
DPTR FM NORMAL 404 LOWEST SLP 29.65 ON 8
[REMARKS]
#FINAL-09-20#