000
CXUS52 KILM 011100
CF6CRE
PRELIMINARY LOCAL CLIMATOLOGICAL DATA (WS FORM: F-6)
STATION: N.MYRTLE BEACH SOUTH CAROLINA
MONTH: FEBRUARY
YEAR: 2024
LATITUDE: 33 49 N
LONGITUDE: 78 43 W
TEMPERATURE IN F: :PCPN: SNOW: WIND :SUNSHINE: SKY :PK WND
================================================================================
1 2 3 4 5 6A 6B 7 8 9 10 11 12 13 14 15 16 17 18
12Z AVG MX 2MIN
DY MAX MIN AVG DEP HDD CDD WTR SNW DPTH SPD SPD DIR MIN PSBL S-S WX SPD DR
================================================================================
1 56 35 46 -1 19 0 0.00 M M 6.8 14 230 M M 0 18 18 230
2 64 40 52 5 13 0 0.00 M M 5.2 18 50 M M 0 1 25 60
3 57 36 47 0 18 0 0.00 M M 7.7 17 40 M M 2 24 40
4 57 35 46 -1 19 0 0.00 M M 10.3 20 60 M M 1 27 50
5 62 45 54 7 11 0 0.01 M M 14.7 24 40 M M 5 33 40
6 58 40 49 2 16 0 0.00 M M 15.5 25 20 M M 1 39 10
7 58 33 46 -1 19 0 0.00 M M 8.8 18 20 M M 0 30 40
8 53 31 42 -6 23 0 0.00 M M 3.9 10 30 M M 0 16 130
9 62 39 51 3 14 0 0.00 M M 3.8 13 200 M M 0 1 18 220
10 67 49 58 10 7 0 0.00 M M 8.4 18 220 M M 0 24 210
11 67 52 60 12 5 0 0.03 M M 7.0 16 220 M M 5 1 20 210
12 63 59 61 13 4 0 1.51 M M 5.1 16 160 M M 10 1 26 180
13 67 39 53 5 12 0 T M M 10.6 30 260 M M 2 1 52 260
14 64 35 50 1 15 0 0.00 M M 5.3 17 220 M M 0 8 21 220
15 63 39 51 2 14 0 0.00 M M 8.3 22 200 M M 0 30 200
16 64 50 57 8 8 0 0.00 M M 5.5 12 250 M M 0 19 250
17 62 47 55 6 10 0 0.00 M M 7.6 15 310 M M 3 24 350
18 48 36 42 -8 23 0 0.00 M M 5.1 16 40 M M 0 22 20
19 59 33 46 -4 19 0 0.00 M M 5.8 17 30 M M 2 24 20
20 63 35 49 -1 16 0 0.00 M M 6.6 18 30 M M 0 1 26 40
21 62 37 50 0 15 0 0.00 M M 7.0 18 40 M M 0 24 50
22 60 33 47 -3 18 0 0.00 M M 7.6 18 210 M M 0 1 25 200
23 62 48 55 4 10 0 0.24 M M 13.7 26 220 M M 6 1 36 230
24 65 44 55 4 10 0 0.06 M M 6.4 20 350 M M 2 31 360
25 54 37 46 -5 19 0 0.00 M M 5.0 12 160 M M 1 17 40
26 63 37 50 -1 15 0 0.00 M M 9.1 21 210 M M 2 1 28 220
27 64 51 58 7 7 0 T M M 10.4 20 210 M M 2 8 36 230
28 69 59 64 12 1 0 T M M 17.8 30 210 M M 1 42 220
29 62 45 54 2 11 0 T M M 8.3 21 360 M M 1 36 350
================================================================================
SM 1775 1199 391 0 1.85 M 237.3 M 46
================================================================================
AV 61.2 41.3 8.2 FASTST M M 2 MAX(MPH)
MISC ----> # 30 260 52 260
================================================================================
NOTES:
# LAST OF SEVERAL OCCURRENCES
COLUMN 17 PEAK WIND IN M.P.H.
PRELIMINARY LOCAL CLIMATOLOGICAL DATA (WS FORM: F-6) , PAGE 2
STATION: N.MYRTLE BEACH SOUTH CAROLINA
MONTH: FEBRUARY
YEAR: 2024
LATITUDE: 33 49 N
LONGITUDE: 78 43 W
[TEMPERATURE DATA] [PRECIPITATION DATA] SYMBOLS USED IN COLUMN 16
AVERAGE MONTHLY: 51.3 TOTAL FOR MONTH: 1.85 1 = FOG OR MIST
DPTR FM NORMAL: 2.4 DPTR FM NORMAL: -1.33 2 = FOG REDUCING VISIBILITY
HIGHEST: 69 ON 28 GRTST 24HR 1.52 ON 11-12 TO 1/4 MILE OR LESS
LOWEST: 31 ON 8 3 = THUNDER
SNOW, ICE PELLETS, HAIL 4 = ICE PELLETS
TOTAL MONTH: M 5 = HAIL
GRTST 24HR M ON M 6 = FREEZING RAIN OR DRIZZLE
GRTST DEPTH: M ON M 7 = DUSTSTORM OR SANDSTORM:
VSBY 1/2 MILE OR LESS
8 = SMOKE OR HAZE
[NO. OF DAYS WITH] [WEATHER - DAYS WITH] 9 = BLOWING SNOW
X = TORNADO
MAX 32 OR BELOW: 0 0.01 INCH OR MORE: 5
MAX 90 OR ABOVE: 0 0.10 INCH OR MORE: 2
MIN 32 OR BELOW: 1 0.50 INCH OR MORE: 1
MIN 0 OR BELOW: 0 1.00 INCH OR MORE: 1
[HDD (BASE 65) ]
TOTAL THIS MO. 391 CLEAR (SCALE 0-3) 25
DPTR FM NORMAL -61 PTCLDY (SCALE 4-7) 3
TOTAL FM JUL 1 1640 CLOUDY (SCALE 8-10) 1
DPTR FM NORMAL -267
[CDD (BASE 65) ]
TOTAL THIS MO. 0
DPTR FM NORMAL -1 [PRESSURE DATA]
TOTAL FM JAN 1 2 HIGHEST SLP 30.46 ON 29
DPTR FM NORMAL 1 LOWEST SLP 29.45 ON 13
[REMARKS]
#FINAL-02-24#