000
CXUS52 KILM 011000
CF6CRE
PRELIMINARY LOCAL CLIMATOLOGICAL DATA (WS FORM: F-6)
STATION: N.MYRTLE BEACH SOUTH CAROLINA
MONTH: OCTOBER
YEAR: 2023
LATITUDE: 33 49 N
LONGITUDE: 78 43 W
TEMPERATURE IN F: :PCPN: SNOW: WIND :SUNSHINE: SKY :PK WND
================================================================================
1 2 3 4 5 6A 6B 7 8 9 10 11 12 13 14 15 16 17 18
12Z AVG MX 2MIN
DY MAX MIN AVG DEP HDD CDD WTR SNW DPTH SPD SPD DIR MIN PSBL S-S WX SPD DR
================================================================================
1 80 60 70 -1 0 5 0.00 M M 5.8 16 40 M M 1 23 50
2 83 58 71 0 0 6 0.00 M M 4.9 15 40 M M 0 19 50
3 84 61 73 2 0 8 0.00 M M 7.2 16 40 M M 2 1 23 40
4 81 60 71 1 0 6 0.00 M M 7.6 16 100 M M 0 21 110
5 81 66 74 4 0 9 T M M 6.9 20 60 M M 6 29 90
6 83 68 76 6 0 11 T M M 4.5 12 80 M M 7 1 16 60
7 77 57 67 -2 0 2 T M M 5.3 17 340 M M 4 1 25 340
8 68 46 57 -12 8 0 0.00 M M 3.9 12 290 M M 0 20 320
9 71 44 58 -10 7 0 0.00 M M 6.3 17 210 M M 0 23 220
10 79 54 67 -1 0 2 0.00 M M 10.1 18 220 M M 0 26 210
11 73 64 69 1 0 4 0.05 M M 3.7 13 230 M M 2 1 18 220
12 64 60 62 -5 3 0 1.36 M M 10.5 18 40 M M 9 1 27 50
13 76 57 67 0 0 2 0.00 M M 8.5 15 50 M M 5 20 40
14 80 63 72 5 0 7 0.08 M M 8.9 18 170 M M 7 1 29 160
15 70 55 63 -3 2 0 0.00 M M 6.0 14 360 M M 5 22 280
16 67 50 59 -7 6 0 T M M 6.2 15 10 M M 6 24 350
17 68 45 57 -9 8 0 0.00 M M 3.5 12 50 M M 4 17 60
18 70 46 58 -7 7 0 0.00 M M 2.6 10 170 M M 0 16 150
19 72 48 60 -5 5 0 0.00 M M 3.9 12 90 M M 4 17 100
20 76 54 65 1 0 0 0.61 M M 5.8 18 200 M M 5 123 28 340
21 71 51 61 -3 4 0 0.00 M M 6.9 16 280 M M 0 27 270
22 77 51 64 0 1 0 0.00 M M 6.4 13 340 M M 0 23 310
23 69 46 58 -5 7 0 0.00 M M 5.8 16 40 M M 0 21 60
24 73 45 59 -4 6 0 0.00 M M 4.8 12 40 M M 0 14 40
25 77 56 67 4 0 2 0.00 M M 6.0 12 100 M M 1 17 110
26 79 57 68 6 0 3 0.00 M M 5.5 12 100 M M 0 1 15 120
27 77 58 68 6 0 3 0.00 M M 4.0 9 170 M M 1 12 12 150
28 81 59 70 8 0 5 0.00 M M 5.3 15 200 M M 1 12 18 210
29 79 60 70 9 0 5 0.00 M M 6.7 14 230 M M 0 20 210
30 80 61 71 10 0 6 0.00 M M 7.9 16 220 M M 0 12 22 210
31 66 50 58 -3 7 0 T M M 8.4 20 40 M M 7 26 40
================================================================================
SM 2332 1710 71 86 2.10 M 189.8 M 77
================================================================================
AV 75.2 55.2 6.1 FASTST M M 2 MAX(MPH)
MISC ----> # 20 60 # 29 90
================================================================================
NOTES:
# LAST OF SEVERAL OCCURRENCES
COLUMN 17 PEAK WIND IN M.P.H.
PRELIMINARY LOCAL CLIMATOLOGICAL DATA (WS FORM: F-6) , PAGE 2
STATION: N.MYRTLE BEACH SOUTH CAROLINA
MONTH: OCTOBER
YEAR: 2023
LATITUDE: 33 49 N
LONGITUDE: 78 43 W
[TEMPERATURE DATA] [PRECIPITATION DATA] SYMBOLS USED IN COLUMN 16
AVERAGE MONTHLY: 65.2 TOTAL FOR MONTH: 2.10 1 = FOG OR MIST
DPTR FM NORMAL: -0.8 DPTR FM NORMAL: -2.10 2 = FOG REDUCING VISIBILITY
HIGHEST: 84 ON 3 GRTST 24HR 1.41 ON 11-12 TO 1/4 MILE OR LESS
LOWEST: 44 ON 9 3 = THUNDER
SNOW, ICE PELLETS, HAIL 4 = ICE PELLETS
TOTAL MONTH: M 5 = HAIL
GRTST 24HR M ON M 6 = FREEZING RAIN OR DRIZZLE
GRTST DEPTH: M ON M 7 = DUSTSTORM OR SANDSTORM:
VSBY 1/2 MILE OR LESS
8 = SMOKE OR HAZE
[NO. OF DAYS WITH] [WEATHER - DAYS WITH] 9 = BLOWING SNOW
X = TORNADO
MAX 32 OR BELOW: 0 0.01 INCH OR MORE: 4
MAX 90 OR ABOVE: 0 0.10 INCH OR MORE: 2
MIN 32 OR BELOW: 0 0.50 INCH OR MORE: 2
MIN 0 OR BELOW: 0 1.00 INCH OR MORE: 1
[HDD (BASE 65) ]
TOTAL THIS MO. 71 CLEAR (SCALE 0-3) 19
DPTR FM NORMAL -8 PTCLDY (SCALE 4-7) 11
TOTAL FM JUL 1 73 CLOUDY (SCALE 8-10) 1
DPTR FM NORMAL -10
[CDD (BASE 65) ]
TOTAL THIS MO. 86
DPTR FM NORMAL -23 [PRESSURE DATA]
TOTAL FM JAN 1 1928 HIGHEST SLP 30.39 ON 24
DPTR FM NORMAL -58 LOWEST SLP 29.58 ON 20
[REMARKS]
#FINAL-10-23#