000
CXUS52 KJAX 200800
CF6CRG
PRELIMINARY LOCAL CLIMATOLOGICAL DATA (WS FORM: F-6)
STATION: CRAIG EXEC ARPT
MONTH: APRIL
YEAR: 2024
LATITUDE: 30 19 N
LONGITUDE: 81 31 W
TEMPERATURE IN F: :PCPN: SNOW: WIND :SUNSHINE: SKY :PK WND
================================================================================
1 2 3 4 5 6A 6B 7 8 9 10 11 12 13 14 15 16 17 18
12Z AVG MX 2MIN
DY MAX MIN AVG DEP HDD CDD WTR SNW DPTH SPD SPD DIR MIN PSBL S-S WX SPD DR
================================================================================
1 81 57 69 3 0 4 0.00 0.0 0 5.4 17 220 M M 0 23 230
2 84 60 72 6 0 7 0.00 0.0 0 7.9 20 230 M M 1 26 260
3 75 62 69 3 0 4 0.76 0.0 0 12.1 26 180 M M 5 13 35 170
4 72 55 64 -2 1 0 0.00 0.0 0 12.1 23 280 M M 0 35 250
5 75 53 64 -2 1 0 0.00 0.0 0 7.7 22 270 M M 0 32 280
6 64 48 56 -10 9 0 0.00 0.0 0 6.7 16 10 M M 0 23 70
7 70 46 58 -9 7 0 0.00 0.0 0 4.0 14 70 M M 0 20 90
8 75 52 64 -3 1 0 0.00 0.0 0 6.4 16 150 M M 0 26 150
9 78 57 68 1 0 3 0.00 0.0 0 7.3 18 140 M M 2 26 150
10 80 61 71 4 0 6 0.00 0.0 0 13.2 26 150 M M 2 38 140
11 84 67 76 8 0 11 0.45 0.0 0 17.4 30 240 M M 4 13 45 240
12 79 57 68 0 0 3 0.00 0.0 0 11.4 28 300 M M 0 39 310
13 79 54 67 -1 0 2 0.00 0.0 0 6.0 16 340 M M 0 22 350
14 83 50 67 -1 0 2 0.00 0.0 0 4.3 13 150 M M 0 20 80
15 84 57 71 3 0 6 0.00 0.0 0 4.6 13 140 M M 0 17 110
16 84 57 71 3 0 6 0.00 0.0 0 4.6 13 150 M M 0 18 140
17 83 57 70 1 0 5 0.00 0.0 0 6.4 15 150 M M 2 12 21 130
18 86 66 76 7 0 11 0.00 0.0 0 4.8 15 140 M M 1 19 110
19 88 64 76 7 0 11 0.00 0.0 0 4.2 14 100 M M 2 17 110
================================================================================
SM 1504 1080 19 81 1.21 0.0 146.5 M 19
================================================================================
AV 79.2 56.8 7.7 FASTST M M 1 MAX(MPH)
MISC ----> 30 240 45 240
================================================================================
NOTES:
# LAST OF SEVERAL OCCURRENCES
COLUMN 17 PEAK WIND IN M.P.H.
PRELIMINARY LOCAL CLIMATOLOGICAL DATA (WS FORM: F-6) , PAGE 2
STATION: CRAIG EXEC ARPT
MONTH: APRIL
YEAR: 2024
LATITUDE: 30 19 N
LONGITUDE: 81 31 W
[TEMPERATURE DATA] [PRECIPITATION DATA] SYMBOLS USED IN COLUMN 16
AVERAGE MONTHLY: 68.0 TOTAL FOR MONTH: 1.21 1 = FOG OR MIST
DPTR FM NORMAL: 0.7 DPTR FM NORMAL: -0.41 2 = FOG REDUCING VISIBILITY
HIGHEST: 88 ON 19 GRTST 24HR 0.76 ON 3- 3 TO 1/4 MILE OR LESS
LOWEST: 46 ON 7 3 = THUNDER
SNOW, ICE PELLETS, HAIL 4 = ICE PELLETS
TOTAL MONTH: 0.0 INCH 5 = HAIL
GRTST 24HR 0.0 6 = FREEZING RAIN OR DRIZZLE
GRTST DEPTH: 0 7 = DUSTSTORM OR SANDSTORM:
VSBY 1/2 MILE OR LESS
8 = SMOKE OR HAZE
[NO. OF DAYS WITH] [WEATHER - DAYS WITH] 9 = BLOWING SNOW
X = TORNADO
MAX 32 OR BELOW: 0 0.01 INCH OR MORE: 2
MAX 90 OR ABOVE: 0 0.10 INCH OR MORE: 2
MIN 32 OR BELOW: 0 0.50 INCH OR MORE: 1
MIN 0 OR BELOW: 0 1.00 INCH OR MORE: 0
[HDD (BASE 65) ]
TOTAL THIS MO. 19 CLEAR (SCALE 0-3) 17
DPTR FM NORMAL -11 PTCLDY (SCALE 4-7) 2
TOTAL FM JUL 1 881 CLOUDY (SCALE 8-10) 0
DPTR FM NORMAL -223
[CDD (BASE 65) ]
TOTAL THIS MO. 81
DPTR FM NORMAL 8 [PRESSURE DATA]
TOTAL FM JAN 1 223 HIGHEST SLP M ON M
DPTR FM NORMAL 51 LOWEST SLP 29.57 ON 3
[REMARKS]