000
CXUS54 KCRP 011636
CF6CRP
PRELIMINARY LOCAL CLIMATOLOGICAL DATA (WS FORM: F-6)
STATION: CORPUS CHRISTI
MONTH: NOVEMBER
YEAR: 2022
LATITUDE: 27 46 N
LONGITUDE: 97 30 W
TEMPERATURE IN F: :PCPN: SNOW: WIND :SUNSHINE: SKY :PK WND
================================================================================
1 2 3 4 5 6A 6B 7 8 9 10 11 12 13 14 15 16 17 18
12Z AVG MX 2MIN
DY MAX MIN AVG DEP HDD CDD WTR SNW DPTH SPD SPD DIR MIN PSBL S-S WX SPD DR
================================================================================
1 71 65 68 -2 0 3 2.92 0.0 0 14.7 22 70 M M 10 13 37 50
2 75 64 70 0 0 5 0.00 0.0 0 9.6 18 20 M M 10 128 23 20
3 82 69 76 6 0 11 0.00 0.0 0 11.4 23 140 M M 7 128 31 140
4 83 74 79 10 0 14 T 0.0 0 18.7 31 160 M M 7 41 160
5 77 62 70 1 0 5 0.03 0.0 0 10.3 26 10 M M 7 33 10
6 85 66 76 7 0 11 T 0.0 0 9.3 20 140 M M 7 1 24 140
7 86 74 80 12 0 15 0.00 0.0 0 11.9 18 100 M M 6 23 130
8 84 74 79 11 0 14 0.01 0.0 0 10.7 18 100 M M 6 24 100
9 84 68 76 8 0 11 0.00 0.0 0 8.5 18 130 M M 6 1 22 140
10 83 64 74 6 0 9 0.00 0.0 0 8.4 16 140 M M 3 1 23 180
11 85 51 68 1 0 3 0.01 0.0 0 M M M M M 5 13 M M
12 66 46 56 -11 9 0 0.00 0.0 0 16.4 25 350 M M 6 34 10
13 66 45 56 -11 9 0 0.00 0.0 0 12.9 18 20 M M 6 24 40
14 73 53 63 -3 2 0 0.05 0.0 0 10.7 23 340 M M 8 1 29 330
15 62 46 54 -12 11 0 0.00 0.0 0 M 24 20 M M 7 M M
16 50 45 48 -18 17 0 0.00 0.0 0 13.0 22 40 M M 10 29 40
17 56 49 53 -13 12 0 T 0.0 0 13.9 20 40 M M 10 27 40
18 60 51 56 -9 9 0 T 0.0 0 19.4 29 40 M M 10 38 30
19 52 43 48 -17 17 0 0.64 0.0 0 23.8 35 20 M M 10 13 45 30
20 54 42 48 -17 17 0 0.00 0.0 0 14.2 21 20 M M 10 28 30
21 49 44 47 -18 18 0 0.08 0.0 0 15.6 21 10 M M 10 1 27 360
22 55 46 51 -13 14 0 0.17 0.0 0 12.4 20 10 M M 10 1 24 30
23 68 53 61 -3 4 0 0.02 0.0 0 9.4 18 70 M M 10 1 25 60
24 76 63 70 6 0 5 0.02 0.0 0 5.3 22 50 M M 10 12 28 50
25 64 60 62 -2 3 0 0.78 0.0 0 14.1 24 30 M M 10 13 31 20
26 66 50 58 -5 7 0 0.08 0.0 0 14.8 32 300 M M 4 1 41 300
27 76 49 63 0 2 0 0.00 0.0 0 6.7 15 200 M M 0 1 20 200
28 72 56 64 1 1 0 0.01 0.0 0 7.3 14 140 M M 9 12 17 140
29 86 64 75 12 0 10 T 0.0 0 10.2 24 210 M M 6 128 31 220
30 67 52 60 -2 5 0 0.01 0.0 0 16.8 31 20 M M 5 12 41 10
================================================================================
SM 2113 1688 157 116 4.83 0.0 350.4 M 225
================================================================================
AV 70.4 56.3 12.5 FASTST M M 8 MAX(MPH)
MISC ----> 35 20 45 30
================================================================================
NOTES:
# LAST OF SEVERAL OCCURRENCES
COLUMN 17 PEAK WIND IN M.P.H.
PRELIMINARY LOCAL CLIMATOLOGICAL DATA (WS FORM: F-6) , PAGE 2
STATION: CORPUS CHRISTI
MONTH: NOVEMBER
YEAR: 2022
LATITUDE: 27 46 N
LONGITUDE: 97 30 W
[TEMPERATURE DATA] [PRECIPITATION DATA] SYMBOLS USED IN COLUMN 16
AVERAGE MONTHLY: 63.4 TOTAL FOR MONTH: 4.83 1 = FOG OR MIST
DPTR FM NORMAL: -2.8 DPTR FM NORMAL: 2.80 2 = FOG REDUCING VISIBILITY
HIGHEST: 86 ON 29, 7 GRTST 24HR 3.25 ON 31- 1 TO 1/4 MILE OR LESS
LOWEST: 42 ON 20 3 = THUNDER
SNOW, ICE PELLETS, HAIL 4 = ICE PELLETS
TOTAL MONTH: 0.0 INCH 5 = HAIL
GRTST 24HR 0.0 6 = FREEZING RAIN OR DRIZZLE
GRTST DEPTH: 0 7 = DUSTSTORM OR SANDSTORM:
VSBY 1/2 MILE OR LESS
8 = SMOKE OR HAZE
[NO. OF DAYS WITH] [WEATHER - DAYS WITH] 9 = BLOWING SNOW
X = TORNADO
MAX 32 OR BELOW: 0 0.01 INCH OR MORE: 14
MAX 90 OR ABOVE: 0 0.10 INCH OR MORE: 4
MIN 32 OR BELOW: 0 0.50 INCH OR MORE: 3
MIN 0 OR BELOW: 0 1.00 INCH OR MORE: 1
[HDD (BASE 65) ]
TOTAL THIS MO. 157 CLEAR (SCALE 0-3) 2
DPTR FM NORMAL 66 PTCLDY (SCALE 4-7) 14
TOTAL FM JUL 1 167 CLOUDY (SCALE 8-10) 14
DPTR FM NORMAL 63
[CDD (BASE 65) ]
TOTAL THIS MO. 116
DPTR FM NORMAL -11 [PRESSURE DATA]
TOTAL FM JAN 1 3933 HIGHEST SLP 30.46 ON 20
DPTR FM NORMAL 251 LOWEST SLP 29.70 ON 29
[REMARKS]
#FINAL-11-22#