000
CXUS54 KFWD 010730
CF6CRS
PRELIMINARY LOCAL CLIMATOLOGICAL DATA (WS FORM: F-6)
STATION: CORSICANA
MONTH: OCTOBER
YEAR: 2021
LATITUDE: 32 1 N
LONGITUDE: 96 24 W
TEMPERATURE IN F: :PCPN: SNOW: WIND :SUNSHINE: SKY :PK WND
================================================================================
1 2 3 4 5 6A 6B 7 8 9 10 11 12 13 14 15 16 17 18
12Z AVG MX 2MIN
DY MAX MIN AVG DEP HDD CDD WTR SNW DPTH SPD SPD DIR MIN PSBL S-S WX SPD DR
================================================================================
1 83 67 75 1 0 10 0.92 M M 5.2 28 290 M M 9 13 35 300
2 85 71 78 4 0 13 0.26 M M 4.3 12 270 M M 8 1 16 270
3 88 67 78 5 0 13 0.00 M M 5.0 16 340 M M 2 12 24 20
4 88 62 75 2 0 10 0.00 M M 6.9 20 350 M M 0 28 360
5 86 55 71 -2 0 6 0.00 M M 5.2 12 70 M M 0 18 60
6 88 58 73 1 0 8 0.00 M M 4.0 12 280 M M 1 8 16 270
7 90 61 76 4 0 11 0.00 M M 6.6 15 170 M M 0 20 190
8 91 65 78 6 0 13 0.00 M M 9.6 18 180 M M 0 27 210
9 90 65 78 7 0 13 0.00 M M 11.5 20 160 M M 0 29 190
10 92 62 77 6 0 12 0.41 M M 15.0 40 270 M M 6 13 53 270
11 82 59 71 1 0 6 0.00 M M 4.5 13 150 M M 2 17 260
12 85 65 75 5 0 10 0.15 M M 10.2 28 160 M M 5 13 39 160
13 88 68 78 8 0 13 0.39 M M 15.4 28 290 M M 6 13 36 310
14 84 68 76 7 0 11 0.63 M M 6.7 21 180 M M 7 1 28 180
15 79 71 75 6 0 10 M M M 9.6 14 220 M M 6 1 M M
16 74 51 63 -6 2 0 0.00 M M 7.7 16 340 M M 0 26 360
17 73 48 61 -7 4 0 0.00 M M 4.1 12 60 M M 0 8 16 70
18 76 50 63 -5 2 0 0.00 M M 7.3 15 140 M M 0 21 150
19 81 58 70 3 0 5 0.00 M M 10.0 17 160 M M 0 23 150
20 85 58 72 5 0 7 0.00 M M 4.8 13 190 M M 2 12 19 180
21 88 63 76 9 0 11 0.00 M M 4.1 12 360 M M 2 18 15 350
22 86 61 74 8 0 9 0.00 M M 6.0 13 120 M M 1 8 17 110
23 87 68 78 12 0 13 0.00 M M 12.1 21 150 M M 3 1 30 170
24 86 67 77 11 0 12 0.00 M M 10.1 20 180 M M 4 1 29 180
25 89 67 78 13 0 13 0.00 M M 4.0 9 190 M M 1 1 15 160
26 87 70 79 14 0 14 0.00 M M 13.7 26 160 M M 4 1 37 160
27 77 56 67 3 0 2 0.56 M M 12.6 29 290 M M 5 1 39 300
28 73 54 64 0 1 0 0.00 M M 20.0 40 310 M M 1 56 300
29 72 47 60 -4 5 0 0.00 M M 15.6 30 320 M M 0 41 320
30 76 39 58 -5 7 0 0.00 M M 5.6 10 280 M M 0 8 15 240
31 80 50 65 2 0 0 0.00 M M 5.5 10 110 M M 0 15 100
================================================================================
SM 2589 1871 21 245 3.32 M 262.9 M 75
================================================================================
AV 83.5 60.4 8.5 FASTST M M 2 MAX(MPH)
MISC ----> # 40 270 56 300
================================================================================
NOTES:
# LAST OF SEVERAL OCCURRENCES
COLUMN 17 PEAK WIND IN M.P.H.
PRELIMINARY LOCAL CLIMATOLOGICAL DATA (WS FORM: F-6) , PAGE 2
STATION: CORSICANA
MONTH: OCTOBER
YEAR: 2021
LATITUDE: 32 1 N
LONGITUDE: 96 24 W
[TEMPERATURE DATA] [PRECIPITATION DATA] SYMBOLS USED IN COLUMN 16
AVERAGE MONTHLY: 71.9 TOTAL FOR MONTH: 3.32 1 = FOG OR MIST
DPTR FM NORMAL: 3.4 DPTR FM NORMAL: -1.78 2 = FOG REDUCING VISIBILITY
HIGHEST: 92 ON 10 GRTST 24HR 1.02 ON 13-14 TO 1/4 MILE OR LESS
LOWEST: 39 ON 30 3 = THUNDER
SNOW, ICE PELLETS, HAIL 4 = ICE PELLETS
TOTAL MONTH: M 5 = HAIL
GRTST 24HR M ON M 6 = FREEZING RAIN OR DRIZZLE
GRTST DEPTH: M ON M 7 = DUSTSTORM OR SANDSTORM:
VSBY 1/2 MILE OR LESS
8 = SMOKE OR HAZE
[NO. OF DAYS WITH] [WEATHER - DAYS WITH] 9 = BLOWING SNOW
X = TORNADO
MAX 32 OR BELOW: 0 0.01 INCH OR MORE: 7
MAX 90 OR ABOVE: 4 0.10 INCH OR MORE: 7
MIN 32 OR BELOW: 0 0.50 INCH OR MORE: 3
MIN 0 OR BELOW: 0 1.00 INCH OR MORE: 0
[HDD (BASE 65) ]
TOTAL THIS MO. 21 CLEAR (SCALE 0-3) 20
DPTR FM NORMAL -37 PTCLDY (SCALE 4-7) 10
TOTAL FM JUL 1 21 CLOUDY (SCALE 8-10) 1
DPTR FM NORMAL -39
[CDD (BASE 65) ]
TOTAL THIS MO. 245
DPTR FM NORMAL 78 [PRESSURE DATA]
TOTAL FM JAN 1 2682 HIGHEST SLP M ON M
DPTR FM NORMAL -49 LOWEST SLP 29.56 ON 27
[REMARKS]
#FINAL-10-21#