000
CXUS54 KOUN 010810
CF6CSM
PRELIMINARY LOCAL CLIMATOLOGICAL DATA (WS FORM: F-6)
STATION: CLINTON
MONTH: SEPTEMBER
YEAR: 2021
LATITUDE: 35 20 N
LONGITUDE: 99 12 W
TEMPERATURE IN F: :PCPN: SNOW: WIND :SUNSHINE: SKY :PK WND
================================================================================
1 2 3 4 5 6A 6B 7 8 9 10 11 12 13 14 15 16 17 18
12Z AVG MX 2MIN
DY MAX MIN AVG DEP HDD CDD WTR SNW DPTH SPD SPD DIR MIN PSBL S-S WX SPD DR
================================================================================
1 101 71 86 8 0 21 0.00 M M 11.6 21 130 M M 1 36 140
2 98 76 87 10 0 22 0.00 M M 17.2 24 160 M M 0 32 180
3 99 75 87 10 0 22 0.00 M M 16.0 25 170 M M 1 33 170
4 94 72 83 6 0 18 0.00 M M 13.3 23 360 M M 3 28 350
5 89 65 77 0 0 12 0.00 M M 8.2 18 20 M M 1 1 22 10
6 95 63 79 3 0 14 0.00 M M 11.1 21 200 M M 0 30 180
7 99 71 85 9 0 20 0.09 M M 13.1 23 20 M M 1 3 31 10
8 89 65 77 1 0 12 0.00 M M 10.8 21 60 M M 0 26 50
9 92 60 76 1 0 11 0.00 M M 14.3 23 170 M M 0 28 170
10 95 69 82 7 0 17 0.00 M M 19.2 28 190 M M 0 33 190
11 97 68 83 8 0 18 0.00 M M 19.6 26 180 M M 0 32 180
12 95 64 80 6 0 15 0.00 M M 16.7 24 160 M M 0 30 160
13 94 65 80 6 0 15 0.00 0.0 M 17.4 25 180 M M 0 31 180
14 90 68 79 5 0 14 0.00 0.0 M 15.6 26 190 M M 0 32 190
15 85 68 77 3 0 12 0.57 0.0 M 9.0 18 170 M M 4 13 21 300
16 91 66 79 6 0 14 0.00 M M 12.1 22 180 M M 1 29 170
17 93 69 81 8 0 16 0.00 M M 12.2 20 160 M M 2 23 180
18 91 66 79 7 0 14 0.00 M M 5.0 13 90 M M 0 17 90
19 94 65 80 8 0 15 0.00 M M 13.0 22 160 M M 0 29 190
20 92 69 81 9 0 16 0.00 M M 19.1 26 200 M M 1 33 190
21 79 55 67 -4 0 2 0.00 M M 18.3 30 10 M M 1 36 10
22 80 49 65 -6 0 0 0.00 M M 5.2 12 160 M M 0 8 14 150
23 85 54 70 -1 0 5 0.00 M M 13.9 23 200 M M 0 28 190
24 88 57 73 3 0 8 0.00 M M 12.6 21 200 M M 0 25 200
25 90 54 72 2 0 7 0.00 M M 11.1 22 180 M M 0 26 180
26 92 60 76 7 0 11 0.00 M M 16.4 26 180 M M 0 34 200
27 93 63 78 9 0 13 0.00 M M 15.7 23 190 M M 0 28 180
28 91 62 77 8 0 12 0.08 M M 13.3 35 160 M M 2 3 42 160
29 85 65 75 7 0 10 0.20 M M 16.0 25 220 M M 3 13 28 220
30 77 63 70 2 0 5 0.00 M M 13.8 26 20 M M 5 33 20
================================================================================
SM 2733 1937 0 391 0.94 0.0 410.8 M 26
================================================================================
AV 91.1 64.6 13.7 FASTST M M 1 MAX(MPH)
MISC ----> 35 160 42 160
================================================================================
NOTES:
# LAST OF SEVERAL OCCURRENCES
COLUMN 17 PEAK WIND IN M.P.H.
PRELIMINARY LOCAL CLIMATOLOGICAL DATA (WS FORM: F-6) , PAGE 2
STATION: CLINTON
MONTH: SEPTEMBER
YEAR: 2021
LATITUDE: 35 20 N
LONGITUDE: 99 12 W
[TEMPERATURE DATA] [PRECIPITATION DATA] SYMBOLS USED IN COLUMN 16
AVERAGE MONTHLY: 77.8 TOTAL FOR MONTH: 0.94 1 = FOG OR MIST
DPTR FM NORMAL: 4.7 DPTR FM NORMAL: -1.65 2 = FOG REDUCING VISIBILITY
HIGHEST: 101 ON 1 GRTST 24HR 0.57 ON 15-15 TO 1/4 MILE OR LESS
LOWEST: 49 ON 22 3 = THUNDER
SNOW, ICE PELLETS, HAIL 4 = ICE PELLETS
TOTAL MONTH: 0.0 INCH 5 = HAIL
GRTST 24HR 0.0 6 = FREEZING RAIN OR DRIZZLE
GRTST DEPTH: M ON M 7 = DUSTSTORM OR SANDSTORM:
VSBY 1/2 MILE OR LESS
8 = SMOKE OR HAZE
[NO. OF DAYS WITH] [WEATHER - DAYS WITH] 9 = BLOWING SNOW
X = TORNADO
MAX 32 OR BELOW: 0 0.01 INCH OR MORE: 4
MAX 90 OR ABOVE: 21 0.10 INCH OR MORE: 2
MIN 32 OR BELOW: 0 0.50 INCH OR MORE: 1
MIN 0 OR BELOW: 0 1.00 INCH OR MORE: 0
[HDD (BASE 65) ]
TOTAL THIS MO. 0 CLEAR (SCALE 0-3) 27
DPTR FM NORMAL -19 PTCLDY (SCALE 4-7) 3
TOTAL FM JUL 1 0 CLOUDY (SCALE 8-10) 0
DPTR FM NORMAL -18
[CDD (BASE 65) ]
TOTAL THIS MO. 391
DPTR FM NORMAL 129 [PRESSURE DATA]
TOTAL FM JAN 1 1943 HIGHEST SLP M ON M
DPTR FM NORMAL 28 LOWEST SLP 29.69 ON 20
[REMARKS]
#FINAL-09-21#