000
CXUS56 KTFX 141426
CF6CTB
PRELIMINARY LOCAL CLIMATOLOGICAL DATA (WS FORM: F-6)
STATION: CUT BANK MT
MONTH: MARCH
YEAR: 2021
LATITUDE: 48 37 N
LONGITUDE: 112 23 W
TEMPERATURE IN F: :PCPN: SNOW: WIND :SUNSHINE: SKY :PK WND
================================================================================
1 2 3 4 5 6A 6B 7 8 9 10 11 12 13 14 15 16 17 18
12Z AVG MX 2MIN
DY MAX MIN AVG DEP HDD CDD WTR SNW DPTH SPD SPD DIR MIN PSBL S-S WX SPD DR
================================================================================
1 49 34 42 16 23 0 0.00 M T 23.1 46 270 M M 1 57 270
2 49 33 41 15 24 0 0.00 M 0 20.6 33 240 M M 1 42 230
3 54 27 41 15 24 0 0.00 M 0 15.4 35 240 M M 0 39 250
4 58 21 40 13 25 0 0.00 M 0 4.6 12 180 M M 0 15 180
5 60 26 43 16 22 0 0.00 M 0 8.1 23 220 M M 0 26 200
6 58 24 41 14 24 0 0.00 M 0 13.9 35 240 M M 2 40 250
7 47 22 35 7 30 0 0.00 M 0 17.3 33 230 M M 0 40 220
8 41 23 32 4 33 0 0.00 M 0 6.9 16 260 M M 4 20 360
9 43 19 31 3 34 0 0.00 M 0 7.8 17 340 M M 3 18 23 190
10 43 21 32 3 33 0 T M 0 11.1 31 10 M M 4 18 40 350
11 46 21 34 5 31 0 0.00 M 0 10.7 20 250 M M 4 26 290
12 55 27 41 11 24 0 0.00 M 0 15.0 23 250 M M 0 27 250
13 57 23 40 10 25 0 0.00 M 0 7.1 15 260 M M 0 19 140
14 63 22 43 13 22 0 0.00 M 0 10.8 26 150 M M 0 33 150
15 53 22 38 7 27 0 0.00 M 0 14.2 35 360 M M 1 43 10
16 53 17 35 4 30 0 0.00 M 0 8.4 14 300 M M 2 18 180
17 57 19 38 6 27 0 0.00 M 0 7.6 20 150 M M 2 29 150
18 63 21 42 10 23 0 0.00 M 0 6.2 21 240 M M 0 29 230
19 55 34 45 13 20 0 0.00 M 0 16.7 33 250 M M 1 47 250
20 50 25 38 5 27 0 0.00 M 0 19.4 35 250 M M 0 42 250
21 45 20 33 0 32 0 0.00 M 0 17.1 32 250 M M 4 40 250
22 47 27 37 3 28 0 T M 0 16.6 30 260 M M 4 18 41 270
23 40 24 32 -2 33 0 0.07 M 1 12.1 24 350 M M 6 1 32 360
24 46 28 37 3 28 0 0.00 M 0 24.3 41 250 M M 6 53 240
25 32 22 27 -7 38 0 0.04 M 3 12.3 25 350 M M 10 1 30 350
26 45 14 30 -5 35 0 T M T 9.7 25 260 M M 6 12 34 260
27 57 23 40 5 25 0 0.00 M 0 18.7 38 240 M M 1 49 240
28 60 37 49 13 16 0 0.03 M 0 26.5 69 240 M M 3 18 88 230
29 39 14 27 -9 38 0 0.07 M 2 21.7 41 330 M M 9 128 55 260
30 34 8 21 -15 44 0 T M T 11.9 23 360 M M 3 18 29 360
31 52 23 38 2 27 0 0.00 M 0 20.0 35 250 M M 0 43 240
================================================================================
SM 1551 721 872 0 0.21 M 435.8 M 77
================================================================================
AV 50.0 23.3 14.1 FASTST M M 2 MAX(MPH)
MISC ----> 69 240 88 230
================================================================================
NOTES:
# LAST OF SEVERAL OCCURRENCES
COLUMN 17 PEAK WIND IN M.P.H.
PRELIMINARY LOCAL CLIMATOLOGICAL DATA (WS FORM: F-6) , PAGE 2
STATION: CUT BANK MT
MONTH: MARCH
YEAR: 2021
LATITUDE: 48 37 N
LONGITUDE: 112 23 W
[TEMPERATURE DATA] [PRECIPITATION DATA] SYMBOLS USED IN COLUMN 16
AVERAGE MONTHLY: 36.6 TOTAL FOR MONTH: 0.21 1 = FOG OR MIST
DPTR FM NORMAL: 5.5 DPTR FM NORMAL: -0.15 2 = FOG REDUCING VISIBILITY
HIGHEST: 63 ON 18,14 GRTST 24HR 0.07 ON 23-23 TO 1/4 MILE OR LESS
LOWEST: 8 ON 30 3 = THUNDER
SNOW, ICE PELLETS, HAIL 4 = ICE PELLETS
TOTAL MONTH: M 5 = HAIL
GRTST 24HR M ON M 6 = FREEZING RAIN OR DRIZZLE
GRTST DEPTH: 3 ON 25 7 = DUSTSTORM OR SANDSTORM:
VSBY 1/2 MILE OR LESS
8 = SMOKE OR HAZE
[NO. OF DAYS WITH] [WEATHER - DAYS WITH] 9 = BLOWING SNOW
X = TORNADO
MAX 32 OR BELOW: 1 0.01 INCH OR MORE: 4
MAX 90 OR ABOVE: 0 0.10 INCH OR MORE: 0
MIN 32 OR BELOW: 27 0.50 INCH OR MORE: 0
MIN 0 OR BELOW: 0 1.00 INCH OR MORE: 0
[HDD (BASE 65) ]
TOTAL THIS MO. 872 CLEAR (SCALE 0-3) 19
DPTR FM NORMAL -177 PTCLDY (SCALE 4-7) 10
TOTAL FM JUL 1 6807 CLOUDY (SCALE 8-10) 2
DPTR FM NORMAL -315
[CDD (BASE 65) ]
TOTAL THIS MO. 0
DPTR FM NORMAL 0 [PRESSURE DATA]
TOTAL FM JAN 1 0 HIGHEST SLP 30.38 ON 23
DPTR FM NORMAL 0 LOWEST SLP 29.28 ON 29
[REMARKS]
#FINAL-03-21#